{"id":2888,"date":"2025-05-20T12:08:43","date_gmt":"2025-05-20T11:08:43","guid":{"rendered":"https:\/\/investmedic-store.com\/?post_type=product&#038;p=2888"},"modified":"2025-05-20T12:11:03","modified_gmt":"2025-05-20T11:11:03","slug":"hydrafacial-7-en-1-in-dr-meso-hyd","status":"publish","type":"product","link":"https:\/\/investmedic-store.com\/?product=hydrafacial-7-en-1-in-dr-meso-hyd","title":{"rendered":"Hydrafacial 7 en 1 in DR  MESO HYD"},"content":{"rendered":"<p class=\"cvGsUA direction-ltr align-start para-style-body\"><span class=\"OYPEnA font-feature-liga-off font-feature-clig-off font-feature-calt-off text-decoration-none text-strikethrough-none\">Hydrafacial 7 En 1<\/span><\/p>\n<p class=\"cvGsUA direction-ltr align-start para-style-body\"><span class=\"OYPEnA font-feature-liga-off font-feature-clig-off font-feature-calt-off text-decoration-none text-strikethrough-none\">Appareil multifonction de soins esth\u00e9tiques con\u00e7u pour le nettoyage en profondeur, l\u2019exfoliation, l\u2019hydratation et le rajeunissement de la peau. Int\u00e8gre une technologie avanc\u00e9e de microbulles oxyg\u00e9n\u00e9es associ\u00e9e \u00e0 la micro dermabrasion pour un traitement complet et non invasif du visage.<\/span><\/p>\n","protected":false},"excerpt":{"rendered":"<div>\n<p>Mod\u00e8le: NV-W05X 2.0 &#8211; Mousse Bubble<\/p>\n<p>D\u00e9bit d\u2019eau : 30L<\/p>\n<\/div>\n<div>\n<p>1.Poign\u00e9e d\u2019hydrodermabrasion : Nettoyage en profondeur, am\u00e9lioration de la pigmentation, absorption des points noirs<\/p>\n<\/div>\n<div>\n<p>2.Stylo ultrasonique : Introduction par vibration haute fr\u00e9quence<\/p>\n<\/div>\n<div>\n<p>3.Spatule vibrante pour la peau: \u00c9limination des cellules mortes, nettoyage<\/p>\n<\/div>\n<div>\n<p>4.Marteau froid : Resserre les pores, apaise la peau, \u00e9limine les rougeurs et la sensibilit\u00e9<\/p>\n<\/div>\n<div>\n<p>5.Radiofr\u00e9quence \u00e0 neuf p\u00f4les : Lifting et raffermissement, am\u00e9lioration du contour, raffermissement de la peau rel\u00e2ch\u00e9e<\/p>\n<\/div>\n<div>\n<p>6.Oxyg\u00e8ne \u00e0 haute polym\u00e9risation : Utilis\u00e9 avec un produit liquide d\u2019origine pour hydrater la peau<\/p>\n<\/div>\n<div>\n<p>7.Mousse Bubble : Nettoyage en profondeur<\/p>\n<\/div>\n","protected":false},"featured_media":2890,"comment_status":"open","ping_status":"closed","template":"","meta":{"om_disable_all_campaigns":false,"_joinchat":[]},"product_cat":[15,162],"product_tag":[],"yoast_head":"<!-- This site is optimized with the Yoast SEO plugin v20.12 - https:\/\/yoast.com\/wordpress\/plugins\/seo\/ -->\n<title>Hydrafacial 7 en 1 in DR MESO HYD - investmedic-store.com<\/title>\n<meta name=\"robots\" content=\"index, follow, max-snippet:-1, max-image-preview:large, max-video-preview:-1\" \/>\n<link rel=\"canonical\" href=\"https:\/\/investmedic-store.com\/?product=hydrafacial-7-en-1-in-dr-meso-hyd\" \/>\n<meta property=\"og:locale\" content=\"fr_FR\" \/>\n<meta property=\"og:type\" content=\"article\" \/>\n<meta property=\"og:title\" content=\"Hydrafacial 7 en 1 in DR MESO HYD - investmedic-store.com\" \/>\n<meta property=\"og:description\" content=\"Mod\u00e8le: NV-W05X 2.0 - Mousse Bubble  D\u00e9bit d\u2019eau : 30L     1.Poign\u00e9e d\u2019hydrodermabrasion : Nettoyage en profondeur, am\u00e9lioration de la pigmentation, absorption des points noirs     2.Stylo ultrasonique : Introduction par vibration haute fr\u00e9quence     3.Spatule vibrante pour la peau: \u00c9limination des cellules mortes, nettoyage     4.Marteau froid : Resserre les pores, apaise la peau, \u00e9limine les rougeurs et la sensibilit\u00e9     5.Radiofr\u00e9quence \u00e0 neuf p\u00f4les : Lifting et raffermissement, am\u00e9lioration du contour, raffermissement de la peau rel\u00e2ch\u00e9e     6.Oxyg\u00e8ne \u00e0 haute polym\u00e9risation : Utilis\u00e9 avec un produit liquide d\u2019origine pour hydrater la peau     7.Mousse Bubble : Nettoyage en profondeur\" \/>\n<meta property=\"og:url\" content=\"https:\/\/investmedic-store.com\/?product=hydrafacial-7-en-1-in-dr-meso-hyd\" \/>\n<meta property=\"og:site_name\" content=\"investmedic-store.com\" \/>\n<meta property=\"article:publisher\" content=\"https:\/\/www.facebook.com\/invest.medic\" \/>\n<meta property=\"article:modified_time\" content=\"2025-05-20T11:11:03+00:00\" \/>\n<meta property=\"og:image\" content=\"http:\/\/investmedic-store.com\/wp-content\/uploads\/2025\/05\/106-1.jpg\" \/>\n\t<meta property=\"og:image:width\" content=\"1587\" \/>\n\t<meta property=\"og:image:height\" content=\"2245\" \/>\n\t<meta property=\"og:image:type\" content=\"image\/jpeg\" \/>\n<meta name=\"twitter:card\" content=\"summary_large_image\" \/>\n<meta name=\"twitter:label1\" content=\"Dur\u00e9e de lecture estim\u00e9e\" \/>\n\t<meta name=\"twitter:data1\" content=\"1 minute\" \/>\n<script type=\"application\/ld+json\" class=\"yoast-schema-graph\">{\"@context\":\"https:\/\/schema.org\",\"@graph\":[{\"@type\":\"WebPage\",\"@id\":\"https:\/\/investmedic-store.com\/?product=hydrafacial-7-en-1-in-dr-meso-hyd\",\"url\":\"https:\/\/investmedic-store.com\/?product=hydrafacial-7-en-1-in-dr-meso-hyd\",\"name\":\"Hydrafacial 7 en 1 in DR MESO HYD - investmedic-store.com\",\"isPartOf\":{\"@id\":\"https:\/\/investmedic-store.com\/#website\"},\"datePublished\":\"2025-05-20T11:08:43+00:00\",\"dateModified\":\"2025-05-20T11:11:03+00:00\",\"breadcrumb\":{\"@id\":\"https:\/\/investmedic-store.com\/?product=hydrafacial-7-en-1-in-dr-meso-hyd#breadcrumb\"},\"inLanguage\":\"fr-FR\",\"potentialAction\":[{\"@type\":\"ReadAction\",\"target\":[\"https:\/\/investmedic-store.com\/?product=hydrafacial-7-en-1-in-dr-meso-hyd\"]}]},{\"@type\":\"BreadcrumbList\",\"@id\":\"https:\/\/investmedic-store.com\/?product=hydrafacial-7-en-1-in-dr-meso-hyd#breadcrumb\",\"itemListElement\":[{\"@type\":\"ListItem\",\"position\":1,\"name\":\"Accueil\",\"item\":\"https:\/\/investmedic-store.com\/\"},{\"@type\":\"ListItem\",\"position\":2,\"name\":\"Shop\",\"item\":\"https:\/\/investmedic-store.com\/?page_id=5\"},{\"@type\":\"ListItem\",\"position\":3,\"name\":\"Hydrafacial 7 en 1 in DR MESO HYD\"}]},{\"@type\":\"WebSite\",\"@id\":\"https:\/\/investmedic-store.com\/#website\",\"url\":\"https:\/\/investmedic-store.com\/\",\"name\":\"invest medic store\",\"description\":\"Importation &amp; Distribution Du Materiels Medico-Chirurgicales - \u0627\u0633\u062a\u064a\u0631\u0627\u062f \u0648\u062a\u0648\u0632\u064a\u0639 \u0627\u0644\u0645\u0648\u0627\u062f \u0627\u0644\u0637\u0628\u064a\u0629 \u0627\u0644\u062c\u0631\u0627\u062d\u064a\u0629\",\"publisher\":{\"@id\":\"https:\/\/investmedic-store.com\/#organization\"},\"alternateName\":\"investmedic store\",\"potentialAction\":[{\"@type\":\"SearchAction\",\"target\":{\"@type\":\"EntryPoint\",\"urlTemplate\":\"https:\/\/investmedic-store.com\/?s={search_term_string}\"},\"query-input\":\"required name=search_term_string\"}],\"inLanguage\":\"fr-FR\"},{\"@type\":\"Organization\",\"@id\":\"https:\/\/investmedic-store.com\/#organization\",\"name\":\"invest.medic store\",\"alternateName\":\"investmedic store\",\"url\":\"https:\/\/investmedic-store.com\/\",\"logo\":{\"@type\":\"ImageObject\",\"inLanguage\":\"fr-FR\",\"@id\":\"https:\/\/investmedic-store.com\/#\/schema\/logo\/image\/\",\"url\":\"https:\/\/investmedic-store.com\/wp-content\/uploads\/2023\/07\/cropped-LOGO_INVEST-transformed-removebg-preview-transformed-1-e1690120839263.png\",\"contentUrl\":\"https:\/\/investmedic-store.com\/wp-content\/uploads\/2023\/07\/cropped-LOGO_INVEST-transformed-removebg-preview-transformed-1-e1690120839263.png\",\"width\":512,\"height\":512,\"caption\":\"invest.medic store\"},\"image\":{\"@id\":\"https:\/\/investmedic-store.com\/#\/schema\/logo\/image\/\"},\"sameAs\":[\"https:\/\/www.facebook.com\/invest.medic\"]}]}<\/script>\n<!-- \/ Yoast SEO plugin. -->","yoast_head_json":{"title":"Hydrafacial 7 en 1 in DR MESO HYD - investmedic-store.com","robots":{"index":"index","follow":"follow","max-snippet":"max-snippet:-1","max-image-preview":"max-image-preview:large","max-video-preview":"max-video-preview:-1"},"canonical":"https:\/\/investmedic-store.com\/?product=hydrafacial-7-en-1-in-dr-meso-hyd","og_locale":"fr_FR","og_type":"article","og_title":"Hydrafacial 7 en 1 in DR MESO HYD - investmedic-store.com","og_description":"Mod\u00e8le: NV-W05X 2.0 - Mousse Bubble  D\u00e9bit d\u2019eau : 30L     1.Poign\u00e9e d\u2019hydrodermabrasion : Nettoyage en profondeur, am\u00e9lioration de la pigmentation, absorption des points noirs     2.Stylo ultrasonique : Introduction par vibration haute fr\u00e9quence     3.Spatule vibrante pour la peau: \u00c9limination des cellules mortes, nettoyage     4.Marteau froid : Resserre les pores, apaise la peau, \u00e9limine les rougeurs et la sensibilit\u00e9     5.Radiofr\u00e9quence \u00e0 neuf p\u00f4les : Lifting et raffermissement, am\u00e9lioration du contour, raffermissement de la peau rel\u00e2ch\u00e9e     6.Oxyg\u00e8ne \u00e0 haute polym\u00e9risation : Utilis\u00e9 avec un produit liquide d\u2019origine pour hydrater la peau     7.Mousse Bubble : Nettoyage en profondeur","og_url":"https:\/\/investmedic-store.com\/?product=hydrafacial-7-en-1-in-dr-meso-hyd","og_site_name":"investmedic-store.com","article_publisher":"https:\/\/www.facebook.com\/invest.medic","article_modified_time":"2025-05-20T11:11:03+00:00","og_image":[{"width":1587,"height":2245,"url":"http:\/\/investmedic-store.com\/wp-content\/uploads\/2025\/05\/106-1.jpg","type":"image\/jpeg"}],"twitter_card":"summary_large_image","twitter_misc":{"Dur\u00e9e de lecture estim\u00e9e":"1 minute"},"schema":{"@context":"https:\/\/schema.org","@graph":[{"@type":"WebPage","@id":"https:\/\/investmedic-store.com\/?product=hydrafacial-7-en-1-in-dr-meso-hyd","url":"https:\/\/investmedic-store.com\/?product=hydrafacial-7-en-1-in-dr-meso-hyd","name":"Hydrafacial 7 en 1 in DR MESO HYD - investmedic-store.com","isPartOf":{"@id":"https:\/\/investmedic-store.com\/#website"},"datePublished":"2025-05-20T11:08:43+00:00","dateModified":"2025-05-20T11:11:03+00:00","breadcrumb":{"@id":"https:\/\/investmedic-store.com\/?product=hydrafacial-7-en-1-in-dr-meso-hyd#breadcrumb"},"inLanguage":"fr-FR","potentialAction":[{"@type":"ReadAction","target":["https:\/\/investmedic-store.com\/?product=hydrafacial-7-en-1-in-dr-meso-hyd"]}]},{"@type":"BreadcrumbList","@id":"https:\/\/investmedic-store.com\/?product=hydrafacial-7-en-1-in-dr-meso-hyd#breadcrumb","itemListElement":[{"@type":"ListItem","position":1,"name":"Accueil","item":"https:\/\/investmedic-store.com\/"},{"@type":"ListItem","position":2,"name":"Shop","item":"https:\/\/investmedic-store.com\/?page_id=5"},{"@type":"ListItem","position":3,"name":"Hydrafacial 7 en 1 in DR MESO HYD"}]},{"@type":"WebSite","@id":"https:\/\/investmedic-store.com\/#website","url":"https:\/\/investmedic-store.com\/","name":"invest medic store","description":"Importation &amp; Distribution Du Materiels Medico-Chirurgicales - \u0627\u0633\u062a\u064a\u0631\u0627\u062f \u0648\u062a\u0648\u0632\u064a\u0639 \u0627\u0644\u0645\u0648\u0627\u062f \u0627\u0644\u0637\u0628\u064a\u0629 \u0627\u0644\u062c\u0631\u0627\u062d\u064a\u0629","publisher":{"@id":"https:\/\/investmedic-store.com\/#organization"},"alternateName":"investmedic store","potentialAction":[{"@type":"SearchAction","target":{"@type":"EntryPoint","urlTemplate":"https:\/\/investmedic-store.com\/?s={search_term_string}"},"query-input":"required name=search_term_string"}],"inLanguage":"fr-FR"},{"@type":"Organization","@id":"https:\/\/investmedic-store.com\/#organization","name":"invest.medic store","alternateName":"investmedic store","url":"https:\/\/investmedic-store.com\/","logo":{"@type":"ImageObject","inLanguage":"fr-FR","@id":"https:\/\/investmedic-store.com\/#\/schema\/logo\/image\/","url":"https:\/\/investmedic-store.com\/wp-content\/uploads\/2023\/07\/cropped-LOGO_INVEST-transformed-removebg-preview-transformed-1-e1690120839263.png","contentUrl":"https:\/\/investmedic-store.com\/wp-content\/uploads\/2023\/07\/cropped-LOGO_INVEST-transformed-removebg-preview-transformed-1-e1690120839263.png","width":512,"height":512,"caption":"invest.medic store"},"image":{"@id":"https:\/\/investmedic-store.com\/#\/schema\/logo\/image\/"},"sameAs":["https:\/\/www.facebook.com\/invest.medic"]}]}},"_links":{"self":[{"href":"https:\/\/investmedic-store.com\/index.php?rest_route=\/wp\/v2\/product\/2888"}],"collection":[{"href":"https:\/\/investmedic-store.com\/index.php?rest_route=\/wp\/v2\/product"}],"about":[{"href":"https:\/\/investmedic-store.com\/index.php?rest_route=\/wp\/v2\/types\/product"}],"replies":[{"embeddable":true,"href":"https:\/\/investmedic-store.com\/index.php?rest_route=%2Fwp%2Fv2%2Fcomments&post=2888"}],"wp:featuredmedia":[{"embeddable":true,"href":"https:\/\/investmedic-store.com\/index.php?rest_route=\/wp\/v2\/media\/2890"}],"wp:attachment":[{"href":"https:\/\/investmedic-store.com\/index.php?rest_route=%2Fwp%2Fv2%2Fmedia&parent=2888"}],"wp:term":[{"taxonomy":"product_cat","embeddable":true,"href":"https:\/\/investmedic-store.com\/index.php?rest_route=%2Fwp%2Fv2%2Fproduct_cat&post=2888"},{"taxonomy":"product_tag","embeddable":true,"href":"https:\/\/investmedic-store.com\/index.php?rest_route=%2Fwp%2Fv2%2Fproduct_tag&post=2888"}],"curies":[{"name":"wp","href":"https:\/\/api.w.org\/{rel}","templated":true}]}}