{"id":2886,"date":"2025-05-20T11:31:18","date_gmt":"2025-05-20T10:31:18","guid":{"rendered":"https:\/\/investmedic-store.com\/?post_type=product&#038;p=2886"},"modified":"2025-05-20T12:11:49","modified_gmt":"2025-05-20T11:11:49","slug":"hydrafaciale-9in-1-in-1-aqua-star-super-bubble","status":"publish","type":"product","link":"https:\/\/investmedic-store.com\/?product=hydrafaciale-9in-1-in-1-aqua-star-super-bubble","title":{"rendered":"Hydrafaciale 9in 1 in 1 Aqua Star super Bubble"},"content":{"rendered":"","protected":false},"excerpt":{"rendered":"<div>\n<p>Mod\u00e8le :NV-WB09<\/p>\n<p>1\/Hydrodermabrasion :nettoyage en profondeur, ouverture des pores, adoucissement de la k\u00e9ratine.<\/p>\n<\/div>\n<div>\n<ul>\n<li>Pression positive: <span class=\"OYPEnA font-feature-liga-off font-feature-clig-off font-feature-calt-off text-decoration-none text-strikethrough-none\">4-5 kg<\/span><\/li>\n<li>Pression n\u00e9gative:<span class=\"OYPEnA font-feature-liga-off font-feature-clig-off font-feature-calt-off text-decoration-none text-strikethrough-none\">90 kpa<\/span><\/li>\n<li>Capacit\u00e9 de flux :<span class=\"OYPEnA font-feature-liga-off font-feature-clig-off font-feature-calt-off text-decoration-none text-strikethrough-none\">\u226450L<\/span><\/li>\n<li>Embouts :<span class=\"OYPEnA font-feature-liga-off font-feature-clig-off font-feature-calt-off text-decoration-none text-strikethrough-none\">11 pi\u00e8ces<\/span><\/li>\n<\/ul>\n<\/div>\n<div>\n<p>2\/ Lifting par rouleau \u00e0 microcourant : les microcourants sont \u00e9chang\u00e9s en polarit\u00e9 positive et n\u00e9gative, permettant ainsi de lifter le visage.<\/p>\n<\/div>\n<div>\n<p>3\/ Bulle d&#8217;oxyg\u00e8ne : cr\u00e9e un environnement riche en nutriments et active les cellules pour am\u00e9liorer l\u2019absorption. Infuse les produits profond\u00e9ment dans la peau. \u00c0 utiliser avec des produits de resurfa\u00e7age aux acides de fruits.<\/p>\n<\/div>\n<div>\n<p>4\/ Ultrason :ondes ultrasoniques avec une fr\u00e9quence de vibration de 1 \u00e0 3 millions par minute pour ouvrir les pores et permettre \u00e0 l\u2019essence de p\u00e9n\u00e9trer rapidement dans la couche musculaire de la peau. Taux d\u2019absorption sup\u00e9rieur \u00e0 90 %.<\/p>\n<\/div>\n<div>\n<p>5\/ Injection d\u2019oxyg\u00e8ne : injection d\u2019oxyg\u00e8ne \u00e0 haute pression, particules fines, forte p\u00e9n\u00e9tration, agit en profondeur dans la peau, am\u00e9liore la r\u00e9tention d\u2019eau.<\/p>\n<\/div>\n<div>\n<p>6\/ M\u00e9soth\u00e9rapie nano : infusion profonde de nanocristaux de 0,26 mm.<\/p>\n<\/div>\n<div>\n<p>7\/ Marteau chaud &amp; froid : Froid : 0-6\u00b0 \/ Chaud : 36\u00b0-46\u00b0<\/p>\n<\/div>\n<div>\n<p>8\/ Spatule ultrasonique :fr\u00e9quence de 26-30 MHz<\/p>\n<\/div>\n<div>\n<p>9\/ Radiofr\u00e9quence bipolaire (Bipolaire RF) : la sonde \u00e9met des ondes radio pouvant vibrer jusqu\u2019\u00e0 6 millions de fois par seconde. Raffermit la peau et am\u00e9liore les rides.<\/p>\n<\/div>\n<div>\n<p>\u00c9cran d\u2019affichage :10,1 pouces<\/p>\n<\/div>\n<div>\n<p>&nbsp;<\/p>\n<\/div>\n","protected":false},"featured_media":2887,"comment_status":"open","ping_status":"closed","template":"","meta":{"om_disable_all_campaigns":false,"_joinchat":[]},"product_cat":[15,162],"product_tag":[],"yoast_head":"<!-- This site is optimized with the Yoast SEO plugin v20.12 - https:\/\/yoast.com\/wordpress\/plugins\/seo\/ -->\n<title>Hydrafaciale 9in 1 in 1 Aqua Star super Bubble - investmedic-store.com<\/title>\n<meta name=\"robots\" content=\"index, follow, max-snippet:-1, max-image-preview:large, max-video-preview:-1\" \/>\n<link rel=\"canonical\" href=\"https:\/\/investmedic-store.com\/?product=hydrafaciale-9in-1-in-1-aqua-star-super-bubble\" \/>\n<meta property=\"og:locale\" content=\"fr_FR\" \/>\n<meta property=\"og:type\" content=\"article\" \/>\n<meta property=\"og:title\" content=\"Hydrafaciale 9in 1 in 1 Aqua Star super Bubble - investmedic-store.com\" \/>\n<meta property=\"og:description\" content=\"Mod\u00e8le :NV-WB09  1\/Hydrodermabrasion :nettoyage en profondeur, ouverture des pores, adoucissement de la k\u00e9ratine.      Pression positive: 4-5 kg  Pression n\u00e9gative:90 kpa  Capacit\u00e9 de flux :\u226450L  Embouts :11 pi\u00e8ces     2\/ Lifting par rouleau \u00e0 microcourant : les microcourants sont \u00e9chang\u00e9s en polarit\u00e9 positive et n\u00e9gative, permettant ainsi de lifter le visage.     3\/ Bulle d&#039;oxyg\u00e8ne : cr\u00e9e un environnement riche en nutriments et active les cellules pour am\u00e9liorer l\u2019absorption. Infuse les produits profond\u00e9ment dans la peau. \u00c0 utiliser avec des produits de resurfa\u00e7age aux acides de fruits.     4\/ Ultrason :ondes ultrasoniques avec une fr\u00e9quence de vibration de 1 \u00e0 3 millions par minute pour ouvrir les pores et permettre \u00e0 l\u2019essence de p\u00e9n\u00e9trer rapidement dans la couche musculaire de la peau. Taux d\u2019absorption sup\u00e9rieur \u00e0 90 %.     5\/ Injection d\u2019oxyg\u00e8ne : injection d\u2019oxyg\u00e8ne \u00e0 haute pression, particules fines, forte p\u00e9n\u00e9tration, agit en profondeur dans la peau, am\u00e9liore la r\u00e9tention d\u2019eau.     6\/ M\u00e9soth\u00e9rapie nano : infusion profonde de nanocristaux de 0,26 mm.     7\/ Marteau chaud &amp; froid : Froid : 0-6\u00b0 \/ Chaud : 36\u00b0-46\u00b0     8\/ Spatule ultrasonique :fr\u00e9quence de 26-30 MHz     9\/ Radiofr\u00e9quence bipolaire (Bipolaire RF) : la sonde \u00e9met des ondes radio pouvant vibrer jusqu\u2019\u00e0 6 millions de fois par seconde. Raffermit la peau et am\u00e9liore les rides.     \u00c9cran d\u2019affichage :10,1 pouces     &nbsp;\" \/>\n<meta property=\"og:url\" content=\"https:\/\/investmedic-store.com\/?product=hydrafaciale-9in-1-in-1-aqua-star-super-bubble\" \/>\n<meta property=\"og:site_name\" content=\"investmedic-store.com\" \/>\n<meta property=\"article:publisher\" content=\"https:\/\/www.facebook.com\/invest.medic\" \/>\n<meta property=\"article:modified_time\" content=\"2025-05-20T11:11:49+00:00\" \/>\n<meta property=\"og:image\" content=\"http:\/\/investmedic-store.com\/wp-content\/uploads\/2025\/05\/99.jpg\" \/>\n\t<meta property=\"og:image:width\" content=\"1587\" \/>\n\t<meta property=\"og:image:height\" content=\"2245\" \/>\n\t<meta property=\"og:image:type\" content=\"image\/jpeg\" \/>\n<meta name=\"twitter:card\" content=\"summary_large_image\" \/>\n<script type=\"application\/ld+json\" class=\"yoast-schema-graph\">{\"@context\":\"https:\/\/schema.org\",\"@graph\":[{\"@type\":\"WebPage\",\"@id\":\"https:\/\/investmedic-store.com\/?product=hydrafaciale-9in-1-in-1-aqua-star-super-bubble\",\"url\":\"https:\/\/investmedic-store.com\/?product=hydrafaciale-9in-1-in-1-aqua-star-super-bubble\",\"name\":\"Hydrafaciale 9in 1 in 1 Aqua Star super Bubble - investmedic-store.com\",\"isPartOf\":{\"@id\":\"https:\/\/investmedic-store.com\/#website\"},\"datePublished\":\"2025-05-20T10:31:18+00:00\",\"dateModified\":\"2025-05-20T11:11:49+00:00\",\"breadcrumb\":{\"@id\":\"https:\/\/investmedic-store.com\/?product=hydrafaciale-9in-1-in-1-aqua-star-super-bubble#breadcrumb\"},\"inLanguage\":\"fr-FR\",\"potentialAction\":[{\"@type\":\"ReadAction\",\"target\":[\"https:\/\/investmedic-store.com\/?product=hydrafaciale-9in-1-in-1-aqua-star-super-bubble\"]}]},{\"@type\":\"BreadcrumbList\",\"@id\":\"https:\/\/investmedic-store.com\/?product=hydrafaciale-9in-1-in-1-aqua-star-super-bubble#breadcrumb\",\"itemListElement\":[{\"@type\":\"ListItem\",\"position\":1,\"name\":\"Accueil\",\"item\":\"https:\/\/investmedic-store.com\/\"},{\"@type\":\"ListItem\",\"position\":2,\"name\":\"Shop\",\"item\":\"https:\/\/investmedic-store.com\/?page_id=5\"},{\"@type\":\"ListItem\",\"position\":3,\"name\":\"Hydrafaciale 9in 1 in 1 Aqua Star super Bubble\"}]},{\"@type\":\"WebSite\",\"@id\":\"https:\/\/investmedic-store.com\/#website\",\"url\":\"https:\/\/investmedic-store.com\/\",\"name\":\"invest medic store\",\"description\":\"Importation &amp; Distribution Du Materiels Medico-Chirurgicales - \u0627\u0633\u062a\u064a\u0631\u0627\u062f \u0648\u062a\u0648\u0632\u064a\u0639 \u0627\u0644\u0645\u0648\u0627\u062f \u0627\u0644\u0637\u0628\u064a\u0629 \u0627\u0644\u062c\u0631\u0627\u062d\u064a\u0629\",\"publisher\":{\"@id\":\"https:\/\/investmedic-store.com\/#organization\"},\"alternateName\":\"investmedic store\",\"potentialAction\":[{\"@type\":\"SearchAction\",\"target\":{\"@type\":\"EntryPoint\",\"urlTemplate\":\"https:\/\/investmedic-store.com\/?s={search_term_string}\"},\"query-input\":\"required name=search_term_string\"}],\"inLanguage\":\"fr-FR\"},{\"@type\":\"Organization\",\"@id\":\"https:\/\/investmedic-store.com\/#organization\",\"name\":\"invest.medic store\",\"alternateName\":\"investmedic store\",\"url\":\"https:\/\/investmedic-store.com\/\",\"logo\":{\"@type\":\"ImageObject\",\"inLanguage\":\"fr-FR\",\"@id\":\"https:\/\/investmedic-store.com\/#\/schema\/logo\/image\/\",\"url\":\"https:\/\/investmedic-store.com\/wp-content\/uploads\/2023\/07\/cropped-LOGO_INVEST-transformed-removebg-preview-transformed-1-e1690120839263.png\",\"contentUrl\":\"https:\/\/investmedic-store.com\/wp-content\/uploads\/2023\/07\/cropped-LOGO_INVEST-transformed-removebg-preview-transformed-1-e1690120839263.png\",\"width\":512,\"height\":512,\"caption\":\"invest.medic store\"},\"image\":{\"@id\":\"https:\/\/investmedic-store.com\/#\/schema\/logo\/image\/\"},\"sameAs\":[\"https:\/\/www.facebook.com\/invest.medic\"]}]}<\/script>\n<!-- \/ Yoast SEO plugin. -->","yoast_head_json":{"title":"Hydrafaciale 9in 1 in 1 Aqua Star super Bubble - investmedic-store.com","robots":{"index":"index","follow":"follow","max-snippet":"max-snippet:-1","max-image-preview":"max-image-preview:large","max-video-preview":"max-video-preview:-1"},"canonical":"https:\/\/investmedic-store.com\/?product=hydrafaciale-9in-1-in-1-aqua-star-super-bubble","og_locale":"fr_FR","og_type":"article","og_title":"Hydrafaciale 9in 1 in 1 Aqua Star super Bubble - investmedic-store.com","og_description":"Mod\u00e8le :NV-WB09  1\/Hydrodermabrasion :nettoyage en profondeur, ouverture des pores, adoucissement de la k\u00e9ratine.      Pression positive: 4-5 kg  Pression n\u00e9gative:90 kpa  Capacit\u00e9 de flux :\u226450L  Embouts :11 pi\u00e8ces     2\/ Lifting par rouleau \u00e0 microcourant : les microcourants sont \u00e9chang\u00e9s en polarit\u00e9 positive et n\u00e9gative, permettant ainsi de lifter le visage.     3\/ Bulle d'oxyg\u00e8ne : cr\u00e9e un environnement riche en nutriments et active les cellules pour am\u00e9liorer l\u2019absorption. Infuse les produits profond\u00e9ment dans la peau. \u00c0 utiliser avec des produits de resurfa\u00e7age aux acides de fruits.     4\/ Ultrason :ondes ultrasoniques avec une fr\u00e9quence de vibration de 1 \u00e0 3 millions par minute pour ouvrir les pores et permettre \u00e0 l\u2019essence de p\u00e9n\u00e9trer rapidement dans la couche musculaire de la peau. Taux d\u2019absorption sup\u00e9rieur \u00e0 90 %.     5\/ Injection d\u2019oxyg\u00e8ne : injection d\u2019oxyg\u00e8ne \u00e0 haute pression, particules fines, forte p\u00e9n\u00e9tration, agit en profondeur dans la peau, am\u00e9liore la r\u00e9tention d\u2019eau.     6\/ M\u00e9soth\u00e9rapie nano : infusion profonde de nanocristaux de 0,26 mm.     7\/ Marteau chaud &amp; froid : Froid : 0-6\u00b0 \/ Chaud : 36\u00b0-46\u00b0     8\/ Spatule ultrasonique :fr\u00e9quence de 26-30 MHz     9\/ Radiofr\u00e9quence bipolaire (Bipolaire RF) : la sonde \u00e9met des ondes radio pouvant vibrer jusqu\u2019\u00e0 6 millions de fois par seconde. Raffermit la peau et am\u00e9liore les rides.     \u00c9cran d\u2019affichage :10,1 pouces     &nbsp;","og_url":"https:\/\/investmedic-store.com\/?product=hydrafaciale-9in-1-in-1-aqua-star-super-bubble","og_site_name":"investmedic-store.com","article_publisher":"https:\/\/www.facebook.com\/invest.medic","article_modified_time":"2025-05-20T11:11:49+00:00","og_image":[{"width":1587,"height":2245,"url":"http:\/\/investmedic-store.com\/wp-content\/uploads\/2025\/05\/99.jpg","type":"image\/jpeg"}],"twitter_card":"summary_large_image","schema":{"@context":"https:\/\/schema.org","@graph":[{"@type":"WebPage","@id":"https:\/\/investmedic-store.com\/?product=hydrafaciale-9in-1-in-1-aqua-star-super-bubble","url":"https:\/\/investmedic-store.com\/?product=hydrafaciale-9in-1-in-1-aqua-star-super-bubble","name":"Hydrafaciale 9in 1 in 1 Aqua Star super Bubble - investmedic-store.com","isPartOf":{"@id":"https:\/\/investmedic-store.com\/#website"},"datePublished":"2025-05-20T10:31:18+00:00","dateModified":"2025-05-20T11:11:49+00:00","breadcrumb":{"@id":"https:\/\/investmedic-store.com\/?product=hydrafaciale-9in-1-in-1-aqua-star-super-bubble#breadcrumb"},"inLanguage":"fr-FR","potentialAction":[{"@type":"ReadAction","target":["https:\/\/investmedic-store.com\/?product=hydrafaciale-9in-1-in-1-aqua-star-super-bubble"]}]},{"@type":"BreadcrumbList","@id":"https:\/\/investmedic-store.com\/?product=hydrafaciale-9in-1-in-1-aqua-star-super-bubble#breadcrumb","itemListElement":[{"@type":"ListItem","position":1,"name":"Accueil","item":"https:\/\/investmedic-store.com\/"},{"@type":"ListItem","position":2,"name":"Shop","item":"https:\/\/investmedic-store.com\/?page_id=5"},{"@type":"ListItem","position":3,"name":"Hydrafaciale 9in 1 in 1 Aqua Star super Bubble"}]},{"@type":"WebSite","@id":"https:\/\/investmedic-store.com\/#website","url":"https:\/\/investmedic-store.com\/","name":"invest medic store","description":"Importation &amp; Distribution Du Materiels Medico-Chirurgicales - \u0627\u0633\u062a\u064a\u0631\u0627\u062f \u0648\u062a\u0648\u0632\u064a\u0639 \u0627\u0644\u0645\u0648\u0627\u062f \u0627\u0644\u0637\u0628\u064a\u0629 \u0627\u0644\u062c\u0631\u0627\u062d\u064a\u0629","publisher":{"@id":"https:\/\/investmedic-store.com\/#organization"},"alternateName":"investmedic store","potentialAction":[{"@type":"SearchAction","target":{"@type":"EntryPoint","urlTemplate":"https:\/\/investmedic-store.com\/?s={search_term_string}"},"query-input":"required name=search_term_string"}],"inLanguage":"fr-FR"},{"@type":"Organization","@id":"https:\/\/investmedic-store.com\/#organization","name":"invest.medic store","alternateName":"investmedic store","url":"https:\/\/investmedic-store.com\/","logo":{"@type":"ImageObject","inLanguage":"fr-FR","@id":"https:\/\/investmedic-store.com\/#\/schema\/logo\/image\/","url":"https:\/\/investmedic-store.com\/wp-content\/uploads\/2023\/07\/cropped-LOGO_INVEST-transformed-removebg-preview-transformed-1-e1690120839263.png","contentUrl":"https:\/\/investmedic-store.com\/wp-content\/uploads\/2023\/07\/cropped-LOGO_INVEST-transformed-removebg-preview-transformed-1-e1690120839263.png","width":512,"height":512,"caption":"invest.medic store"},"image":{"@id":"https:\/\/investmedic-store.com\/#\/schema\/logo\/image\/"},"sameAs":["https:\/\/www.facebook.com\/invest.medic"]}]}},"_links":{"self":[{"href":"https:\/\/investmedic-store.com\/index.php?rest_route=\/wp\/v2\/product\/2886"}],"collection":[{"href":"https:\/\/investmedic-store.com\/index.php?rest_route=\/wp\/v2\/product"}],"about":[{"href":"https:\/\/investmedic-store.com\/index.php?rest_route=\/wp\/v2\/types\/product"}],"replies":[{"embeddable":true,"href":"https:\/\/investmedic-store.com\/index.php?rest_route=%2Fwp%2Fv2%2Fcomments&post=2886"}],"wp:featuredmedia":[{"embeddable":true,"href":"https:\/\/investmedic-store.com\/index.php?rest_route=\/wp\/v2\/media\/2887"}],"wp:attachment":[{"href":"https:\/\/investmedic-store.com\/index.php?rest_route=%2Fwp%2Fv2%2Fmedia&parent=2886"}],"wp:term":[{"taxonomy":"product_cat","embeddable":true,"href":"https:\/\/investmedic-store.com\/index.php?rest_route=%2Fwp%2Fv2%2Fproduct_cat&post=2886"},{"taxonomy":"product_tag","embeddable":true,"href":"https:\/\/investmedic-store.com\/index.php?rest_route=%2Fwp%2Fv2%2Fproduct_tag&post=2886"}],"curies":[{"name":"wp","href":"https:\/\/api.w.org\/{rel}","templated":true}]}}