{"id":2708,"date":"2024-07-02T15:00:15","date_gmt":"2024-07-02T14:00:15","guid":{"rendered":"https:\/\/investmedic-store.com\/?post_type=product&#038;p=2708"},"modified":"2024-07-02T15:09:31","modified_gmt":"2024-07-02T14:09:31","slug":"2708","status":"publish","type":"product","link":"https:\/\/investmedic-store.com\/?product=2708","title":{"rendered":"Couveuse B\u00e9b\u00e9 YP-2200B"},"content":{"rendered":"<div>\n<p>\u25cfDeux modes de contr\u00f4le de temp\u00e9rature :<\/p>\n<p>Mode Air et Mode B\u00e9b\u00e9 contr\u00f4l\u00e9s par micro-ordinateur ;<\/p>\n<p>\u25cfUtilisation alternative de l&#8217;alimentation AC et DC ; utilisation de l&#8217;alimentation DC 12V ou DC 24V sur v\u00e9hicule ambulance ;<\/p>\n<p>\u25cfAffichage s\u00e9par\u00e9 de la temp\u00e9rature r\u00e9gl\u00e9e, la temp\u00e9rature de l&#8217;air, la temp\u00e9rature cutan\u00e9e et la capacit\u00e9 de la batte rie interne ;<\/p>\n<p>Multiples indications d&#8217;alarme de d\u00e9faillance ;<\/p>\n<p>Habitacle \u00e0 double paroi avec porte lat\u00e9rale afin que le berceau puisse en \u00eatre retir\u00e9;<\/p>\n<p>Humidification passive ;<\/p>\n<p>La hauteur de l&#8217;entier appareil est ajustable ;<\/p>\n<p>Syst\u00e8me de la concentration d&#8217;oxyg\u00e8ne; Lampe d&#8217;observation.<\/p>\n<\/div>\n","protected":false},"excerpt":{"rendered":"<p class=\"cvGsUA direction-ltr align-start para-style-body\"><span class=\"OYPEnA text-decoration-none text-strikethrough-none\">Alimentation \u00e9lectrique AC : AC220V-230V\/50Hz<\/span><\/p>\n<p class=\"cvGsUA direction-ltr align-start para-style-body\"><span class=\"OYPEnA text-decoration-none text-strikethrough-none\">ou AC110-120V\/50-60Hz, 400VA<\/span><\/p>\n<p class=\"cvGsUA direction-ltr align-start para-style-body\"><span class=\"OYPEnA text-decoration-none text-strikethrough-none\">Alimentation \u00e9lectrique DC : DC12V\/10A ou DC24V\/6A<\/span><\/p>\n<p class=\"cvGsUA direction-ltr align-start para-style-body\"><span class=\"OYPEnA text-decoration-none text-strikethrough-none\">Mode de contr\u00f4le : Mode Air et Mode B\u00e9b\u00e9 contr\u00f4l\u00e9s par micro- ordinateur<\/span><\/p>\n<p class=\"cvGsUA direction-ltr align-start para-style-body\"><span class=\"OYPEnA text-decoration-none text-strikethrough-none\">Plage de contr\u00f4le de la temp\u00e9rature de l&#8217;air : 25\u00b0C-38\u00b0C<\/span><\/p>\n<p class=\"cvGsUA direction-ltr align-start para-style-body\"><span class=\"OYPEnA text-decoration-none text-strikethrough-none\">Plage de contr\u00f4le de la temp\u00e9rature cutan\u00e9e : 34\u00b0C-37.5\u00b0C<\/span><\/p>\n<p class=\"cvGsUA direction-ltr align-start para-style-body\"><span class=\"OYPEnA text-decoration-none text-strikethrough-none\">Pr\u00e9cision du capteur de la temp\u00e9rature cutan\u00e9e :<\/span><span class=\"OYPEnA text-decoration-none text-strikethrough-none\"> \u00b10.2\u00b0C<\/span><\/p>\n<p class=\"cvGsUA direction-ltr align-start para-style-body\"><span class=\"OYPEnA text-decoration-none text-strikethrough-none\">Plage de fluctuation entre la temp\u00e9rature de l\u2019air et la temp\u00e9rature moyenne de l\u2019air (sous les temp\u00e9ratures stables) : \u22641.0\u00b0C<\/span><\/p>\n<p class=\"cvGsUA direction-ltr align-start para-style-body\"><span class=\"OYPEnA text-decoration-none text-strikethrough-none\">Uniformit\u00e9 de temp\u00e9rature : \u22641.5 \u00b0C ( le matelas est en position<\/span><\/p>\n<p class=\"cvGsUA direction-ltr align-start para-style-body\"><span class=\"OYPEnA text-decoration-none text-strikethrough-none\">horizontale)<\/span><\/p>\n<p class=\"cvGsUA direction-ltr align-start para-style-body\"><span class=\"OYPEnA text-decoration-none text-strikethrough-none\">Niveau du bruit \u00e0 l&#8217;int\u00e9rieur du capot : \u226452 dB(A)<\/span><\/p>\n<p class=\"cvGsUA direction-ltr align-start para-style-body\"><span class=\"OYPEnA text-decoration-none text-strikethrough-none\">Alarmes : alarme de surchauffe, alarme de d\u00e9viation de temp\u00e9rature, alarme de capteur, alarme de d\u00e9faut du moteur, alarme de coupure de courant, etc.<\/span><\/p>\n<p class=\"cvGsUA direction-ltr align-start para-style-body\"><span class=\"OYPEnA text-decoration-none text-strikethrough-none\">Autonomie de la batterie : 90min (la temp\u00e9rature est r\u00e9gl\u00e9e \u00e0 36\u00b0C, la <\/span>temp\u00e9rature ambiante est de 15\u00b0C)<\/p>\n","protected":false},"featured_media":2710,"comment_status":"open","ping_status":"closed","template":"","meta":{"om_disable_all_campaigns":false,"_joinchat":[]},"product_cat":[173],"product_tag":[],"yoast_head":"<!-- This site is optimized with the Yoast SEO plugin v20.12 - https:\/\/yoast.com\/wordpress\/plugins\/seo\/ -->\n<title>Couveuse B\u00e9b\u00e9 YP-2200B - investmedic-store.com<\/title>\n<meta name=\"robots\" content=\"index, follow, max-snippet:-1, max-image-preview:large, max-video-preview:-1\" \/>\n<link rel=\"canonical\" href=\"https:\/\/investmedic-store.com\/?product=2708\" \/>\n<meta property=\"og:locale\" content=\"fr_FR\" \/>\n<meta property=\"og:type\" content=\"article\" \/>\n<meta property=\"og:title\" content=\"Couveuse B\u00e9b\u00e9 YP-2200B - investmedic-store.com\" \/>\n<meta property=\"og:description\" content=\"Alimentation \u00e9lectrique AC : AC220V-230V\/50Hz ou AC110-120V\/50-60Hz, 400VA Alimentation \u00e9lectrique DC : DC12V\/10A ou DC24V\/6A Mode de contr\u00f4le : Mode Air et Mode B\u00e9b\u00e9 contr\u00f4l\u00e9s par micro- ordinateur Plage de contr\u00f4le de la temp\u00e9rature de l&#039;air : 25\u00b0C-38\u00b0C Plage de contr\u00f4le de la temp\u00e9rature cutan\u00e9e : 34\u00b0C-37.5\u00b0C Pr\u00e9cision du capteur de la temp\u00e9rature cutan\u00e9e : \u00b10.2\u00b0C Plage de fluctuation entre la temp\u00e9rature de l\u2019air et la temp\u00e9rature moyenne de l\u2019air (sous les temp\u00e9ratures stables) : \u22641.0\u00b0C Uniformit\u00e9 de temp\u00e9rature : \u22641.5 \u00b0C ( le matelas est en position horizontale) Niveau du bruit \u00e0 l&#039;int\u00e9rieur du capot : \u226452 dB(A) Alarmes : alarme de surchauffe, alarme de d\u00e9viation de temp\u00e9rature, alarme de capteur, alarme de d\u00e9faut du moteur, alarme de coupure de courant, etc. Autonomie de la batterie : 90min (la temp\u00e9rature est r\u00e9gl\u00e9e \u00e0 36\u00b0C, la temp\u00e9rature ambiante est de 15\u00b0C)\" \/>\n<meta property=\"og:url\" content=\"https:\/\/investmedic-store.com\/?product=2708\" \/>\n<meta property=\"og:site_name\" content=\"investmedic-store.com\" \/>\n<meta property=\"article:publisher\" content=\"https:\/\/www.facebook.com\/invest.medic\" \/>\n<meta property=\"article:modified_time\" content=\"2024-07-02T14:09:31+00:00\" \/>\n<meta property=\"og:image\" content=\"http:\/\/investmedic-store.com\/wp-content\/uploads\/2024\/07\/271-1-scaled.jpg\" \/>\n\t<meta property=\"og:image:width\" content=\"1920\" \/>\n\t<meta property=\"og:image:height\" content=\"2560\" \/>\n\t<meta property=\"og:image:type\" content=\"image\/jpeg\" \/>\n<meta name=\"twitter:card\" content=\"summary_large_image\" \/>\n<meta name=\"twitter:label1\" content=\"Dur\u00e9e de lecture estim\u00e9e\" \/>\n\t<meta name=\"twitter:data1\" content=\"1 minute\" \/>\n<script type=\"application\/ld+json\" class=\"yoast-schema-graph\">{\"@context\":\"https:\/\/schema.org\",\"@graph\":[{\"@type\":\"WebPage\",\"@id\":\"https:\/\/investmedic-store.com\/?product=2708\",\"url\":\"https:\/\/investmedic-store.com\/?product=2708\",\"name\":\"Couveuse B\u00e9b\u00e9 YP-2200B - investmedic-store.com\",\"isPartOf\":{\"@id\":\"https:\/\/investmedic-store.com\/#website\"},\"datePublished\":\"2024-07-02T14:00:15+00:00\",\"dateModified\":\"2024-07-02T14:09:31+00:00\",\"breadcrumb\":{\"@id\":\"https:\/\/investmedic-store.com\/?product=2708#breadcrumb\"},\"inLanguage\":\"fr-FR\",\"potentialAction\":[{\"@type\":\"ReadAction\",\"target\":[\"https:\/\/investmedic-store.com\/?product=2708\"]}]},{\"@type\":\"BreadcrumbList\",\"@id\":\"https:\/\/investmedic-store.com\/?product=2708#breadcrumb\",\"itemListElement\":[{\"@type\":\"ListItem\",\"position\":1,\"name\":\"Accueil\",\"item\":\"https:\/\/investmedic-store.com\/\"},{\"@type\":\"ListItem\",\"position\":2,\"name\":\"Shop\",\"item\":\"https:\/\/investmedic-store.com\/?page_id=5\"},{\"@type\":\"ListItem\",\"position\":3,\"name\":\"Couveuse B\u00e9b\u00e9 YP-2200B\"}]},{\"@type\":\"WebSite\",\"@id\":\"https:\/\/investmedic-store.com\/#website\",\"url\":\"https:\/\/investmedic-store.com\/\",\"name\":\"invest medic store\",\"description\":\"Importation &amp; Distribution Du Materiels Medico-Chirurgicales - \u0627\u0633\u062a\u064a\u0631\u0627\u062f \u0648\u062a\u0648\u0632\u064a\u0639 \u0627\u0644\u0645\u0648\u0627\u062f \u0627\u0644\u0637\u0628\u064a\u0629 \u0627\u0644\u062c\u0631\u0627\u062d\u064a\u0629\",\"publisher\":{\"@id\":\"https:\/\/investmedic-store.com\/#organization\"},\"alternateName\":\"investmedic store\",\"potentialAction\":[{\"@type\":\"SearchAction\",\"target\":{\"@type\":\"EntryPoint\",\"urlTemplate\":\"https:\/\/investmedic-store.com\/?s={search_term_string}\"},\"query-input\":\"required name=search_term_string\"}],\"inLanguage\":\"fr-FR\"},{\"@type\":\"Organization\",\"@id\":\"https:\/\/investmedic-store.com\/#organization\",\"name\":\"invest.medic store\",\"alternateName\":\"investmedic store\",\"url\":\"https:\/\/investmedic-store.com\/\",\"logo\":{\"@type\":\"ImageObject\",\"inLanguage\":\"fr-FR\",\"@id\":\"https:\/\/investmedic-store.com\/#\/schema\/logo\/image\/\",\"url\":\"https:\/\/investmedic-store.com\/wp-content\/uploads\/2023\/07\/cropped-LOGO_INVEST-transformed-removebg-preview-transformed-1-e1690120839263.png\",\"contentUrl\":\"https:\/\/investmedic-store.com\/wp-content\/uploads\/2023\/07\/cropped-LOGO_INVEST-transformed-removebg-preview-transformed-1-e1690120839263.png\",\"width\":512,\"height\":512,\"caption\":\"invest.medic store\"},\"image\":{\"@id\":\"https:\/\/investmedic-store.com\/#\/schema\/logo\/image\/\"},\"sameAs\":[\"https:\/\/www.facebook.com\/invest.medic\"]}]}<\/script>\n<!-- \/ Yoast SEO plugin. -->","yoast_head_json":{"title":"Couveuse B\u00e9b\u00e9 YP-2200B - investmedic-store.com","robots":{"index":"index","follow":"follow","max-snippet":"max-snippet:-1","max-image-preview":"max-image-preview:large","max-video-preview":"max-video-preview:-1"},"canonical":"https:\/\/investmedic-store.com\/?product=2708","og_locale":"fr_FR","og_type":"article","og_title":"Couveuse B\u00e9b\u00e9 YP-2200B - investmedic-store.com","og_description":"Alimentation \u00e9lectrique AC : AC220V-230V\/50Hz ou AC110-120V\/50-60Hz, 400VA Alimentation \u00e9lectrique DC : DC12V\/10A ou DC24V\/6A Mode de contr\u00f4le : Mode Air et Mode B\u00e9b\u00e9 contr\u00f4l\u00e9s par micro- ordinateur Plage de contr\u00f4le de la temp\u00e9rature de l'air : 25\u00b0C-38\u00b0C Plage de contr\u00f4le de la temp\u00e9rature cutan\u00e9e : 34\u00b0C-37.5\u00b0C Pr\u00e9cision du capteur de la temp\u00e9rature cutan\u00e9e : \u00b10.2\u00b0C Plage de fluctuation entre la temp\u00e9rature de l\u2019air et la temp\u00e9rature moyenne de l\u2019air (sous les temp\u00e9ratures stables) : \u22641.0\u00b0C Uniformit\u00e9 de temp\u00e9rature : \u22641.5 \u00b0C ( le matelas est en position horizontale) Niveau du bruit \u00e0 l'int\u00e9rieur du capot : \u226452 dB(A) Alarmes : alarme de surchauffe, alarme de d\u00e9viation de temp\u00e9rature, alarme de capteur, alarme de d\u00e9faut du moteur, alarme de coupure de courant, etc. Autonomie de la batterie : 90min (la temp\u00e9rature est r\u00e9gl\u00e9e \u00e0 36\u00b0C, la temp\u00e9rature ambiante est de 15\u00b0C)","og_url":"https:\/\/investmedic-store.com\/?product=2708","og_site_name":"investmedic-store.com","article_publisher":"https:\/\/www.facebook.com\/invest.medic","article_modified_time":"2024-07-02T14:09:31+00:00","og_image":[{"width":1920,"height":2560,"url":"http:\/\/investmedic-store.com\/wp-content\/uploads\/2024\/07\/271-1-scaled.jpg","type":"image\/jpeg"}],"twitter_card":"summary_large_image","twitter_misc":{"Dur\u00e9e de lecture estim\u00e9e":"1 minute"},"schema":{"@context":"https:\/\/schema.org","@graph":[{"@type":"WebPage","@id":"https:\/\/investmedic-store.com\/?product=2708","url":"https:\/\/investmedic-store.com\/?product=2708","name":"Couveuse B\u00e9b\u00e9 YP-2200B - investmedic-store.com","isPartOf":{"@id":"https:\/\/investmedic-store.com\/#website"},"datePublished":"2024-07-02T14:00:15+00:00","dateModified":"2024-07-02T14:09:31+00:00","breadcrumb":{"@id":"https:\/\/investmedic-store.com\/?product=2708#breadcrumb"},"inLanguage":"fr-FR","potentialAction":[{"@type":"ReadAction","target":["https:\/\/investmedic-store.com\/?product=2708"]}]},{"@type":"BreadcrumbList","@id":"https:\/\/investmedic-store.com\/?product=2708#breadcrumb","itemListElement":[{"@type":"ListItem","position":1,"name":"Accueil","item":"https:\/\/investmedic-store.com\/"},{"@type":"ListItem","position":2,"name":"Shop","item":"https:\/\/investmedic-store.com\/?page_id=5"},{"@type":"ListItem","position":3,"name":"Couveuse B\u00e9b\u00e9 YP-2200B"}]},{"@type":"WebSite","@id":"https:\/\/investmedic-store.com\/#website","url":"https:\/\/investmedic-store.com\/","name":"invest medic store","description":"Importation &amp; Distribution Du Materiels Medico-Chirurgicales - \u0627\u0633\u062a\u064a\u0631\u0627\u062f \u0648\u062a\u0648\u0632\u064a\u0639 \u0627\u0644\u0645\u0648\u0627\u062f \u0627\u0644\u0637\u0628\u064a\u0629 \u0627\u0644\u062c\u0631\u0627\u062d\u064a\u0629","publisher":{"@id":"https:\/\/investmedic-store.com\/#organization"},"alternateName":"investmedic store","potentialAction":[{"@type":"SearchAction","target":{"@type":"EntryPoint","urlTemplate":"https:\/\/investmedic-store.com\/?s={search_term_string}"},"query-input":"required name=search_term_string"}],"inLanguage":"fr-FR"},{"@type":"Organization","@id":"https:\/\/investmedic-store.com\/#organization","name":"invest.medic store","alternateName":"investmedic store","url":"https:\/\/investmedic-store.com\/","logo":{"@type":"ImageObject","inLanguage":"fr-FR","@id":"https:\/\/investmedic-store.com\/#\/schema\/logo\/image\/","url":"https:\/\/investmedic-store.com\/wp-content\/uploads\/2023\/07\/cropped-LOGO_INVEST-transformed-removebg-preview-transformed-1-e1690120839263.png","contentUrl":"https:\/\/investmedic-store.com\/wp-content\/uploads\/2023\/07\/cropped-LOGO_INVEST-transformed-removebg-preview-transformed-1-e1690120839263.png","width":512,"height":512,"caption":"invest.medic store"},"image":{"@id":"https:\/\/investmedic-store.com\/#\/schema\/logo\/image\/"},"sameAs":["https:\/\/www.facebook.com\/invest.medic"]}]}},"_links":{"self":[{"href":"https:\/\/investmedic-store.com\/index.php?rest_route=\/wp\/v2\/product\/2708"}],"collection":[{"href":"https:\/\/investmedic-store.com\/index.php?rest_route=\/wp\/v2\/product"}],"about":[{"href":"https:\/\/investmedic-store.com\/index.php?rest_route=\/wp\/v2\/types\/product"}],"replies":[{"embeddable":true,"href":"https:\/\/investmedic-store.com\/index.php?rest_route=%2Fwp%2Fv2%2Fcomments&post=2708"}],"wp:featuredmedia":[{"embeddable":true,"href":"https:\/\/investmedic-store.com\/index.php?rest_route=\/wp\/v2\/media\/2710"}],"wp:attachment":[{"href":"https:\/\/investmedic-store.com\/index.php?rest_route=%2Fwp%2Fv2%2Fmedia&parent=2708"}],"wp:term":[{"taxonomy":"product_cat","embeddable":true,"href":"https:\/\/investmedic-store.com\/index.php?rest_route=%2Fwp%2Fv2%2Fproduct_cat&post=2708"},{"taxonomy":"product_tag","embeddable":true,"href":"https:\/\/investmedic-store.com\/index.php?rest_route=%2Fwp%2Fv2%2Fproduct_tag&post=2708"}],"curies":[{"name":"wp","href":"https:\/\/api.w.org\/{rel}","templated":true}]}}