{"id":2687,"date":"2024-06-23T11:38:24","date_gmt":"2024-06-23T10:38:24","guid":{"rendered":"https:\/\/investmedic-store.com\/?post_type=product&#038;p=2687"},"modified":"2024-06-23T11:43:22","modified_gmt":"2024-06-23T10:43:22","slug":"brancard-pour-ambulance-pliable-sur-roulette-avec-matelas-yxh-3b","status":"publish","type":"product","link":"https:\/\/investmedic-store.com\/?product=brancard-pour-ambulance-pliable-sur-roulette-avec-matelas-yxh-3b","title":{"rendered":"Brancard Pour Ambulance Pliable SUR Roulette Avec Matelas  YXH-3B"},"content":{"rendered":"<p class=\"cvGsUA direction-ltr align-justify para-style-body\"><span class=\"OYPEnA text-decoration-underline text-strikethrough-none\">Description d\u00e9taill\u00e9e du produit<\/span><\/p>\n<ul>\n<li><span class=\"OYPEnA text-decoration-none text-strikethrough-none\">Cette civi\u00e8re \u00e0 chargement automatique est fabriqu\u00e9e en tubes \u00e0 paroi \u00e9paisse en alliage d&#8217;aluminium haute r\u00e9sistance.<\/span><\/li>\n<li><span class=\"OYPEnA text-decoration-none text-strikethrough-none\">La surface du lit est faite d&#8217;un coussin en mousse et le dossier r\u00e9glable permet au bless\u00e9 de se sentir \u00e0 l&#8217;aise.<\/span><\/li>\n<li><span class=\"OYPEnA text-decoration-none text-strikethrough-none\">\u2022 Les pieds escamotables de la civi\u00e8re sont contr\u00f4l\u00e9s par les poign\u00e9es situ\u00e9es sur le c\u00f4t\u00e9 des pieds de la civi\u00e8re.<\/span><\/li>\n<li><span class=\"OYPEnA text-decoration-none text-strikethrough-none\">Et les pieds peuvent se replier automatiquement sous la civi\u00e8re lors du chargement dans le v\u00e9hicule.<\/span><\/li>\n<li><span class=\"OYPEnA text-decoration-none text-strikethrough-none\">\u2022 De plus, la civi\u00e8re peut \u00eatre verrouill\u00e9e par les dispositifs de fixation lorsqu&#8217;elle est sur l&#8217;ambulance.<\/span><\/li>\n<li><span class=\"OYPEnA text-decoration-none text-strikethrough-none\">\u2022 Ce type de civi\u00e8re se caract\u00e9rise par sa l\u00e9g\u00e8ret\u00e9, sa durabilit\u00e9, son caract\u00e8re antiseptique et sa facilit\u00e9 de st\u00e9rilisation.<\/span><\/li>\n<\/ul>\n","protected":false},"excerpt":{"rendered":"<p>Mod\u00e8le:YXH-3B<\/p>\n<p>Position haute (L x l x H):\u00a0 190 x 55 x 25 cm<\/p>\n<p>Position basse: 195 x 63,5 x 26,5 cm<\/p>\n<p>Dimensions d&#8217;emballage(1 pi\u00e8ce): \u2264 159 kg<\/p>\n<p>Capacit\u00e9 de charge Poids net (1 pi\u00e8ce):43 kg<\/p>\n<p>Poids brut: 43 kg<\/p>\n<p>Angle maximal du dossier: 75\u00b0<\/p>\n<p>Poids net (1 pi\u00e8ce): 36 kg<\/p>\n<p>&nbsp;<\/p>\n","protected":false},"featured_media":2688,"comment_status":"open","ping_status":"closed","template":"","meta":{"om_disable_all_campaigns":false,"_joinchat":[]},"product_cat":[183],"product_tag":[],"yoast_head":"<!-- This site is optimized with the Yoast SEO plugin v20.12 - https:\/\/yoast.com\/wordpress\/plugins\/seo\/ -->\n<title>Brancard Pour Ambulance Pliable SUR Roulette Avec Matelas YXH-3B - investmedic-store.com<\/title>\n<meta name=\"robots\" content=\"index, follow, max-snippet:-1, max-image-preview:large, max-video-preview:-1\" \/>\n<link rel=\"canonical\" href=\"https:\/\/investmedic-store.com\/?product=brancard-pour-ambulance-pliable-sur-roulette-avec-matelas-yxh-3b\" \/>\n<meta property=\"og:locale\" content=\"fr_FR\" \/>\n<meta property=\"og:type\" content=\"article\" \/>\n<meta property=\"og:title\" content=\"Brancard Pour Ambulance Pliable SUR Roulette Avec Matelas YXH-3B - investmedic-store.com\" \/>\n<meta property=\"og:description\" content=\"Mod\u00e8le:YXH-3B  Position haute (L x l x H):\u00a0 190 x 55 x 25 cm  Position basse: 195 x 63,5 x 26,5 cm  Dimensions d&#039;emballage(1 pi\u00e8ce): \u2264 159 kg  Capacit\u00e9 de charge Poids net (1 pi\u00e8ce):43 kg  Poids brut: 43 kg  Angle maximal du dossier: 75\u00b0  Poids net (1 pi\u00e8ce): 36 kg  &nbsp;\" \/>\n<meta property=\"og:url\" content=\"https:\/\/investmedic-store.com\/?product=brancard-pour-ambulance-pliable-sur-roulette-avec-matelas-yxh-3b\" \/>\n<meta property=\"og:site_name\" content=\"investmedic-store.com\" \/>\n<meta property=\"article:publisher\" content=\"https:\/\/www.facebook.com\/invest.medic\" \/>\n<meta property=\"article:modified_time\" content=\"2024-06-23T10:43:22+00:00\" \/>\n<meta property=\"og:image\" content=\"http:\/\/investmedic-store.com\/wp-content\/uploads\/2024\/06\/77.jpg\" \/>\n\t<meta property=\"og:image:width\" content=\"1587\" \/>\n\t<meta property=\"og:image:height\" content=\"2245\" \/>\n\t<meta property=\"og:image:type\" content=\"image\/jpeg\" \/>\n<meta name=\"twitter:card\" content=\"summary_large_image\" \/>\n<meta name=\"twitter:label1\" content=\"Dur\u00e9e de lecture estim\u00e9e\" \/>\n\t<meta name=\"twitter:data1\" content=\"1 minute\" \/>\n<script type=\"application\/ld+json\" class=\"yoast-schema-graph\">{\"@context\":\"https:\/\/schema.org\",\"@graph\":[{\"@type\":\"WebPage\",\"@id\":\"https:\/\/investmedic-store.com\/?product=brancard-pour-ambulance-pliable-sur-roulette-avec-matelas-yxh-3b\",\"url\":\"https:\/\/investmedic-store.com\/?product=brancard-pour-ambulance-pliable-sur-roulette-avec-matelas-yxh-3b\",\"name\":\"Brancard Pour Ambulance Pliable SUR Roulette Avec Matelas YXH-3B - investmedic-store.com\",\"isPartOf\":{\"@id\":\"https:\/\/investmedic-store.com\/#website\"},\"datePublished\":\"2024-06-23T10:38:24+00:00\",\"dateModified\":\"2024-06-23T10:43:22+00:00\",\"breadcrumb\":{\"@id\":\"https:\/\/investmedic-store.com\/?product=brancard-pour-ambulance-pliable-sur-roulette-avec-matelas-yxh-3b#breadcrumb\"},\"inLanguage\":\"fr-FR\",\"potentialAction\":[{\"@type\":\"ReadAction\",\"target\":[\"https:\/\/investmedic-store.com\/?product=brancard-pour-ambulance-pliable-sur-roulette-avec-matelas-yxh-3b\"]}]},{\"@type\":\"BreadcrumbList\",\"@id\":\"https:\/\/investmedic-store.com\/?product=brancard-pour-ambulance-pliable-sur-roulette-avec-matelas-yxh-3b#breadcrumb\",\"itemListElement\":[{\"@type\":\"ListItem\",\"position\":1,\"name\":\"Accueil\",\"item\":\"https:\/\/investmedic-store.com\/\"},{\"@type\":\"ListItem\",\"position\":2,\"name\":\"Shop\",\"item\":\"https:\/\/investmedic-store.com\/?page_id=5\"},{\"@type\":\"ListItem\",\"position\":3,\"name\":\"Brancard Pour Ambulance Pliable SUR Roulette Avec Matelas YXH-3B\"}]},{\"@type\":\"WebSite\",\"@id\":\"https:\/\/investmedic-store.com\/#website\",\"url\":\"https:\/\/investmedic-store.com\/\",\"name\":\"invest medic store\",\"description\":\"Importation &amp; Distribution Du Materiels Medico-Chirurgicales - \u0627\u0633\u062a\u064a\u0631\u0627\u062f \u0648\u062a\u0648\u0632\u064a\u0639 \u0627\u0644\u0645\u0648\u0627\u062f \u0627\u0644\u0637\u0628\u064a\u0629 \u0627\u0644\u062c\u0631\u0627\u062d\u064a\u0629\",\"publisher\":{\"@id\":\"https:\/\/investmedic-store.com\/#organization\"},\"alternateName\":\"investmedic store\",\"potentialAction\":[{\"@type\":\"SearchAction\",\"target\":{\"@type\":\"EntryPoint\",\"urlTemplate\":\"https:\/\/investmedic-store.com\/?s={search_term_string}\"},\"query-input\":\"required name=search_term_string\"}],\"inLanguage\":\"fr-FR\"},{\"@type\":\"Organization\",\"@id\":\"https:\/\/investmedic-store.com\/#organization\",\"name\":\"invest.medic store\",\"alternateName\":\"investmedic store\",\"url\":\"https:\/\/investmedic-store.com\/\",\"logo\":{\"@type\":\"ImageObject\",\"inLanguage\":\"fr-FR\",\"@id\":\"https:\/\/investmedic-store.com\/#\/schema\/logo\/image\/\",\"url\":\"https:\/\/investmedic-store.com\/wp-content\/uploads\/2023\/07\/cropped-LOGO_INVEST-transformed-removebg-preview-transformed-1-e1690120839263.png\",\"contentUrl\":\"https:\/\/investmedic-store.com\/wp-content\/uploads\/2023\/07\/cropped-LOGO_INVEST-transformed-removebg-preview-transformed-1-e1690120839263.png\",\"width\":512,\"height\":512,\"caption\":\"invest.medic store\"},\"image\":{\"@id\":\"https:\/\/investmedic-store.com\/#\/schema\/logo\/image\/\"},\"sameAs\":[\"https:\/\/www.facebook.com\/invest.medic\"]}]}<\/script>\n<!-- \/ Yoast SEO plugin. -->","yoast_head_json":{"title":"Brancard Pour Ambulance Pliable SUR Roulette Avec Matelas YXH-3B - investmedic-store.com","robots":{"index":"index","follow":"follow","max-snippet":"max-snippet:-1","max-image-preview":"max-image-preview:large","max-video-preview":"max-video-preview:-1"},"canonical":"https:\/\/investmedic-store.com\/?product=brancard-pour-ambulance-pliable-sur-roulette-avec-matelas-yxh-3b","og_locale":"fr_FR","og_type":"article","og_title":"Brancard Pour Ambulance Pliable SUR Roulette Avec Matelas YXH-3B - investmedic-store.com","og_description":"Mod\u00e8le:YXH-3B  Position haute (L x l x H):\u00a0 190 x 55 x 25 cm  Position basse: 195 x 63,5 x 26,5 cm  Dimensions d'emballage(1 pi\u00e8ce): \u2264 159 kg  Capacit\u00e9 de charge Poids net (1 pi\u00e8ce):43 kg  Poids brut: 43 kg  Angle maximal du dossier: 75\u00b0  Poids net (1 pi\u00e8ce): 36 kg  &nbsp;","og_url":"https:\/\/investmedic-store.com\/?product=brancard-pour-ambulance-pliable-sur-roulette-avec-matelas-yxh-3b","og_site_name":"investmedic-store.com","article_publisher":"https:\/\/www.facebook.com\/invest.medic","article_modified_time":"2024-06-23T10:43:22+00:00","og_image":[{"width":1587,"height":2245,"url":"http:\/\/investmedic-store.com\/wp-content\/uploads\/2024\/06\/77.jpg","type":"image\/jpeg"}],"twitter_card":"summary_large_image","twitter_misc":{"Dur\u00e9e de lecture estim\u00e9e":"1 minute"},"schema":{"@context":"https:\/\/schema.org","@graph":[{"@type":"WebPage","@id":"https:\/\/investmedic-store.com\/?product=brancard-pour-ambulance-pliable-sur-roulette-avec-matelas-yxh-3b","url":"https:\/\/investmedic-store.com\/?product=brancard-pour-ambulance-pliable-sur-roulette-avec-matelas-yxh-3b","name":"Brancard Pour Ambulance Pliable SUR Roulette Avec Matelas YXH-3B - investmedic-store.com","isPartOf":{"@id":"https:\/\/investmedic-store.com\/#website"},"datePublished":"2024-06-23T10:38:24+00:00","dateModified":"2024-06-23T10:43:22+00:00","breadcrumb":{"@id":"https:\/\/investmedic-store.com\/?product=brancard-pour-ambulance-pliable-sur-roulette-avec-matelas-yxh-3b#breadcrumb"},"inLanguage":"fr-FR","potentialAction":[{"@type":"ReadAction","target":["https:\/\/investmedic-store.com\/?product=brancard-pour-ambulance-pliable-sur-roulette-avec-matelas-yxh-3b"]}]},{"@type":"BreadcrumbList","@id":"https:\/\/investmedic-store.com\/?product=brancard-pour-ambulance-pliable-sur-roulette-avec-matelas-yxh-3b#breadcrumb","itemListElement":[{"@type":"ListItem","position":1,"name":"Accueil","item":"https:\/\/investmedic-store.com\/"},{"@type":"ListItem","position":2,"name":"Shop","item":"https:\/\/investmedic-store.com\/?page_id=5"},{"@type":"ListItem","position":3,"name":"Brancard Pour Ambulance Pliable SUR Roulette Avec Matelas YXH-3B"}]},{"@type":"WebSite","@id":"https:\/\/investmedic-store.com\/#website","url":"https:\/\/investmedic-store.com\/","name":"invest medic store","description":"Importation &amp; Distribution Du Materiels Medico-Chirurgicales - \u0627\u0633\u062a\u064a\u0631\u0627\u062f \u0648\u062a\u0648\u0632\u064a\u0639 \u0627\u0644\u0645\u0648\u0627\u062f \u0627\u0644\u0637\u0628\u064a\u0629 \u0627\u0644\u062c\u0631\u0627\u062d\u064a\u0629","publisher":{"@id":"https:\/\/investmedic-store.com\/#organization"},"alternateName":"investmedic store","potentialAction":[{"@type":"SearchAction","target":{"@type":"EntryPoint","urlTemplate":"https:\/\/investmedic-store.com\/?s={search_term_string}"},"query-input":"required name=search_term_string"}],"inLanguage":"fr-FR"},{"@type":"Organization","@id":"https:\/\/investmedic-store.com\/#organization","name":"invest.medic store","alternateName":"investmedic store","url":"https:\/\/investmedic-store.com\/","logo":{"@type":"ImageObject","inLanguage":"fr-FR","@id":"https:\/\/investmedic-store.com\/#\/schema\/logo\/image\/","url":"https:\/\/investmedic-store.com\/wp-content\/uploads\/2023\/07\/cropped-LOGO_INVEST-transformed-removebg-preview-transformed-1-e1690120839263.png","contentUrl":"https:\/\/investmedic-store.com\/wp-content\/uploads\/2023\/07\/cropped-LOGO_INVEST-transformed-removebg-preview-transformed-1-e1690120839263.png","width":512,"height":512,"caption":"invest.medic store"},"image":{"@id":"https:\/\/investmedic-store.com\/#\/schema\/logo\/image\/"},"sameAs":["https:\/\/www.facebook.com\/invest.medic"]}]}},"_links":{"self":[{"href":"https:\/\/investmedic-store.com\/index.php?rest_route=\/wp\/v2\/product\/2687"}],"collection":[{"href":"https:\/\/investmedic-store.com\/index.php?rest_route=\/wp\/v2\/product"}],"about":[{"href":"https:\/\/investmedic-store.com\/index.php?rest_route=\/wp\/v2\/types\/product"}],"replies":[{"embeddable":true,"href":"https:\/\/investmedic-store.com\/index.php?rest_route=%2Fwp%2Fv2%2Fcomments&post=2687"}],"wp:featuredmedia":[{"embeddable":true,"href":"https:\/\/investmedic-store.com\/index.php?rest_route=\/wp\/v2\/media\/2688"}],"wp:attachment":[{"href":"https:\/\/investmedic-store.com\/index.php?rest_route=%2Fwp%2Fv2%2Fmedia&parent=2687"}],"wp:term":[{"taxonomy":"product_cat","embeddable":true,"href":"https:\/\/investmedic-store.com\/index.php?rest_route=%2Fwp%2Fv2%2Fproduct_cat&post=2687"},{"taxonomy":"product_tag","embeddable":true,"href":"https:\/\/investmedic-store.com\/index.php?rest_route=%2Fwp%2Fv2%2Fproduct_tag&post=2687"}],"curies":[{"name":"wp","href":"https:\/\/api.w.org\/{rel}","templated":true}]}}