{"id":2661,"date":"2024-03-03T10:11:39","date_gmt":"2024-03-03T09:11:39","guid":{"rendered":"https:\/\/investmedic-store.com\/?post_type=product&#038;p=2661"},"modified":"2025-04-12T18:07:01","modified_gmt":"2025-04-12T17:07:01","slug":"respirateur-de-reanimation-crius-v6","status":"publish","type":"product","link":"https:\/\/investmedic-store.com\/?product=respirateur-de-reanimation-crius-v6","title":{"rendered":"Respirateur de  r\u00e9animation Crius V6"},"content":{"rendered":"<p><strong> Bas\u00e9 sur une turbine:<\/strong><\/p>\n<ul>\n<li>temps de travail court, retard respiratoire court<\/li>\n<li>forte Ventilation Non Invasive<\/li>\n<li>Pas de compresseur<\/li>\n<li>Pas de gaz Central<\/li>\n<li>Faible co\u00fbt<\/li>\n<li><strong> Gestion<\/strong><\/li>\n<li>Crius V6 est un ventilateur enti\u00e8rement contr\u00f4l\u00e9 \u00e9lectroniquement.<\/li>\n<li>Volume respiratoire 5 &#8211; 2000 ml (facultatif 2 &#8211; 2000 ML)<\/li>\n<li>une large modulation du volume respiratoire permet aux m\u00e9decins d&#8217;ajuster le ventilateur en fonction des diff\u00e9rents types \/ besoins du patient, m\u00eame chez les patients en soins intensifs n\u00e9onatals.<\/li>\n<\/ul>\n<p><strong> Mode de ventilation intrusif:<\/strong><\/p>\n<p>VC &#8211; ACV, PC &#8211; ACV, prvc, VC &#8211; simv, simv &#8211; prvc, PC &#8211; Dual PAP, PC &#8211; aprv, CPAP \/ PSV, CPAP \/ VG, AMV \/ MMV, ncpap, apn\u00e9e ventilation M\u00e9thode d&#8217;entr\u00e9e non modifi\u00e9e: PC &#8211; ACV, prvc, simv &#8211; prvc, PC &#8211; Dual PAP, PC &#8211; aprv, ncpap, CPAP \/ PSV, CPAP \/ VG, AMV \/ MMV,apn\u00e9e<\/p>\n<p><strong> Oxyg\u00e9noth\u00e9rapie nasale \u00e0 haut d\u00e9bit<\/strong><\/p>\n<p><strong> Outils <\/strong><\/p>\n<ul>\n<li>Rlung, rsbi, p0.1, peepi, V &#8211; CO2, PTP, expiratory Delay, ATC, pcvr, PPS, Compliance, Calibration, inhalation O2, 100% O2, etc.<\/li>\n<li>Arr\u00eater le cadre et le verrouillage de l&#8217;\u00e9cran<\/li>\n<li>Instruments de mesure pulmonaire: 3 anneaux;<\/li>\n<\/ul>\n<p><strong>Capteur n\u00e9onatal (accessoire suppl\u00e9mentaire) <\/strong><\/p>\n<ul>\n<li>La respiration minimale est de 2 ml. Convient aux nouveau &#8211; n\u00e9s et m\u00eame aux pr\u00e9matur\u00e9s pour \u00e9viter les dommages \u00e0 la pression atmosph\u00e9rique;<\/li>\n<li>R\u00e9pondre aux besoins des patients de diff\u00e9rents \u00e2ges, offrir un traitement personnalis\u00e9, plus pr\u00e9cis et plus s\u00fbr.<\/li>\n<\/ul>\n<p><strong>Interface Standard etco2 et spo2<\/strong><\/p>\n<p>L&#8217;etco2 montre la concentration de dioxyde de carbone dans le sang pendant la ventilation et refl\u00e8te l&#8217;effet de la ventilation. Il s&#8217;agit d&#8217;un indicateur important pour \u00e9valuer la sur ventilation ou la faible ventilation.<\/p>\n<p>Spo2 peut afficher directement et directement la concentration d&#8217;oxyg\u00e8ne dans le sang; Il s&#8217;agit d&#8217;un indicateur important pour \u00e9valuer les fonctions de ventilation et d&#8217;\u00e9change d&#8217;air.<\/p>\n<p>La surveillance en temps r\u00e9el \u00e0 double index est plus pratique, intuitive et s\u00fbre.<\/p>\n<p><strong> Interface oxyg\u00e8ne haute et basse pression:<\/strong><\/p>\n<ul>\n<li>Le raccord d&#8217;oxyg\u00e8ne \u00e0 basse pression peut \u00eatre reli\u00e9 \u00e0 une bouteille d&#8217;oxyg\u00e8ne \u00e0 haute pression ou \u00e0 un syst\u00e8me central d&#8217;alimentation en oxyg\u00e8ne afin que le ventilateur puisse fournir suffisamment d&#8217;oxyg\u00e8ne au patient tout en assurant la respiration du patient \u00e0 d\u00e9bit l\u00e9ger et s\u00e9v\u00e8re afin d&#8217;am\u00e9liorer l&#8217;oxyg\u00e9nation du patient.<\/li>\n<li>Une interface d&#8217;oxyg\u00e8ne basse pression ind\u00e9pendante peut \u00eatre connect\u00e9e \u00e0 un sac \u00e0 oxyg\u00e8ne ou \u00e0 une petite bouteille d&#8217;oxyg\u00e8ne pour faciliter le transport \u00e0 l&#8217;h\u00f4pital et assurer la s\u00e9curit\u00e9 des patients.<\/li>\n<\/ul>\n<p>&nbsp;<\/p>\n","protected":false},"excerpt":{"rendered":"<p><strong>Caract\u00e9ristiques du produit<\/strong><\/p>\n<ul>\n<li>Ventilateur puissant et complexe<\/li>\n<li>Ventilateur m\u00e9canique de haute qualit\u00e9 de Northern\u00a0 meditec.<\/li>\n<li>Une large gamme de fonctionnalit\u00e9s et d&#8217;options standard vous permet de personnaliser crius V6 en fonction de vos besoins.<\/li>\n<\/ul>\n","protected":false},"featured_media":2662,"comment_status":"open","ping_status":"closed","template":"","meta":{"om_disable_all_campaigns":false,"_joinchat":[]},"product_cat":[15],"product_tag":[],"yoast_head":"<!-- This site is optimized with the Yoast SEO plugin v20.12 - https:\/\/yoast.com\/wordpress\/plugins\/seo\/ -->\n<title>Respirateur de r\u00e9animation Crius V6 - investmedic-store.com<\/title>\n<meta name=\"robots\" content=\"index, follow, max-snippet:-1, max-image-preview:large, max-video-preview:-1\" \/>\n<link rel=\"canonical\" href=\"https:\/\/investmedic-store.com\/?product=respirateur-de-reanimation-crius-v6\" \/>\n<meta property=\"og:locale\" content=\"fr_FR\" \/>\n<meta property=\"og:type\" content=\"article\" \/>\n<meta property=\"og:title\" content=\"Respirateur de r\u00e9animation Crius V6 - investmedic-store.com\" \/>\n<meta property=\"og:description\" content=\"Caract\u00e9ristiques du produit   Ventilateur puissant et complexe  Ventilateur m\u00e9canique de haute qualit\u00e9 de Northern\u00a0 meditec.  Une large gamme de fonctionnalit\u00e9s et d&#039;options standard vous permet de personnaliser crius V6 en fonction de vos besoins.\" \/>\n<meta property=\"og:url\" content=\"https:\/\/investmedic-store.com\/?product=respirateur-de-reanimation-crius-v6\" \/>\n<meta property=\"og:site_name\" content=\"investmedic-store.com\" \/>\n<meta property=\"article:publisher\" content=\"https:\/\/www.facebook.com\/invest.medic\" \/>\n<meta property=\"article:modified_time\" content=\"2025-04-12T17:07:01+00:00\" \/>\n<meta property=\"og:image\" content=\"http:\/\/investmedic-store.com\/wp-content\/uploads\/2024\/03\/8-scaled.jpg\" \/>\n\t<meta property=\"og:image:width\" content=\"1920\" \/>\n\t<meta property=\"og:image:height\" content=\"2560\" \/>\n\t<meta property=\"og:image:type\" content=\"image\/jpeg\" \/>\n<meta name=\"twitter:card\" content=\"summary_large_image\" \/>\n<meta name=\"twitter:label1\" content=\"Dur\u00e9e de lecture estim\u00e9e\" \/>\n\t<meta name=\"twitter:data1\" content=\"2 minutes\" \/>\n<script type=\"application\/ld+json\" class=\"yoast-schema-graph\">{\"@context\":\"https:\/\/schema.org\",\"@graph\":[{\"@type\":\"WebPage\",\"@id\":\"https:\/\/investmedic-store.com\/?product=respirateur-de-reanimation-crius-v6\",\"url\":\"https:\/\/investmedic-store.com\/?product=respirateur-de-reanimation-crius-v6\",\"name\":\"Respirateur de r\u00e9animation Crius V6 - investmedic-store.com\",\"isPartOf\":{\"@id\":\"https:\/\/investmedic-store.com\/#website\"},\"datePublished\":\"2024-03-03T09:11:39+00:00\",\"dateModified\":\"2025-04-12T17:07:01+00:00\",\"breadcrumb\":{\"@id\":\"https:\/\/investmedic-store.com\/?product=respirateur-de-reanimation-crius-v6#breadcrumb\"},\"inLanguage\":\"fr-FR\",\"potentialAction\":[{\"@type\":\"ReadAction\",\"target\":[\"https:\/\/investmedic-store.com\/?product=respirateur-de-reanimation-crius-v6\"]}]},{\"@type\":\"BreadcrumbList\",\"@id\":\"https:\/\/investmedic-store.com\/?product=respirateur-de-reanimation-crius-v6#breadcrumb\",\"itemListElement\":[{\"@type\":\"ListItem\",\"position\":1,\"name\":\"Accueil\",\"item\":\"https:\/\/investmedic-store.com\/\"},{\"@type\":\"ListItem\",\"position\":2,\"name\":\"Shop\",\"item\":\"https:\/\/investmedic-store.com\/?page_id=5\"},{\"@type\":\"ListItem\",\"position\":3,\"name\":\"Respirateur de r\u00e9animation Crius V6\"}]},{\"@type\":\"WebSite\",\"@id\":\"https:\/\/investmedic-store.com\/#website\",\"url\":\"https:\/\/investmedic-store.com\/\",\"name\":\"invest medic store\",\"description\":\"Importation &amp; Distribution Du Materiels Medico-Chirurgicales - \u0627\u0633\u062a\u064a\u0631\u0627\u062f \u0648\u062a\u0648\u0632\u064a\u0639 \u0627\u0644\u0645\u0648\u0627\u062f \u0627\u0644\u0637\u0628\u064a\u0629 \u0627\u0644\u062c\u0631\u0627\u062d\u064a\u0629\",\"publisher\":{\"@id\":\"https:\/\/investmedic-store.com\/#organization\"},\"alternateName\":\"investmedic store\",\"potentialAction\":[{\"@type\":\"SearchAction\",\"target\":{\"@type\":\"EntryPoint\",\"urlTemplate\":\"https:\/\/investmedic-store.com\/?s={search_term_string}\"},\"query-input\":\"required name=search_term_string\"}],\"inLanguage\":\"fr-FR\"},{\"@type\":\"Organization\",\"@id\":\"https:\/\/investmedic-store.com\/#organization\",\"name\":\"invest.medic store\",\"alternateName\":\"investmedic store\",\"url\":\"https:\/\/investmedic-store.com\/\",\"logo\":{\"@type\":\"ImageObject\",\"inLanguage\":\"fr-FR\",\"@id\":\"https:\/\/investmedic-store.com\/#\/schema\/logo\/image\/\",\"url\":\"https:\/\/investmedic-store.com\/wp-content\/uploads\/2023\/07\/cropped-LOGO_INVEST-transformed-removebg-preview-transformed-1-e1690120839263.png\",\"contentUrl\":\"https:\/\/investmedic-store.com\/wp-content\/uploads\/2023\/07\/cropped-LOGO_INVEST-transformed-removebg-preview-transformed-1-e1690120839263.png\",\"width\":512,\"height\":512,\"caption\":\"invest.medic store\"},\"image\":{\"@id\":\"https:\/\/investmedic-store.com\/#\/schema\/logo\/image\/\"},\"sameAs\":[\"https:\/\/www.facebook.com\/invest.medic\"]}]}<\/script>\n<!-- \/ Yoast SEO plugin. -->","yoast_head_json":{"title":"Respirateur de r\u00e9animation Crius V6 - investmedic-store.com","robots":{"index":"index","follow":"follow","max-snippet":"max-snippet:-1","max-image-preview":"max-image-preview:large","max-video-preview":"max-video-preview:-1"},"canonical":"https:\/\/investmedic-store.com\/?product=respirateur-de-reanimation-crius-v6","og_locale":"fr_FR","og_type":"article","og_title":"Respirateur de r\u00e9animation Crius V6 - investmedic-store.com","og_description":"Caract\u00e9ristiques du produit   Ventilateur puissant et complexe  Ventilateur m\u00e9canique de haute qualit\u00e9 de Northern\u00a0 meditec.  Une large gamme de fonctionnalit\u00e9s et d'options standard vous permet de personnaliser crius V6 en fonction de vos besoins.","og_url":"https:\/\/investmedic-store.com\/?product=respirateur-de-reanimation-crius-v6","og_site_name":"investmedic-store.com","article_publisher":"https:\/\/www.facebook.com\/invest.medic","article_modified_time":"2025-04-12T17:07:01+00:00","og_image":[{"width":1920,"height":2560,"url":"http:\/\/investmedic-store.com\/wp-content\/uploads\/2024\/03\/8-scaled.jpg","type":"image\/jpeg"}],"twitter_card":"summary_large_image","twitter_misc":{"Dur\u00e9e de lecture estim\u00e9e":"2 minutes"},"schema":{"@context":"https:\/\/schema.org","@graph":[{"@type":"WebPage","@id":"https:\/\/investmedic-store.com\/?product=respirateur-de-reanimation-crius-v6","url":"https:\/\/investmedic-store.com\/?product=respirateur-de-reanimation-crius-v6","name":"Respirateur de r\u00e9animation Crius V6 - investmedic-store.com","isPartOf":{"@id":"https:\/\/investmedic-store.com\/#website"},"datePublished":"2024-03-03T09:11:39+00:00","dateModified":"2025-04-12T17:07:01+00:00","breadcrumb":{"@id":"https:\/\/investmedic-store.com\/?product=respirateur-de-reanimation-crius-v6#breadcrumb"},"inLanguage":"fr-FR","potentialAction":[{"@type":"ReadAction","target":["https:\/\/investmedic-store.com\/?product=respirateur-de-reanimation-crius-v6"]}]},{"@type":"BreadcrumbList","@id":"https:\/\/investmedic-store.com\/?product=respirateur-de-reanimation-crius-v6#breadcrumb","itemListElement":[{"@type":"ListItem","position":1,"name":"Accueil","item":"https:\/\/investmedic-store.com\/"},{"@type":"ListItem","position":2,"name":"Shop","item":"https:\/\/investmedic-store.com\/?page_id=5"},{"@type":"ListItem","position":3,"name":"Respirateur de r\u00e9animation Crius V6"}]},{"@type":"WebSite","@id":"https:\/\/investmedic-store.com\/#website","url":"https:\/\/investmedic-store.com\/","name":"invest medic store","description":"Importation &amp; Distribution Du Materiels Medico-Chirurgicales - \u0627\u0633\u062a\u064a\u0631\u0627\u062f \u0648\u062a\u0648\u0632\u064a\u0639 \u0627\u0644\u0645\u0648\u0627\u062f \u0627\u0644\u0637\u0628\u064a\u0629 \u0627\u0644\u062c\u0631\u0627\u062d\u064a\u0629","publisher":{"@id":"https:\/\/investmedic-store.com\/#organization"},"alternateName":"investmedic store","potentialAction":[{"@type":"SearchAction","target":{"@type":"EntryPoint","urlTemplate":"https:\/\/investmedic-store.com\/?s={search_term_string}"},"query-input":"required name=search_term_string"}],"inLanguage":"fr-FR"},{"@type":"Organization","@id":"https:\/\/investmedic-store.com\/#organization","name":"invest.medic store","alternateName":"investmedic store","url":"https:\/\/investmedic-store.com\/","logo":{"@type":"ImageObject","inLanguage":"fr-FR","@id":"https:\/\/investmedic-store.com\/#\/schema\/logo\/image\/","url":"https:\/\/investmedic-store.com\/wp-content\/uploads\/2023\/07\/cropped-LOGO_INVEST-transformed-removebg-preview-transformed-1-e1690120839263.png","contentUrl":"https:\/\/investmedic-store.com\/wp-content\/uploads\/2023\/07\/cropped-LOGO_INVEST-transformed-removebg-preview-transformed-1-e1690120839263.png","width":512,"height":512,"caption":"invest.medic store"},"image":{"@id":"https:\/\/investmedic-store.com\/#\/schema\/logo\/image\/"},"sameAs":["https:\/\/www.facebook.com\/invest.medic"]}]}},"_links":{"self":[{"href":"https:\/\/investmedic-store.com\/index.php?rest_route=\/wp\/v2\/product\/2661"}],"collection":[{"href":"https:\/\/investmedic-store.com\/index.php?rest_route=\/wp\/v2\/product"}],"about":[{"href":"https:\/\/investmedic-store.com\/index.php?rest_route=\/wp\/v2\/types\/product"}],"replies":[{"embeddable":true,"href":"https:\/\/investmedic-store.com\/index.php?rest_route=%2Fwp%2Fv2%2Fcomments&post=2661"}],"wp:featuredmedia":[{"embeddable":true,"href":"https:\/\/investmedic-store.com\/index.php?rest_route=\/wp\/v2\/media\/2662"}],"wp:attachment":[{"href":"https:\/\/investmedic-store.com\/index.php?rest_route=%2Fwp%2Fv2%2Fmedia&parent=2661"}],"wp:term":[{"taxonomy":"product_cat","embeddable":true,"href":"https:\/\/investmedic-store.com\/index.php?rest_route=%2Fwp%2Fv2%2Fproduct_cat&post=2661"},{"taxonomy":"product_tag","embeddable":true,"href":"https:\/\/investmedic-store.com\/index.php?rest_route=%2Fwp%2Fv2%2Fproduct_tag&post=2661"}],"curies":[{"name":"wp","href":"https:\/\/api.w.org\/{rel}","templated":true}]}}