{"id":2658,"date":"2024-03-03T09:56:53","date_gmt":"2024-03-03T08:56:53","guid":{"rendered":"https:\/\/investmedic-store.com\/?post_type=product&#038;p=2658"},"modified":"2024-06-29T16:12:48","modified_gmt":"2024-06-29T15:12:48","slug":"appareil-danesthesie-atlas-n3","status":"publish","type":"product","link":"https:\/\/investmedic-store.com\/?product=appareil-danesthesie-atlas-n3","title":{"rendered":"Appareil d\u2019anesth\u00e9sie Atlas N3"},"content":{"rendered":"<div>\n<div>\n<p><strong> Excellent absorbeur de CO2: <\/strong><\/p>\n<ul>\n<li>L&#8217;absorbeur de dioxyde de carbone est con\u00e7u pour \u00eatre utilis\u00e9 d&#8217;une seule main.<\/li>\n<li>Le d\u00e9veloppement de d\u00e9rivation garantit le remplacement en toute s\u00e9curit\u00e9 des r\u00e9servoirs de chaux naturelle pendant le fonctionnement.<\/li>\n<li>R\u00e9servoir de d\u00e9tection en ligne.<\/li>\n<li>Mat\u00e9riau acide poly ph\u00e9nyl sulfonique haute pression (jusqu&#8217;\u00e0 134 \u00b0 )<\/li>\n<\/ul>\n<p><strong>Ventilateur de haute pr\u00e9cision:<\/strong><\/p>\n<ul>\n<li>Gaz frais r\u00e9pondant aux exigences et compensation des fuites.<\/li>\n<li>Modes V-CMV, P-CMV, V-SIMV, P-SIMV, PRVC, SIMV-PRVC,<\/li>\n<li>Veille, manuel\/automatique, CPAP, PSV, HLM et manuel<\/li>\n<li>Avertir d&#8217;une mauvaise installation du syst\u00e8me respiratoire. syst\u00e8me et pot de chaux.<\/li>\n<\/ul>\n<p><strong> Grande face de travail:<\/strong><\/p>\n<ul>\n<li>Guide bidirectionnel pour moniteur patient, support et seringue (en option).<\/li>\n<li>Le mat\u00e9riel en acier inoxydable peut r\u00e9sister \u00e0 tout bact\u00e9ricide chimique.<\/li>\n<li>La lampe LED est utilis\u00e9e pour \u00e9clairer la surface de travail.<\/li>\n<\/ul>\n<\/div>\n<\/div>\n","protected":false},"excerpt":{"rendered":"<p><strong>Caract\u00e9ristiques du produit<\/strong><\/p>\n<ul>\n<li>\u00c9cran couleur TFT 8 pouces (\u00e9cran tactile 12 pouces en option)<\/li>\n<li>Conception d&#8217;interface claire.<\/li>\n<li>Capacit\u00e9 respiratoire 10-1500 ml.<\/li>\n<li>Jusqu&#8217;\u00e0 6 tubes de dosage pour 3 gaz<\/li>\n<li>Acide poly benz\u00e8ne sulfonique\/mat\u00e9riaux m\u00e9talliques dans le syst\u00e8me respiratoire.<\/li>\n<li>Technologie de d\u00e9rivation naturelle du r\u00e9servoir de chaux.<\/li>\n<li>Tous les modes de ventilation requis par les nouveau-n\u00e9s, les enfants et les adultes.<\/li>\n<li>Circuit respiratoire et chauffage int\u00e9gr\u00e9s.<\/li>\n<li>Haute visibilit\u00e9.<\/li>\n<li>Sortie suppl\u00e9mentaire de gaz frais du port (ACGO).<\/li>\n<li>Le circuit respiratoire est \u00e9galement applicable aux mat\u00e9riaux m\u00e9talliques et polystyr\u00e8ne haute pression en p\u00e9diatrie.<\/li>\n<li>Il a une propri\u00e9t\u00e9 d&#8217;\u00e9tanch\u00e9it\u00e9 stable.<\/li>\n<li>Observation visuelle du soufflet.<\/li>\n<li>Syst\u00e8me respiratoire \u00e0 soufflet ascendant ou descendant.<\/li>\n<\/ul>\n","protected":false},"featured_media":2660,"comment_status":"open","ping_status":"closed","template":"","meta":{"om_disable_all_campaigns":false,"_joinchat":[]},"product_cat":[179],"product_tag":[],"yoast_head":"<!-- This site is optimized with the Yoast SEO plugin v20.12 - https:\/\/yoast.com\/wordpress\/plugins\/seo\/ -->\n<title>Appareil d\u2019anesth\u00e9sie Atlas N3 - investmedic-store.com<\/title>\n<meta name=\"robots\" content=\"index, follow, max-snippet:-1, max-image-preview:large, max-video-preview:-1\" \/>\n<link rel=\"canonical\" href=\"https:\/\/investmedic-store.com\/?product=appareil-danesthesie-atlas-n3\" \/>\n<meta property=\"og:locale\" content=\"fr_FR\" \/>\n<meta property=\"og:type\" content=\"article\" \/>\n<meta property=\"og:title\" content=\"Appareil d\u2019anesth\u00e9sie Atlas N3 - investmedic-store.com\" \/>\n<meta property=\"og:description\" content=\"Caract\u00e9ristiques du produit   \u00c9cran couleur TFT 8 pouces (\u00e9cran tactile 12 pouces en option)  Conception d&#039;interface claire.  Capacit\u00e9 respiratoire 10-1500 ml.  Jusqu&#039;\u00e0 6 tubes de dosage pour 3 gaz  Acide poly benz\u00e8ne sulfonique\/mat\u00e9riaux m\u00e9talliques dans le syst\u00e8me respiratoire.  Technologie de d\u00e9rivation naturelle du r\u00e9servoir de chaux.  Tous les modes de ventilation requis par les nouveau-n\u00e9s, les enfants et les adultes.  Circuit respiratoire et chauffage int\u00e9gr\u00e9s.  Haute visibilit\u00e9.  Sortie suppl\u00e9mentaire de gaz frais du port (ACGO).  Le circuit respiratoire est \u00e9galement applicable aux mat\u00e9riaux m\u00e9talliques et polystyr\u00e8ne haute pression en p\u00e9diatrie.  Il a une propri\u00e9t\u00e9 d&#039;\u00e9tanch\u00e9it\u00e9 stable.  Observation visuelle du soufflet.  Syst\u00e8me respiratoire \u00e0 soufflet ascendant ou descendant.\" \/>\n<meta property=\"og:url\" content=\"https:\/\/investmedic-store.com\/?product=appareil-danesthesie-atlas-n3\" \/>\n<meta property=\"og:site_name\" content=\"investmedic-store.com\" \/>\n<meta property=\"article:publisher\" content=\"https:\/\/www.facebook.com\/invest.medic\" \/>\n<meta property=\"article:modified_time\" content=\"2024-06-29T15:12:48+00:00\" \/>\n<meta property=\"og:image\" content=\"http:\/\/investmedic-store.com\/wp-content\/uploads\/2024\/03\/6-1-scaled.jpg\" \/>\n\t<meta property=\"og:image:width\" content=\"1920\" \/>\n\t<meta property=\"og:image:height\" content=\"2560\" \/>\n\t<meta property=\"og:image:type\" content=\"image\/jpeg\" \/>\n<meta name=\"twitter:card\" content=\"summary_large_image\" \/>\n<meta name=\"twitter:label1\" content=\"Dur\u00e9e de lecture estim\u00e9e\" \/>\n\t<meta name=\"twitter:data1\" content=\"1 minute\" \/>\n<script type=\"application\/ld+json\" class=\"yoast-schema-graph\">{\"@context\":\"https:\/\/schema.org\",\"@graph\":[{\"@type\":\"WebPage\",\"@id\":\"https:\/\/investmedic-store.com\/?product=appareil-danesthesie-atlas-n3\",\"url\":\"https:\/\/investmedic-store.com\/?product=appareil-danesthesie-atlas-n3\",\"name\":\"Appareil d\u2019anesth\u00e9sie Atlas N3 - investmedic-store.com\",\"isPartOf\":{\"@id\":\"https:\/\/investmedic-store.com\/#website\"},\"datePublished\":\"2024-03-03T08:56:53+00:00\",\"dateModified\":\"2024-06-29T15:12:48+00:00\",\"breadcrumb\":{\"@id\":\"https:\/\/investmedic-store.com\/?product=appareil-danesthesie-atlas-n3#breadcrumb\"},\"inLanguage\":\"fr-FR\",\"potentialAction\":[{\"@type\":\"ReadAction\",\"target\":[\"https:\/\/investmedic-store.com\/?product=appareil-danesthesie-atlas-n3\"]}]},{\"@type\":\"BreadcrumbList\",\"@id\":\"https:\/\/investmedic-store.com\/?product=appareil-danesthesie-atlas-n3#breadcrumb\",\"itemListElement\":[{\"@type\":\"ListItem\",\"position\":1,\"name\":\"Accueil\",\"item\":\"https:\/\/investmedic-store.com\/\"},{\"@type\":\"ListItem\",\"position\":2,\"name\":\"Shop\",\"item\":\"https:\/\/investmedic-store.com\/?page_id=5\"},{\"@type\":\"ListItem\",\"position\":3,\"name\":\"Appareil d\u2019anesth\u00e9sie Atlas N3\"}]},{\"@type\":\"WebSite\",\"@id\":\"https:\/\/investmedic-store.com\/#website\",\"url\":\"https:\/\/investmedic-store.com\/\",\"name\":\"invest medic store\",\"description\":\"Importation &amp; Distribution Du Materiels Medico-Chirurgicales - \u0627\u0633\u062a\u064a\u0631\u0627\u062f \u0648\u062a\u0648\u0632\u064a\u0639 \u0627\u0644\u0645\u0648\u0627\u062f \u0627\u0644\u0637\u0628\u064a\u0629 \u0627\u0644\u062c\u0631\u0627\u062d\u064a\u0629\",\"publisher\":{\"@id\":\"https:\/\/investmedic-store.com\/#organization\"},\"alternateName\":\"investmedic store\",\"potentialAction\":[{\"@type\":\"SearchAction\",\"target\":{\"@type\":\"EntryPoint\",\"urlTemplate\":\"https:\/\/investmedic-store.com\/?s={search_term_string}\"},\"query-input\":\"required name=search_term_string\"}],\"inLanguage\":\"fr-FR\"},{\"@type\":\"Organization\",\"@id\":\"https:\/\/investmedic-store.com\/#organization\",\"name\":\"invest.medic store\",\"alternateName\":\"investmedic store\",\"url\":\"https:\/\/investmedic-store.com\/\",\"logo\":{\"@type\":\"ImageObject\",\"inLanguage\":\"fr-FR\",\"@id\":\"https:\/\/investmedic-store.com\/#\/schema\/logo\/image\/\",\"url\":\"https:\/\/investmedic-store.com\/wp-content\/uploads\/2023\/07\/cropped-LOGO_INVEST-transformed-removebg-preview-transformed-1-e1690120839263.png\",\"contentUrl\":\"https:\/\/investmedic-store.com\/wp-content\/uploads\/2023\/07\/cropped-LOGO_INVEST-transformed-removebg-preview-transformed-1-e1690120839263.png\",\"width\":512,\"height\":512,\"caption\":\"invest.medic store\"},\"image\":{\"@id\":\"https:\/\/investmedic-store.com\/#\/schema\/logo\/image\/\"},\"sameAs\":[\"https:\/\/www.facebook.com\/invest.medic\"]}]}<\/script>\n<!-- \/ Yoast SEO plugin. -->","yoast_head_json":{"title":"Appareil d\u2019anesth\u00e9sie Atlas N3 - investmedic-store.com","robots":{"index":"index","follow":"follow","max-snippet":"max-snippet:-1","max-image-preview":"max-image-preview:large","max-video-preview":"max-video-preview:-1"},"canonical":"https:\/\/investmedic-store.com\/?product=appareil-danesthesie-atlas-n3","og_locale":"fr_FR","og_type":"article","og_title":"Appareil d\u2019anesth\u00e9sie Atlas N3 - investmedic-store.com","og_description":"Caract\u00e9ristiques du produit   \u00c9cran couleur TFT 8 pouces (\u00e9cran tactile 12 pouces en option)  Conception d'interface claire.  Capacit\u00e9 respiratoire 10-1500 ml.  Jusqu'\u00e0 6 tubes de dosage pour 3 gaz  Acide poly benz\u00e8ne sulfonique\/mat\u00e9riaux m\u00e9talliques dans le syst\u00e8me respiratoire.  Technologie de d\u00e9rivation naturelle du r\u00e9servoir de chaux.  Tous les modes de ventilation requis par les nouveau-n\u00e9s, les enfants et les adultes.  Circuit respiratoire et chauffage int\u00e9gr\u00e9s.  Haute visibilit\u00e9.  Sortie suppl\u00e9mentaire de gaz frais du port (ACGO).  Le circuit respiratoire est \u00e9galement applicable aux mat\u00e9riaux m\u00e9talliques et polystyr\u00e8ne haute pression en p\u00e9diatrie.  Il a une propri\u00e9t\u00e9 d'\u00e9tanch\u00e9it\u00e9 stable.  Observation visuelle du soufflet.  Syst\u00e8me respiratoire \u00e0 soufflet ascendant ou descendant.","og_url":"https:\/\/investmedic-store.com\/?product=appareil-danesthesie-atlas-n3","og_site_name":"investmedic-store.com","article_publisher":"https:\/\/www.facebook.com\/invest.medic","article_modified_time":"2024-06-29T15:12:48+00:00","og_image":[{"width":1920,"height":2560,"url":"http:\/\/investmedic-store.com\/wp-content\/uploads\/2024\/03\/6-1-scaled.jpg","type":"image\/jpeg"}],"twitter_card":"summary_large_image","twitter_misc":{"Dur\u00e9e de lecture estim\u00e9e":"1 minute"},"schema":{"@context":"https:\/\/schema.org","@graph":[{"@type":"WebPage","@id":"https:\/\/investmedic-store.com\/?product=appareil-danesthesie-atlas-n3","url":"https:\/\/investmedic-store.com\/?product=appareil-danesthesie-atlas-n3","name":"Appareil d\u2019anesth\u00e9sie Atlas N3 - investmedic-store.com","isPartOf":{"@id":"https:\/\/investmedic-store.com\/#website"},"datePublished":"2024-03-03T08:56:53+00:00","dateModified":"2024-06-29T15:12:48+00:00","breadcrumb":{"@id":"https:\/\/investmedic-store.com\/?product=appareil-danesthesie-atlas-n3#breadcrumb"},"inLanguage":"fr-FR","potentialAction":[{"@type":"ReadAction","target":["https:\/\/investmedic-store.com\/?product=appareil-danesthesie-atlas-n3"]}]},{"@type":"BreadcrumbList","@id":"https:\/\/investmedic-store.com\/?product=appareil-danesthesie-atlas-n3#breadcrumb","itemListElement":[{"@type":"ListItem","position":1,"name":"Accueil","item":"https:\/\/investmedic-store.com\/"},{"@type":"ListItem","position":2,"name":"Shop","item":"https:\/\/investmedic-store.com\/?page_id=5"},{"@type":"ListItem","position":3,"name":"Appareil d\u2019anesth\u00e9sie Atlas N3"}]},{"@type":"WebSite","@id":"https:\/\/investmedic-store.com\/#website","url":"https:\/\/investmedic-store.com\/","name":"invest medic store","description":"Importation &amp; Distribution Du Materiels Medico-Chirurgicales - \u0627\u0633\u062a\u064a\u0631\u0627\u062f \u0648\u062a\u0648\u0632\u064a\u0639 \u0627\u0644\u0645\u0648\u0627\u062f \u0627\u0644\u0637\u0628\u064a\u0629 \u0627\u0644\u062c\u0631\u0627\u062d\u064a\u0629","publisher":{"@id":"https:\/\/investmedic-store.com\/#organization"},"alternateName":"investmedic store","potentialAction":[{"@type":"SearchAction","target":{"@type":"EntryPoint","urlTemplate":"https:\/\/investmedic-store.com\/?s={search_term_string}"},"query-input":"required name=search_term_string"}],"inLanguage":"fr-FR"},{"@type":"Organization","@id":"https:\/\/investmedic-store.com\/#organization","name":"invest.medic store","alternateName":"investmedic store","url":"https:\/\/investmedic-store.com\/","logo":{"@type":"ImageObject","inLanguage":"fr-FR","@id":"https:\/\/investmedic-store.com\/#\/schema\/logo\/image\/","url":"https:\/\/investmedic-store.com\/wp-content\/uploads\/2023\/07\/cropped-LOGO_INVEST-transformed-removebg-preview-transformed-1-e1690120839263.png","contentUrl":"https:\/\/investmedic-store.com\/wp-content\/uploads\/2023\/07\/cropped-LOGO_INVEST-transformed-removebg-preview-transformed-1-e1690120839263.png","width":512,"height":512,"caption":"invest.medic store"},"image":{"@id":"https:\/\/investmedic-store.com\/#\/schema\/logo\/image\/"},"sameAs":["https:\/\/www.facebook.com\/invest.medic"]}]}},"_links":{"self":[{"href":"https:\/\/investmedic-store.com\/index.php?rest_route=\/wp\/v2\/product\/2658"}],"collection":[{"href":"https:\/\/investmedic-store.com\/index.php?rest_route=\/wp\/v2\/product"}],"about":[{"href":"https:\/\/investmedic-store.com\/index.php?rest_route=\/wp\/v2\/types\/product"}],"replies":[{"embeddable":true,"href":"https:\/\/investmedic-store.com\/index.php?rest_route=%2Fwp%2Fv2%2Fcomments&post=2658"}],"wp:featuredmedia":[{"embeddable":true,"href":"https:\/\/investmedic-store.com\/index.php?rest_route=\/wp\/v2\/media\/2660"}],"wp:attachment":[{"href":"https:\/\/investmedic-store.com\/index.php?rest_route=%2Fwp%2Fv2%2Fmedia&parent=2658"}],"wp:term":[{"taxonomy":"product_cat","embeddable":true,"href":"https:\/\/investmedic-store.com\/index.php?rest_route=%2Fwp%2Fv2%2Fproduct_cat&post=2658"},{"taxonomy":"product_tag","embeddable":true,"href":"https:\/\/investmedic-store.com\/index.php?rest_route=%2Fwp%2Fv2%2Fproduct_tag&post=2658"}],"curies":[{"name":"wp","href":"https:\/\/api.w.org\/{rel}","templated":true}]}}