{"id":2575,"date":"2024-02-07T12:13:42","date_gmt":"2024-02-07T11:13:42","guid":{"rendered":"https:\/\/investmedic-store.com\/?post_type=product&#038;p=2575"},"modified":"2025-05-10T11:18:18","modified_gmt":"2025-05-10T10:18:18","slug":"2575","status":"publish","type":"product","link":"https:\/\/investmedic-store.com\/?product=2575","title":{"rendered":"Scialytique Plafonnier A Deux Coupoles Lumi\u00e8re LED 700\/500"},"content":{"rendered":"<div>\n<p>Caract\u00e9ristiques du produit:<\/p>\n<\/div>\n<ul>\n<li><span class=\"OYPEnA text-decoration-underline text-strikethrough-none\">\u00c9clairage \u00e0 LED de haute qualit\u00e9 :<\/span><span class=\"OYPEnA text-strikethrough-none text-decoration-none\"> la lampe utilise des ampoules LED OSRAM allemandes, offrant une luminosit\u00e9 \u00e9lev\u00e9e (40 000 \u00e0 180 000 lux) et un excellent rendu des couleurs (IRC de 85 \u00e0 98). Les LED ne g\u00e9n\u00e8rent pas de rayons infrarouges ni ultraviolets, ce qui est b\u00e9n\u00e9fique pour les patients et le personnel m\u00e9dical.<\/span><\/li>\n<li><span class=\"OYPEnA text-decoration-underline text-strikethrough-none\">Effet sans ombre parfait :<\/span><span class=\"OYPEnA text-strikethrough-none text-decoration-none\"> la t\u00eate de la lampe adopte une courbure scientifique, avec une conception \u00e0 source lumineuse multipoint. Cela permet d&#8217;obtenir un effet sans ombre parfait, m\u00eame lorsque la lampe est partiellement bloqu\u00e9e.<\/span><\/li>\n<li><span class=\"OYPEnA text-decoration-underline text-strikethrough-none\">\u00c9clairage profond :<\/span><span class=\"OYPEnA text-strikethrough-none text-decoration-none\"> la conception modulaire assist\u00e9e par ordinateur permet d&#8217;obtenir une profondeur d&#8217;\u00e9clairage de plus de 1200 mm. Cela permet d&#8217;\u00e9clairer de grandes zones chirurgicales.<\/span><\/li>\n<li><span class=\"OYPEnA text-decoration-underline text-strikethrough-none\">Syst\u00e8me de contr\u00f4le avanc\u00e9 : <\/span><span class=\"OYPEnA text-strikethrough-none text-decoration-none\">le contr\u00f4le \u00e0 boutons d&#8217;affichage LCD permet un r\u00e9glage facile de l&#8217;\u00e9clairage, de la temp\u00e9rature de couleur et d&#8217;autres param\u00e8tres. La fonction de m\u00e9moire num\u00e9rique se souvient automatiquement du niveau d&#8217;\u00e9clairage appropri\u00e9.<\/span><\/li>\n<li><span class=\"OYPEnA text-decoration-underline text-strikethrough-none\">Syst\u00e8me de suspension universel : <\/span><span class=\"OYPEnA text-strikethrough-none text-decoration-none\">le bras rotatif et le syst\u00e8me \u00e9quilibr\u00e9 permettent un positionnement flexible et une grande plage de r\u00e9gulation.<\/span><\/li>\n<\/ul>\n","protected":false},"excerpt":{"rendered":"<div>\n<p>Mod\u00e8le :LED700\/ LED500<\/p>\n<div>\n<p>\u00c9clairement (Lux) :40 000 \u00e0 180 000\/30 000 \u00e0 160 000<\/p>\n<div>\n<p>Nombre d&#8217;ampoules :80\/48<\/p>\n<div>\n<p>Type d&#8217;ampoule :Ampoule LED OSRAM allemande\/ Ampoule LED OSRAM allemande<\/p>\n<div>\n<p>Dur\u00e9e de vie moyenne des ampoules: \u2265 80 000 heures\/ \u2265 80 000 heures<\/p>\n<div>\n<p>Temp\u00e9rature de couleur (K): 3700K \uff5e 5000K\/ 3700K \uff5e 5000K<\/p>\n<div>\n<p>Indice de rendu des couleurs (IRC): 85 \uff5e 98\/85 \uff5e 98<\/p>\n<div>\n<p>Profondeur d&#8217;\u00e9clairage (mm): 50-180cm\/ 50-180cm<\/p>\n<div>\n<p>Diam\u00e8tre du faisceau (mm) :120-280mm\/ 120-280mm<\/p>\n<\/div>\n<\/div>\n<div>\n<p>Contr\u00f4le de gradation :1% \u00e0 100%\/ 1% \u00e0 100%<\/p>\n<div>\n<p>Puissance des ampoules:80\/48<\/p>\n<div>\n<p>\u00c9l\u00e9vation de temp\u00e9rature (t\u00eate du m\u00e9decin):&lt; 1\u2103\/&lt; 1\u2103<\/p>\n<div>\n<p>Alimentation:AC100-240V 50\/60HZ\/ AC100-240V 50\/60HZ<\/p>\n<p>&nbsp;<\/p>\n<\/div>\n<\/div>\n<\/div>\n<\/div>\n<\/div>\n<\/div>\n<\/div>\n<\/div>\n<\/div>\n<\/div>\n<\/div>\n","protected":false},"featured_media":2576,"comment_status":"open","ping_status":"closed","template":"","meta":{"om_disable_all_campaigns":false,"_joinchat":[]},"product_cat":[178],"product_tag":[],"yoast_head":"<!-- This site is optimized with the Yoast SEO plugin v20.12 - https:\/\/yoast.com\/wordpress\/plugins\/seo\/ -->\n<title>Scialytique Plafonnier A Deux Coupoles Lumi\u00e8re LED 700\/500 - investmedic-store.com<\/title>\n<meta name=\"robots\" content=\"index, follow, max-snippet:-1, max-image-preview:large, max-video-preview:-1\" \/>\n<link rel=\"canonical\" href=\"https:\/\/investmedic-store.com\/?product=2575\" \/>\n<meta property=\"og:locale\" content=\"fr_FR\" \/>\n<meta property=\"og:type\" content=\"article\" \/>\n<meta property=\"og:title\" content=\"Scialytique Plafonnier A Deux Coupoles Lumi\u00e8re LED 700\/500 - investmedic-store.com\" \/>\n<meta property=\"og:description\" content=\"Mod\u00e8le :LED700\/ LED500   \u00c9clairement (Lux) :40 000 \u00e0 180 000\/30 000 \u00e0 160 000   Nombre d&#039;ampoules :80\/48   Type d&#039;ampoule :Ampoule LED OSRAM allemande\/ Ampoule LED OSRAM allemande   Dur\u00e9e de vie moyenne des ampoules: \u2265 80 000 heures\/ \u2265 80 000 heures   Temp\u00e9rature de couleur (K): 3700K \uff5e 5000K\/ 3700K \uff5e 5000K   Indice de rendu des couleurs (IRC): 85 \uff5e 98\/85 \uff5e 98   Profondeur d&#039;\u00e9clairage (mm): 50-180cm\/ 50-180cm   Diam\u00e8tre du faisceau (mm) :120-280mm\/ 120-280mm      Contr\u00f4le de gradation :1% \u00e0 100%\/ 1% \u00e0 100%   Puissance des ampoules:80\/48   \u00c9l\u00e9vation de temp\u00e9rature (t\u00eate du m\u00e9decin):&lt; 1\u2103\/&lt; 1\u2103   Alimentation:AC100-240V 50\/60HZ\/ AC100-240V 50\/60HZ  &nbsp;\" \/>\n<meta property=\"og:url\" content=\"https:\/\/investmedic-store.com\/?product=2575\" \/>\n<meta property=\"og:site_name\" content=\"investmedic-store.com\" \/>\n<meta property=\"article:publisher\" content=\"https:\/\/www.facebook.com\/invest.medic\" \/>\n<meta property=\"article:modified_time\" content=\"2025-05-10T10:18:18+00:00\" \/>\n<meta property=\"og:image\" content=\"http:\/\/investmedic-store.com\/wp-content\/uploads\/2024\/02\/271.jpg\" \/>\n\t<meta property=\"og:image:width\" content=\"1587\" \/>\n\t<meta property=\"og:image:height\" content=\"2245\" \/>\n\t<meta property=\"og:image:type\" content=\"image\/jpeg\" \/>\n<meta name=\"twitter:card\" content=\"summary_large_image\" \/>\n<meta name=\"twitter:label1\" content=\"Dur\u00e9e de lecture estim\u00e9e\" \/>\n\t<meta name=\"twitter:data1\" content=\"1 minute\" \/>\n<script type=\"application\/ld+json\" class=\"yoast-schema-graph\">{\"@context\":\"https:\/\/schema.org\",\"@graph\":[{\"@type\":\"WebPage\",\"@id\":\"https:\/\/investmedic-store.com\/?product=2575\",\"url\":\"https:\/\/investmedic-store.com\/?product=2575\",\"name\":\"Scialytique Plafonnier A Deux Coupoles Lumi\u00e8re LED 700\/500 - investmedic-store.com\",\"isPartOf\":{\"@id\":\"https:\/\/investmedic-store.com\/#website\"},\"datePublished\":\"2024-02-07T11:13:42+00:00\",\"dateModified\":\"2025-05-10T10:18:18+00:00\",\"breadcrumb\":{\"@id\":\"https:\/\/investmedic-store.com\/?product=2575#breadcrumb\"},\"inLanguage\":\"fr-FR\",\"potentialAction\":[{\"@type\":\"ReadAction\",\"target\":[\"https:\/\/investmedic-store.com\/?product=2575\"]}]},{\"@type\":\"BreadcrumbList\",\"@id\":\"https:\/\/investmedic-store.com\/?product=2575#breadcrumb\",\"itemListElement\":[{\"@type\":\"ListItem\",\"position\":1,\"name\":\"Accueil\",\"item\":\"https:\/\/investmedic-store.com\/\"},{\"@type\":\"ListItem\",\"position\":2,\"name\":\"Shop\",\"item\":\"https:\/\/investmedic-store.com\/?page_id=5\"},{\"@type\":\"ListItem\",\"position\":3,\"name\":\"Scialytique Plafonnier A Deux Coupoles Lumi\u00e8re LED 700\/500\"}]},{\"@type\":\"WebSite\",\"@id\":\"https:\/\/investmedic-store.com\/#website\",\"url\":\"https:\/\/investmedic-store.com\/\",\"name\":\"invest medic store\",\"description\":\"Importation &amp; Distribution Du Materiels Medico-Chirurgicales - \u0627\u0633\u062a\u064a\u0631\u0627\u062f \u0648\u062a\u0648\u0632\u064a\u0639 \u0627\u0644\u0645\u0648\u0627\u062f \u0627\u0644\u0637\u0628\u064a\u0629 \u0627\u0644\u062c\u0631\u0627\u062d\u064a\u0629\",\"publisher\":{\"@id\":\"https:\/\/investmedic-store.com\/#organization\"},\"alternateName\":\"investmedic store\",\"potentialAction\":[{\"@type\":\"SearchAction\",\"target\":{\"@type\":\"EntryPoint\",\"urlTemplate\":\"https:\/\/investmedic-store.com\/?s={search_term_string}\"},\"query-input\":\"required name=search_term_string\"}],\"inLanguage\":\"fr-FR\"},{\"@type\":\"Organization\",\"@id\":\"https:\/\/investmedic-store.com\/#organization\",\"name\":\"invest.medic store\",\"alternateName\":\"investmedic store\",\"url\":\"https:\/\/investmedic-store.com\/\",\"logo\":{\"@type\":\"ImageObject\",\"inLanguage\":\"fr-FR\",\"@id\":\"https:\/\/investmedic-store.com\/#\/schema\/logo\/image\/\",\"url\":\"https:\/\/investmedic-store.com\/wp-content\/uploads\/2023\/07\/cropped-LOGO_INVEST-transformed-removebg-preview-transformed-1-e1690120839263.png\",\"contentUrl\":\"https:\/\/investmedic-store.com\/wp-content\/uploads\/2023\/07\/cropped-LOGO_INVEST-transformed-removebg-preview-transformed-1-e1690120839263.png\",\"width\":512,\"height\":512,\"caption\":\"invest.medic store\"},\"image\":{\"@id\":\"https:\/\/investmedic-store.com\/#\/schema\/logo\/image\/\"},\"sameAs\":[\"https:\/\/www.facebook.com\/invest.medic\"]}]}<\/script>\n<!-- \/ Yoast SEO plugin. -->","yoast_head_json":{"title":"Scialytique Plafonnier A Deux Coupoles Lumi\u00e8re LED 700\/500 - investmedic-store.com","robots":{"index":"index","follow":"follow","max-snippet":"max-snippet:-1","max-image-preview":"max-image-preview:large","max-video-preview":"max-video-preview:-1"},"canonical":"https:\/\/investmedic-store.com\/?product=2575","og_locale":"fr_FR","og_type":"article","og_title":"Scialytique Plafonnier A Deux Coupoles Lumi\u00e8re LED 700\/500 - investmedic-store.com","og_description":"Mod\u00e8le :LED700\/ LED500   \u00c9clairement (Lux) :40 000 \u00e0 180 000\/30 000 \u00e0 160 000   Nombre d'ampoules :80\/48   Type d'ampoule :Ampoule LED OSRAM allemande\/ Ampoule LED OSRAM allemande   Dur\u00e9e de vie moyenne des ampoules: \u2265 80 000 heures\/ \u2265 80 000 heures   Temp\u00e9rature de couleur (K): 3700K \uff5e 5000K\/ 3700K \uff5e 5000K   Indice de rendu des couleurs (IRC): 85 \uff5e 98\/85 \uff5e 98   Profondeur d'\u00e9clairage (mm): 50-180cm\/ 50-180cm   Diam\u00e8tre du faisceau (mm) :120-280mm\/ 120-280mm      Contr\u00f4le de gradation :1% \u00e0 100%\/ 1% \u00e0 100%   Puissance des ampoules:80\/48   \u00c9l\u00e9vation de temp\u00e9rature (t\u00eate du m\u00e9decin):&lt; 1\u2103\/&lt; 1\u2103   Alimentation:AC100-240V 50\/60HZ\/ AC100-240V 50\/60HZ  &nbsp;","og_url":"https:\/\/investmedic-store.com\/?product=2575","og_site_name":"investmedic-store.com","article_publisher":"https:\/\/www.facebook.com\/invest.medic","article_modified_time":"2025-05-10T10:18:18+00:00","og_image":[{"width":1587,"height":2245,"url":"http:\/\/investmedic-store.com\/wp-content\/uploads\/2024\/02\/271.jpg","type":"image\/jpeg"}],"twitter_card":"summary_large_image","twitter_misc":{"Dur\u00e9e de lecture estim\u00e9e":"1 minute"},"schema":{"@context":"https:\/\/schema.org","@graph":[{"@type":"WebPage","@id":"https:\/\/investmedic-store.com\/?product=2575","url":"https:\/\/investmedic-store.com\/?product=2575","name":"Scialytique Plafonnier A Deux Coupoles Lumi\u00e8re LED 700\/500 - investmedic-store.com","isPartOf":{"@id":"https:\/\/investmedic-store.com\/#website"},"datePublished":"2024-02-07T11:13:42+00:00","dateModified":"2025-05-10T10:18:18+00:00","breadcrumb":{"@id":"https:\/\/investmedic-store.com\/?product=2575#breadcrumb"},"inLanguage":"fr-FR","potentialAction":[{"@type":"ReadAction","target":["https:\/\/investmedic-store.com\/?product=2575"]}]},{"@type":"BreadcrumbList","@id":"https:\/\/investmedic-store.com\/?product=2575#breadcrumb","itemListElement":[{"@type":"ListItem","position":1,"name":"Accueil","item":"https:\/\/investmedic-store.com\/"},{"@type":"ListItem","position":2,"name":"Shop","item":"https:\/\/investmedic-store.com\/?page_id=5"},{"@type":"ListItem","position":3,"name":"Scialytique Plafonnier A Deux Coupoles Lumi\u00e8re LED 700\/500"}]},{"@type":"WebSite","@id":"https:\/\/investmedic-store.com\/#website","url":"https:\/\/investmedic-store.com\/","name":"invest medic store","description":"Importation &amp; Distribution Du Materiels Medico-Chirurgicales - \u0627\u0633\u062a\u064a\u0631\u0627\u062f \u0648\u062a\u0648\u0632\u064a\u0639 \u0627\u0644\u0645\u0648\u0627\u062f \u0627\u0644\u0637\u0628\u064a\u0629 \u0627\u0644\u062c\u0631\u0627\u062d\u064a\u0629","publisher":{"@id":"https:\/\/investmedic-store.com\/#organization"},"alternateName":"investmedic store","potentialAction":[{"@type":"SearchAction","target":{"@type":"EntryPoint","urlTemplate":"https:\/\/investmedic-store.com\/?s={search_term_string}"},"query-input":"required name=search_term_string"}],"inLanguage":"fr-FR"},{"@type":"Organization","@id":"https:\/\/investmedic-store.com\/#organization","name":"invest.medic store","alternateName":"investmedic store","url":"https:\/\/investmedic-store.com\/","logo":{"@type":"ImageObject","inLanguage":"fr-FR","@id":"https:\/\/investmedic-store.com\/#\/schema\/logo\/image\/","url":"https:\/\/investmedic-store.com\/wp-content\/uploads\/2023\/07\/cropped-LOGO_INVEST-transformed-removebg-preview-transformed-1-e1690120839263.png","contentUrl":"https:\/\/investmedic-store.com\/wp-content\/uploads\/2023\/07\/cropped-LOGO_INVEST-transformed-removebg-preview-transformed-1-e1690120839263.png","width":512,"height":512,"caption":"invest.medic store"},"image":{"@id":"https:\/\/investmedic-store.com\/#\/schema\/logo\/image\/"},"sameAs":["https:\/\/www.facebook.com\/invest.medic"]}]}},"_links":{"self":[{"href":"https:\/\/investmedic-store.com\/index.php?rest_route=\/wp\/v2\/product\/2575"}],"collection":[{"href":"https:\/\/investmedic-store.com\/index.php?rest_route=\/wp\/v2\/product"}],"about":[{"href":"https:\/\/investmedic-store.com\/index.php?rest_route=\/wp\/v2\/types\/product"}],"replies":[{"embeddable":true,"href":"https:\/\/investmedic-store.com\/index.php?rest_route=%2Fwp%2Fv2%2Fcomments&post=2575"}],"wp:featuredmedia":[{"embeddable":true,"href":"https:\/\/investmedic-store.com\/index.php?rest_route=\/wp\/v2\/media\/2576"}],"wp:attachment":[{"href":"https:\/\/investmedic-store.com\/index.php?rest_route=%2Fwp%2Fv2%2Fmedia&parent=2575"}],"wp:term":[{"taxonomy":"product_cat","embeddable":true,"href":"https:\/\/investmedic-store.com\/index.php?rest_route=%2Fwp%2Fv2%2Fproduct_cat&post=2575"},{"taxonomy":"product_tag","embeddable":true,"href":"https:\/\/investmedic-store.com\/index.php?rest_route=%2Fwp%2Fv2%2Fproduct_tag&post=2575"}],"curies":[{"name":"wp","href":"https:\/\/api.w.org\/{rel}","templated":true}]}}