{"id":2391,"date":"2023-10-01T14:55:30","date_gmt":"2023-10-01T13:55:30","guid":{"rendered":"https:\/\/investmedic-store.com\/?post_type=product&#038;p=2391"},"modified":"2025-05-11T09:58:43","modified_gmt":"2025-05-11T08:58:43","slug":"otoscope-vm-t300","status":"publish","type":"product","link":"https:\/\/investmedic-store.com\/?product=otoscope-vm-t300","title":{"rendered":"Otoscope Noire VM-T300"},"content":{"rendered":"<p><strong>DESCRIPTION\u00a0<\/strong><\/p>\n<p>*Nouvelle identification et structure<br \/>\n*grossissement 3X<br \/>\n*Fen\u00eatre de vue plus grande<br \/>\n*Illumination par fibre optique<br \/>\n*Technologie LED \/ Technologie XHL X\u00e9non Halog\u00e8ne<br \/>\n*Manche rechargeable en option<br \/>\n*Illumination &#8211; Illumination par fibre optique<br \/>\n*Luminance &#8211; 18,5 Lumen<br \/>\n*Grossissement &#8211; 3X<br \/>\n*Tailles des embouts &#8211; 2,4 mm, 3 mm, 4 mm, 5 mm<br \/>\n*Ampoule &#8211;<br \/>\n*Mod\u00e8le sp\u00e9cifi\u00e9 : V-BT101 (ampoule LED) \/ V-BT102(ampoule XHL)<br \/>\n*2.5V, 0.7A,\u00d8=4.8mm<br \/>\n*Pile &#8211; 2 piles alcalines AA<br \/>\n*Fonctionnement &#8211; Temp\u00e9rature : 10\u2103~35\u2103<br \/>\n*Humidit\u00e9 : 30%~75%<br \/>\n*Pression de l&#8217;air : 700hPa~1060hPa<br \/>\n*Stockage et<br \/>\n*Transport<br \/>\n*Temp\u00e9rature : -40\u2103~70 \u2103<br \/>\n*Humidit\u00e9 : 10%~90%<br \/>\n*Pression de l&#8217;air : 500hPa~1060hPa<br \/>\n*Norme &#8211;<br \/>\n*MDD 93\/42\/EEC<br \/>\n*IEC 60601-1 : 2012, IEC 60601-1-2:2007<br \/>\n*Otoscope VM-T300<\/p>\n","protected":false},"excerpt":{"rendered":"<p>DESCRIPTION\u00a0 *Nouvelle identification et structure *grossissement 3X *Fen\u00eatre de vue plus grande *Illumination par fibre optique *Technologie LED \/ Technologie XHL X\u00e9non Halog\u00e8ne *Manche rechargeable en option *Illumination &#8211; Illumination par fibre optique *Luminance &#8211; 18,5 Lumen *Grossissement &#8211; 3X *Tailles des embouts &#8211; 2,4 mm, 3 mm, 4 mm, 5 mm *Ampoule &#8211; *Mod\u00e8le &hellip;<\/p>\n<p class=\"read-more\"> <a class=\" thunk-readmore button \" href=\"https:\/\/investmedic-store.com\/?product=otoscope-vm-t300\"> <span class=\"screen-reader-text\">Otoscope Noire VM-T300<\/span>Read More<\/a><\/p>\n","protected":false},"featured_media":2404,"comment_status":"open","ping_status":"closed","template":"","meta":{"om_disable_all_campaigns":false,"_joinchat":[]},"product_cat":[175],"product_tag":[],"yoast_head":"<!-- This site is optimized with the Yoast SEO plugin v20.12 - https:\/\/yoast.com\/wordpress\/plugins\/seo\/ -->\n<title>Otoscope Noire VM-T300 - investmedic-store.com<\/title>\n<meta name=\"robots\" content=\"index, follow, max-snippet:-1, max-image-preview:large, max-video-preview:-1\" \/>\n<link rel=\"canonical\" href=\"https:\/\/investmedic-store.com\/?product=otoscope-vm-t300\" \/>\n<meta property=\"og:locale\" content=\"fr_FR\" \/>\n<meta property=\"og:type\" content=\"article\" \/>\n<meta property=\"og:title\" content=\"Otoscope Noire VM-T300 - investmedic-store.com\" \/>\n<meta property=\"og:description\" content=\"DESCRIPTION\u00a0 *Nouvelle identification et structure *grossissement 3X *Fen\u00eatre de vue plus grande *Illumination par fibre optique *Technologie LED \/ Technologie XHL X\u00e9non Halog\u00e8ne *Manche rechargeable en option *Illumination &#8211; Illumination par fibre optique *Luminance &#8211; 18,5 Lumen *Grossissement &#8211; 3X *Tailles des embouts &#8211; 2,4 mm, 3 mm, 4 mm, 5 mm *Ampoule &#8211; *Mod\u00e8le &hellip; Otoscope Noire VM-T300Read More\" \/>\n<meta property=\"og:url\" content=\"https:\/\/investmedic-store.com\/?product=otoscope-vm-t300\" \/>\n<meta property=\"og:site_name\" content=\"investmedic-store.com\" \/>\n<meta property=\"article:publisher\" content=\"https:\/\/www.facebook.com\/invest.medic\" \/>\n<meta property=\"article:modified_time\" content=\"2025-05-11T08:58:43+00:00\" \/>\n<meta property=\"og:image\" content=\"http:\/\/investmedic-store.com\/wp-content\/uploads\/2023\/10\/photo_2023-10-07_11-53-17.jpg\" \/>\n\t<meta property=\"og:image:width\" content=\"960\" \/>\n\t<meta property=\"og:image:height\" content=\"1174\" \/>\n\t<meta property=\"og:image:type\" content=\"image\/jpeg\" \/>\n<meta name=\"twitter:card\" content=\"summary_large_image\" \/>\n<meta name=\"twitter:label1\" content=\"Dur\u00e9e de lecture estim\u00e9e\" \/>\n\t<meta name=\"twitter:data1\" content=\"1 minute\" \/>\n<script type=\"application\/ld+json\" class=\"yoast-schema-graph\">{\"@context\":\"https:\/\/schema.org\",\"@graph\":[{\"@type\":\"WebPage\",\"@id\":\"https:\/\/investmedic-store.com\/?product=otoscope-vm-t300\",\"url\":\"https:\/\/investmedic-store.com\/?product=otoscope-vm-t300\",\"name\":\"Otoscope Noire VM-T300 - investmedic-store.com\",\"isPartOf\":{\"@id\":\"https:\/\/investmedic-store.com\/#website\"},\"datePublished\":\"2023-10-01T13:55:30+00:00\",\"dateModified\":\"2025-05-11T08:58:43+00:00\",\"breadcrumb\":{\"@id\":\"https:\/\/investmedic-store.com\/?product=otoscope-vm-t300#breadcrumb\"},\"inLanguage\":\"fr-FR\",\"potentialAction\":[{\"@type\":\"ReadAction\",\"target\":[\"https:\/\/investmedic-store.com\/?product=otoscope-vm-t300\"]}]},{\"@type\":\"BreadcrumbList\",\"@id\":\"https:\/\/investmedic-store.com\/?product=otoscope-vm-t300#breadcrumb\",\"itemListElement\":[{\"@type\":\"ListItem\",\"position\":1,\"name\":\"Accueil\",\"item\":\"https:\/\/investmedic-store.com\/\"},{\"@type\":\"ListItem\",\"position\":2,\"name\":\"Shop\",\"item\":\"https:\/\/investmedic-store.com\/?page_id=5\"},{\"@type\":\"ListItem\",\"position\":3,\"name\":\"Otoscope Noire VM-T300\"}]},{\"@type\":\"WebSite\",\"@id\":\"https:\/\/investmedic-store.com\/#website\",\"url\":\"https:\/\/investmedic-store.com\/\",\"name\":\"invest medic store\",\"description\":\"Importation &amp; Distribution Du Materiels Medico-Chirurgicales - \u0627\u0633\u062a\u064a\u0631\u0627\u062f \u0648\u062a\u0648\u0632\u064a\u0639 \u0627\u0644\u0645\u0648\u0627\u062f \u0627\u0644\u0637\u0628\u064a\u0629 \u0627\u0644\u062c\u0631\u0627\u062d\u064a\u0629\",\"publisher\":{\"@id\":\"https:\/\/investmedic-store.com\/#organization\"},\"alternateName\":\"investmedic store\",\"potentialAction\":[{\"@type\":\"SearchAction\",\"target\":{\"@type\":\"EntryPoint\",\"urlTemplate\":\"https:\/\/investmedic-store.com\/?s={search_term_string}\"},\"query-input\":\"required name=search_term_string\"}],\"inLanguage\":\"fr-FR\"},{\"@type\":\"Organization\",\"@id\":\"https:\/\/investmedic-store.com\/#organization\",\"name\":\"invest.medic store\",\"alternateName\":\"investmedic store\",\"url\":\"https:\/\/investmedic-store.com\/\",\"logo\":{\"@type\":\"ImageObject\",\"inLanguage\":\"fr-FR\",\"@id\":\"https:\/\/investmedic-store.com\/#\/schema\/logo\/image\/\",\"url\":\"https:\/\/investmedic-store.com\/wp-content\/uploads\/2023\/07\/cropped-LOGO_INVEST-transformed-removebg-preview-transformed-1-e1690120839263.png\",\"contentUrl\":\"https:\/\/investmedic-store.com\/wp-content\/uploads\/2023\/07\/cropped-LOGO_INVEST-transformed-removebg-preview-transformed-1-e1690120839263.png\",\"width\":512,\"height\":512,\"caption\":\"invest.medic store\"},\"image\":{\"@id\":\"https:\/\/investmedic-store.com\/#\/schema\/logo\/image\/\"},\"sameAs\":[\"https:\/\/www.facebook.com\/invest.medic\"]}]}<\/script>\n<!-- \/ Yoast SEO plugin. -->","yoast_head_json":{"title":"Otoscope Noire VM-T300 - investmedic-store.com","robots":{"index":"index","follow":"follow","max-snippet":"max-snippet:-1","max-image-preview":"max-image-preview:large","max-video-preview":"max-video-preview:-1"},"canonical":"https:\/\/investmedic-store.com\/?product=otoscope-vm-t300","og_locale":"fr_FR","og_type":"article","og_title":"Otoscope Noire VM-T300 - investmedic-store.com","og_description":"DESCRIPTION\u00a0 *Nouvelle identification et structure *grossissement 3X *Fen\u00eatre de vue plus grande *Illumination par fibre optique *Technologie LED \/ Technologie XHL X\u00e9non Halog\u00e8ne *Manche rechargeable en option *Illumination &#8211; Illumination par fibre optique *Luminance &#8211; 18,5 Lumen *Grossissement &#8211; 3X *Tailles des embouts &#8211; 2,4 mm, 3 mm, 4 mm, 5 mm *Ampoule &#8211; *Mod\u00e8le &hellip; Otoscope Noire VM-T300Read More","og_url":"https:\/\/investmedic-store.com\/?product=otoscope-vm-t300","og_site_name":"investmedic-store.com","article_publisher":"https:\/\/www.facebook.com\/invest.medic","article_modified_time":"2025-05-11T08:58:43+00:00","og_image":[{"width":960,"height":1174,"url":"http:\/\/investmedic-store.com\/wp-content\/uploads\/2023\/10\/photo_2023-10-07_11-53-17.jpg","type":"image\/jpeg"}],"twitter_card":"summary_large_image","twitter_misc":{"Dur\u00e9e de lecture estim\u00e9e":"1 minute"},"schema":{"@context":"https:\/\/schema.org","@graph":[{"@type":"WebPage","@id":"https:\/\/investmedic-store.com\/?product=otoscope-vm-t300","url":"https:\/\/investmedic-store.com\/?product=otoscope-vm-t300","name":"Otoscope Noire VM-T300 - investmedic-store.com","isPartOf":{"@id":"https:\/\/investmedic-store.com\/#website"},"datePublished":"2023-10-01T13:55:30+00:00","dateModified":"2025-05-11T08:58:43+00:00","breadcrumb":{"@id":"https:\/\/investmedic-store.com\/?product=otoscope-vm-t300#breadcrumb"},"inLanguage":"fr-FR","potentialAction":[{"@type":"ReadAction","target":["https:\/\/investmedic-store.com\/?product=otoscope-vm-t300"]}]},{"@type":"BreadcrumbList","@id":"https:\/\/investmedic-store.com\/?product=otoscope-vm-t300#breadcrumb","itemListElement":[{"@type":"ListItem","position":1,"name":"Accueil","item":"https:\/\/investmedic-store.com\/"},{"@type":"ListItem","position":2,"name":"Shop","item":"https:\/\/investmedic-store.com\/?page_id=5"},{"@type":"ListItem","position":3,"name":"Otoscope Noire VM-T300"}]},{"@type":"WebSite","@id":"https:\/\/investmedic-store.com\/#website","url":"https:\/\/investmedic-store.com\/","name":"invest medic store","description":"Importation &amp; Distribution Du Materiels Medico-Chirurgicales - \u0627\u0633\u062a\u064a\u0631\u0627\u062f \u0648\u062a\u0648\u0632\u064a\u0639 \u0627\u0644\u0645\u0648\u0627\u062f \u0627\u0644\u0637\u0628\u064a\u0629 \u0627\u0644\u062c\u0631\u0627\u062d\u064a\u0629","publisher":{"@id":"https:\/\/investmedic-store.com\/#organization"},"alternateName":"investmedic store","potentialAction":[{"@type":"SearchAction","target":{"@type":"EntryPoint","urlTemplate":"https:\/\/investmedic-store.com\/?s={search_term_string}"},"query-input":"required name=search_term_string"}],"inLanguage":"fr-FR"},{"@type":"Organization","@id":"https:\/\/investmedic-store.com\/#organization","name":"invest.medic store","alternateName":"investmedic store","url":"https:\/\/investmedic-store.com\/","logo":{"@type":"ImageObject","inLanguage":"fr-FR","@id":"https:\/\/investmedic-store.com\/#\/schema\/logo\/image\/","url":"https:\/\/investmedic-store.com\/wp-content\/uploads\/2023\/07\/cropped-LOGO_INVEST-transformed-removebg-preview-transformed-1-e1690120839263.png","contentUrl":"https:\/\/investmedic-store.com\/wp-content\/uploads\/2023\/07\/cropped-LOGO_INVEST-transformed-removebg-preview-transformed-1-e1690120839263.png","width":512,"height":512,"caption":"invest.medic store"},"image":{"@id":"https:\/\/investmedic-store.com\/#\/schema\/logo\/image\/"},"sameAs":["https:\/\/www.facebook.com\/invest.medic"]}]}},"_links":{"self":[{"href":"https:\/\/investmedic-store.com\/index.php?rest_route=\/wp\/v2\/product\/2391"}],"collection":[{"href":"https:\/\/investmedic-store.com\/index.php?rest_route=\/wp\/v2\/product"}],"about":[{"href":"https:\/\/investmedic-store.com\/index.php?rest_route=\/wp\/v2\/types\/product"}],"replies":[{"embeddable":true,"href":"https:\/\/investmedic-store.com\/index.php?rest_route=%2Fwp%2Fv2%2Fcomments&post=2391"}],"wp:featuredmedia":[{"embeddable":true,"href":"https:\/\/investmedic-store.com\/index.php?rest_route=\/wp\/v2\/media\/2404"}],"wp:attachment":[{"href":"https:\/\/investmedic-store.com\/index.php?rest_route=%2Fwp%2Fv2%2Fmedia&parent=2391"}],"wp:term":[{"taxonomy":"product_cat","embeddable":true,"href":"https:\/\/investmedic-store.com\/index.php?rest_route=%2Fwp%2Fv2%2Fproduct_cat&post=2391"},{"taxonomy":"product_tag","embeddable":true,"href":"https:\/\/investmedic-store.com\/index.php?rest_route=%2Fwp%2Fv2%2Fproduct_tag&post=2391"}],"curies":[{"name":"wp","href":"https:\/\/api.w.org\/{rel}","templated":true}]}}