{"id":2384,"date":"2023-09-30T23:17:01","date_gmt":"2023-09-30T22:17:01","guid":{"rendered":"https:\/\/investmedic-store.com\/?post_type=product&#038;p=2384"},"modified":"2023-09-30T23:17:01","modified_gmt":"2023-09-30T22:17:01","slug":"fauteuil-dentaire-za-208a","status":"publish","type":"product","link":"https:\/\/investmedic-store.com\/?product=fauteuil-dentaire-za-208a","title":{"rendered":"FAUTEUIL DENTAIRE ZA-208A"},"content":{"rendered":"<p>Caract\u00e9ristiques<\/p>\n<p>*Crachoir en verre rotatif de 1,90 degr\u00e9<br \/>\n*Fauteuil moteur 2.24V DC<br \/>\n*LED lampe de fonctionnement<br \/>\n*Plateau d\u2019instruments mont\u00e9 vers le bas<br \/>\n*Seringue 3 voies (plateau)eau chaude<br \/>\n*Seringue 3 voies (plateau d\u2019assant)eau froide<br \/>\n*systerm1 de contr\u00f4le principal<br \/>\n*Tube d\u2019aspiration fort<br \/>\n*Tube d\u2019aspiration faible<br \/>\n*Viwer LED mobiles<br \/>\n*Syst\u00e8me de purification de l\u2019eau<br \/>\n*Plateau d\u2019instruments de frein \u00e0 air<br \/>\n*Interrupteur de s\u00e9curit\u00e9 d\u2019urgence allumer\/\u00e9teindre<br \/>\n*Tapis de protection du plateau d\u2019instruments<br \/>\n*bo\u00eetiers externes (ou bo\u00eetier int\u00e9gr\u00e9)<br \/>\n*Contr\u00f4leur au pied mulitifuction<br \/>\n*Fonction d\u2019appui sur les touches pour le fractionnement<br \/>\n*Bo\u00eetier de commande avec interrupteur principal (eau, air, alimentation)<br \/>\n*Affichage de l\u2019\u00e9tat de fonctionnement<br \/>\n*9 Souvenirs<br \/>\n*Lucury Selles de dentiste<br \/>\n*Plaque de verre<br \/>\n*armoire mobile<br \/>\n*Cadre de chaise compensateur<br \/>\n*Le cadre de chaise interal de 3e g\u00e9n\u00e9ration avec fonction de<br \/>\n*compensation am\u00e9lior\u00e9e<br \/>\n*Cuir de luxe en microfibre pour environnement<br \/>\n*Armoire en aluminium coul\u00e9<br \/>\n*Vanne unidirectionnelle d\u2019eau (fonction anti-refoulement)<\/p>\n","protected":false},"excerpt":{"rendered":"<p>Caract\u00e9ristiques *Crachoir en verre rotatif de 1,90 degr\u00e9 *Fauteuil moteur 2.24V DC *LED lampe de fonctionnement *Plateau d\u2019instruments mont\u00e9 vers le bas *Seringue 3 voies (plateau)eau chaude *Seringue 3 voies (plateau d\u2019assant)eau froide *systerm1 de contr\u00f4le principal *Tube d\u2019aspiration fort *Tube d\u2019aspiration faible *Viwer LED mobiles *Syst\u00e8me de purification de l\u2019eau *Plateau d\u2019instruments de frein &hellip;<\/p>\n<p class=\"read-more\"> <a class=\" thunk-readmore button \" href=\"https:\/\/investmedic-store.com\/?product=fauteuil-dentaire-za-208a\"> <span class=\"screen-reader-text\">FAUTEUIL DENTAIRE ZA-208A<\/span>Read More<\/a><\/p>\n","protected":false},"featured_media":2385,"comment_status":"open","ping_status":"closed","template":"","meta":{"om_disable_all_campaigns":false,"_joinchat":[]},"product_cat":[172],"product_tag":[],"yoast_head":"<!-- This site is optimized with the Yoast SEO plugin v20.12 - https:\/\/yoast.com\/wordpress\/plugins\/seo\/ -->\n<title>FAUTEUIL DENTAIRE ZA-208A - investmedic-store.com<\/title>\n<meta name=\"robots\" content=\"index, follow, max-snippet:-1, max-image-preview:large, max-video-preview:-1\" \/>\n<link rel=\"canonical\" href=\"https:\/\/investmedic-store.com\/?product=fauteuil-dentaire-za-208a\" \/>\n<meta property=\"og:locale\" content=\"fr_FR\" \/>\n<meta property=\"og:type\" content=\"article\" \/>\n<meta property=\"og:title\" content=\"FAUTEUIL DENTAIRE ZA-208A - investmedic-store.com\" \/>\n<meta property=\"og:description\" content=\"Caract\u00e9ristiques *Crachoir en verre rotatif de 1,90 degr\u00e9 *Fauteuil moteur 2.24V DC *LED lampe de fonctionnement *Plateau d\u2019instruments mont\u00e9 vers le bas *Seringue 3 voies (plateau)eau chaude *Seringue 3 voies (plateau d\u2019assant)eau froide *systerm1 de contr\u00f4le principal *Tube d\u2019aspiration fort *Tube d\u2019aspiration faible *Viwer LED mobiles *Syst\u00e8me de purification de l\u2019eau *Plateau d\u2019instruments de frein &hellip; FAUTEUIL DENTAIRE ZA-208ARead More\" \/>\n<meta property=\"og:url\" content=\"https:\/\/investmedic-store.com\/?product=fauteuil-dentaire-za-208a\" \/>\n<meta property=\"og:site_name\" content=\"investmedic-store.com\" \/>\n<meta property=\"article:publisher\" content=\"https:\/\/www.facebook.com\/invest.medic\" \/>\n<meta property=\"og:image\" content=\"http:\/\/investmedic-store.com\/wp-content\/uploads\/2023\/09\/photo_2023-09-28_21-06-59.jpg\" \/>\n\t<meta property=\"og:image:width\" content=\"960\" \/>\n\t<meta property=\"og:image:height\" content=\"1280\" \/>\n\t<meta property=\"og:image:type\" content=\"image\/jpeg\" \/>\n<meta name=\"twitter:card\" content=\"summary_large_image\" \/>\n<meta name=\"twitter:label1\" content=\"Dur\u00e9e de lecture estim\u00e9e\" \/>\n\t<meta name=\"twitter:data1\" content=\"1 minute\" \/>\n<script type=\"application\/ld+json\" class=\"yoast-schema-graph\">{\"@context\":\"https:\/\/schema.org\",\"@graph\":[{\"@type\":\"WebPage\",\"@id\":\"https:\/\/investmedic-store.com\/?product=fauteuil-dentaire-za-208a\",\"url\":\"https:\/\/investmedic-store.com\/?product=fauteuil-dentaire-za-208a\",\"name\":\"FAUTEUIL DENTAIRE ZA-208A - investmedic-store.com\",\"isPartOf\":{\"@id\":\"https:\/\/investmedic-store.com\/#website\"},\"datePublished\":\"2023-09-30T22:17:01+00:00\",\"dateModified\":\"2023-09-30T22:17:01+00:00\",\"breadcrumb\":{\"@id\":\"https:\/\/investmedic-store.com\/?product=fauteuil-dentaire-za-208a#breadcrumb\"},\"inLanguage\":\"fr-FR\",\"potentialAction\":[{\"@type\":\"ReadAction\",\"target\":[\"https:\/\/investmedic-store.com\/?product=fauteuil-dentaire-za-208a\"]}]},{\"@type\":\"BreadcrumbList\",\"@id\":\"https:\/\/investmedic-store.com\/?product=fauteuil-dentaire-za-208a#breadcrumb\",\"itemListElement\":[{\"@type\":\"ListItem\",\"position\":1,\"name\":\"Accueil\",\"item\":\"https:\/\/investmedic-store.com\/\"},{\"@type\":\"ListItem\",\"position\":2,\"name\":\"Shop\",\"item\":\"https:\/\/investmedic-store.com\/?page_id=5\"},{\"@type\":\"ListItem\",\"position\":3,\"name\":\"FAUTEUIL DENTAIRE ZA-208A\"}]},{\"@type\":\"WebSite\",\"@id\":\"https:\/\/investmedic-store.com\/#website\",\"url\":\"https:\/\/investmedic-store.com\/\",\"name\":\"invest medic store\",\"description\":\"Importation &amp; Distribution Du Materiels Medico-Chirurgicales - \u0627\u0633\u062a\u064a\u0631\u0627\u062f \u0648\u062a\u0648\u0632\u064a\u0639 \u0627\u0644\u0645\u0648\u0627\u062f \u0627\u0644\u0637\u0628\u064a\u0629 \u0627\u0644\u062c\u0631\u0627\u062d\u064a\u0629\",\"publisher\":{\"@id\":\"https:\/\/investmedic-store.com\/#organization\"},\"alternateName\":\"investmedic store\",\"potentialAction\":[{\"@type\":\"SearchAction\",\"target\":{\"@type\":\"EntryPoint\",\"urlTemplate\":\"https:\/\/investmedic-store.com\/?s={search_term_string}\"},\"query-input\":\"required name=search_term_string\"}],\"inLanguage\":\"fr-FR\"},{\"@type\":\"Organization\",\"@id\":\"https:\/\/investmedic-store.com\/#organization\",\"name\":\"invest.medic store\",\"alternateName\":\"investmedic store\",\"url\":\"https:\/\/investmedic-store.com\/\",\"logo\":{\"@type\":\"ImageObject\",\"inLanguage\":\"fr-FR\",\"@id\":\"https:\/\/investmedic-store.com\/#\/schema\/logo\/image\/\",\"url\":\"https:\/\/investmedic-store.com\/wp-content\/uploads\/2023\/07\/cropped-LOGO_INVEST-transformed-removebg-preview-transformed-1-e1690120839263.png\",\"contentUrl\":\"https:\/\/investmedic-store.com\/wp-content\/uploads\/2023\/07\/cropped-LOGO_INVEST-transformed-removebg-preview-transformed-1-e1690120839263.png\",\"width\":512,\"height\":512,\"caption\":\"invest.medic store\"},\"image\":{\"@id\":\"https:\/\/investmedic-store.com\/#\/schema\/logo\/image\/\"},\"sameAs\":[\"https:\/\/www.facebook.com\/invest.medic\"]}]}<\/script>\n<!-- \/ Yoast SEO plugin. -->","yoast_head_json":{"title":"FAUTEUIL DENTAIRE ZA-208A - investmedic-store.com","robots":{"index":"index","follow":"follow","max-snippet":"max-snippet:-1","max-image-preview":"max-image-preview:large","max-video-preview":"max-video-preview:-1"},"canonical":"https:\/\/investmedic-store.com\/?product=fauteuil-dentaire-za-208a","og_locale":"fr_FR","og_type":"article","og_title":"FAUTEUIL DENTAIRE ZA-208A - investmedic-store.com","og_description":"Caract\u00e9ristiques *Crachoir en verre rotatif de 1,90 degr\u00e9 *Fauteuil moteur 2.24V DC *LED lampe de fonctionnement *Plateau d\u2019instruments mont\u00e9 vers le bas *Seringue 3 voies (plateau)eau chaude *Seringue 3 voies (plateau d\u2019assant)eau froide *systerm1 de contr\u00f4le principal *Tube d\u2019aspiration fort *Tube d\u2019aspiration faible *Viwer LED mobiles *Syst\u00e8me de purification de l\u2019eau *Plateau d\u2019instruments de frein &hellip; FAUTEUIL DENTAIRE ZA-208ARead More","og_url":"https:\/\/investmedic-store.com\/?product=fauteuil-dentaire-za-208a","og_site_name":"investmedic-store.com","article_publisher":"https:\/\/www.facebook.com\/invest.medic","og_image":[{"width":960,"height":1280,"url":"http:\/\/investmedic-store.com\/wp-content\/uploads\/2023\/09\/photo_2023-09-28_21-06-59.jpg","type":"image\/jpeg"}],"twitter_card":"summary_large_image","twitter_misc":{"Dur\u00e9e de lecture estim\u00e9e":"1 minute"},"schema":{"@context":"https:\/\/schema.org","@graph":[{"@type":"WebPage","@id":"https:\/\/investmedic-store.com\/?product=fauteuil-dentaire-za-208a","url":"https:\/\/investmedic-store.com\/?product=fauteuil-dentaire-za-208a","name":"FAUTEUIL DENTAIRE ZA-208A - investmedic-store.com","isPartOf":{"@id":"https:\/\/investmedic-store.com\/#website"},"datePublished":"2023-09-30T22:17:01+00:00","dateModified":"2023-09-30T22:17:01+00:00","breadcrumb":{"@id":"https:\/\/investmedic-store.com\/?product=fauteuil-dentaire-za-208a#breadcrumb"},"inLanguage":"fr-FR","potentialAction":[{"@type":"ReadAction","target":["https:\/\/investmedic-store.com\/?product=fauteuil-dentaire-za-208a"]}]},{"@type":"BreadcrumbList","@id":"https:\/\/investmedic-store.com\/?product=fauteuil-dentaire-za-208a#breadcrumb","itemListElement":[{"@type":"ListItem","position":1,"name":"Accueil","item":"https:\/\/investmedic-store.com\/"},{"@type":"ListItem","position":2,"name":"Shop","item":"https:\/\/investmedic-store.com\/?page_id=5"},{"@type":"ListItem","position":3,"name":"FAUTEUIL DENTAIRE ZA-208A"}]},{"@type":"WebSite","@id":"https:\/\/investmedic-store.com\/#website","url":"https:\/\/investmedic-store.com\/","name":"invest medic store","description":"Importation &amp; Distribution Du Materiels Medico-Chirurgicales - \u0627\u0633\u062a\u064a\u0631\u0627\u062f \u0648\u062a\u0648\u0632\u064a\u0639 \u0627\u0644\u0645\u0648\u0627\u062f \u0627\u0644\u0637\u0628\u064a\u0629 \u0627\u0644\u062c\u0631\u0627\u062d\u064a\u0629","publisher":{"@id":"https:\/\/investmedic-store.com\/#organization"},"alternateName":"investmedic store","potentialAction":[{"@type":"SearchAction","target":{"@type":"EntryPoint","urlTemplate":"https:\/\/investmedic-store.com\/?s={search_term_string}"},"query-input":"required name=search_term_string"}],"inLanguage":"fr-FR"},{"@type":"Organization","@id":"https:\/\/investmedic-store.com\/#organization","name":"invest.medic store","alternateName":"investmedic store","url":"https:\/\/investmedic-store.com\/","logo":{"@type":"ImageObject","inLanguage":"fr-FR","@id":"https:\/\/investmedic-store.com\/#\/schema\/logo\/image\/","url":"https:\/\/investmedic-store.com\/wp-content\/uploads\/2023\/07\/cropped-LOGO_INVEST-transformed-removebg-preview-transformed-1-e1690120839263.png","contentUrl":"https:\/\/investmedic-store.com\/wp-content\/uploads\/2023\/07\/cropped-LOGO_INVEST-transformed-removebg-preview-transformed-1-e1690120839263.png","width":512,"height":512,"caption":"invest.medic store"},"image":{"@id":"https:\/\/investmedic-store.com\/#\/schema\/logo\/image\/"},"sameAs":["https:\/\/www.facebook.com\/invest.medic"]}]}},"_links":{"self":[{"href":"https:\/\/investmedic-store.com\/index.php?rest_route=\/wp\/v2\/product\/2384"}],"collection":[{"href":"https:\/\/investmedic-store.com\/index.php?rest_route=\/wp\/v2\/product"}],"about":[{"href":"https:\/\/investmedic-store.com\/index.php?rest_route=\/wp\/v2\/types\/product"}],"replies":[{"embeddable":true,"href":"https:\/\/investmedic-store.com\/index.php?rest_route=%2Fwp%2Fv2%2Fcomments&post=2384"}],"wp:featuredmedia":[{"embeddable":true,"href":"https:\/\/investmedic-store.com\/index.php?rest_route=\/wp\/v2\/media\/2385"}],"wp:attachment":[{"href":"https:\/\/investmedic-store.com\/index.php?rest_route=%2Fwp%2Fv2%2Fmedia&parent=2384"}],"wp:term":[{"taxonomy":"product_cat","embeddable":true,"href":"https:\/\/investmedic-store.com\/index.php?rest_route=%2Fwp%2Fv2%2Fproduct_cat&post=2384"},{"taxonomy":"product_tag","embeddable":true,"href":"https:\/\/investmedic-store.com\/index.php?rest_route=%2Fwp%2Fv2%2Fproduct_tag&post=2384"}],"curies":[{"name":"wp","href":"https:\/\/api.w.org\/{rel}","templated":true}]}}