{"id":2059,"date":"2023-09-18T13:11:22","date_gmt":"2023-09-18T12:11:22","guid":{"rendered":"https:\/\/investmedic-store.com\/?post_type=product&#038;p=2059"},"modified":"2023-09-18T13:11:23","modified_gmt":"2023-09-18T12:11:23","slug":"sip-1200-pompe-dirrigation-alphirrigation-roller-ball","status":"publish","type":"product","link":"https:\/\/investmedic-store.com\/?product=sip-1200-pompe-dirrigation-alphirrigation-roller-ball","title":{"rendered":"SIP-1200 POMPE D&#8217;IRRIGATION ALPHIRRIGATION ROLLER BALL"},"content":{"rendered":"<p><strong>\u00c9quipement laparoscopique POMPE D&#8217;ALPHIRRIGATION [IPex-1200 L]<\/strong>\u00a0:<\/p>\n<p>Compensation intelligente des fuites pour une visualisation optimale de l&#8217;\u00e9quilibre des fluides<br \/>\nMesure de pression sans contact<br \/>\nTr\u00e8s simple \u00e0 utiliser<br \/>\nSurveillance permanente des patients<br \/>\nTemps de d\u00e9marrage rapide<br \/>\nEnsemble de tubes facile \u00e0 charger<br \/>\nContr\u00f4le et r\u00e9gulation pr\u00e9cis de la pression<br \/>\nPetite courbe d&#8217;apprentissage pour le chirurgien et l&#8217;infirmi\u00e8re<br \/>\nAffichage LCD<br \/>\nAppareil:<\/p>\n<p><strong>Description<\/strong><\/p>\n<p>Pompe d&#8217;alphirrigation\u00a0 \u00a0 \u00a0 \u00a0 IPEX-1200L\u00a0 \u00a0 \u00a0 \u00a0 [Roller Ball] avec \u00e9cran LCD<\/p>\n<p><strong>Accessoires fournis<\/strong>:<\/p>\n<p><strong>Description<\/strong><\/p>\n<p>Ensemble de tubes d&#8217;irrigation\u00a0 \u00a0 \u00a0 ITS-03-SA\u00a0 \u00a0 \u00a0 \u00a0 avec aiguille IV et Luer Lock<\/p>\n<p>MC-03\u00a0 \u00a0 \u00a0 \u00a0 \u00a0 \u00a0 Cordon secteur<\/p>\n<p><strong>Donn\u00e9es techniques:<\/strong><\/p>\n<p>Milieu d&#8217;insufflation:\u00a0 \u00a0 \u00a0 \u00a0 Solution saline\/glycine<\/p>\n<p>Plage de pression:\u00a0 \u00a0 \u00a0 \u00a0 \u00a0 \u00a0 5 \u00e0 500 mmhg<\/p>\n<p>Plage de d\u00e9bit:\u00a0 \u00a0 \u00a0 \u00a0 \u00a0 \u00a0 \u00a0 \u00a0 \u00a0 0,1 \u00e0 1,2 L\/min<\/p>\n<p>Source de courant:\u00a0 \u00a0 \u00a0 \u00a0 \u00a0 \u00a0170 \u00e0 240<br \/>\nFr\u00e9quence:\u00a0 \u00a0 \u00a0 \u00a0 \u00a0 \u00a0 \u00a0 \u00a0 \u00a0 \u00a0 \u00a0 \u00a0 50 Hz<\/p>\n<p>Puissance maximum:\u00a0 \u00a0 \u00a0 150W<\/p>\n<p>Classification:\u00a0 \u00a0 \u00a0 \u00a0 \u00a0 \u00a0 \u00a0 \u00a0 \u00a0Classe de protection I, type BF<\/p>\n<p>Dimensions (LxHxP):\u00a0 \u00a0 300x320x138mm<br \/>\nPoids:\u00a0 \u00a0 \u00a0 \u00a0 \u00a0 \u00a0 \u00a0 \u00a0 \u00a0 \u00a0 \u00a0 \u00a0 \u00a0 \u00a0 \u00a0 \u00a012 kg.<\/p>\n<p>Code article : IPex1000<\/p>\n","protected":false},"excerpt":{"rendered":"<p>D\u00e9tails du produit:<\/p>\n<p>Utilisation\/Application :\u00a0 \u00a0 H\u00f4pital<br \/>\nUtilisabilit\u00e9 :\u00a0 \u00a0 \u00a0 R\u00e9utilisable<br \/>\nMat\u00e9riau :\u00a0 \u00a0 \u00a0 M\u00e9tal<br \/>\nMarque:\u00a0 \u00a0 OM SURGICALS<br \/>\nSt\u00e9rilit\u00e9 :\u00a0 \u00a0 St\u00e9rile<br \/>\nCouleur :\u00a0 \u00a0Gris<br \/>\nTaille\/Dimensions :\u00a0 \u00a0 300 x 320 x 138 mm<br \/>\nFr\u00e9quence de balayage Hz :\u00a0 \u00a0 50 Hz<br \/>\nPays d&#8217;origine\u00a0 :\u00a0 \u00a0Fabriqu\u00e9 en Inde<br \/>\nPoids :\u00a0 12kgs<br \/>\nDimension (L x H x P) :\u00a0 300 x 320 x 138 mm<br \/>\nPuissance maximale :\u00a0 \u00a0200 W<\/p>\n","protected":false},"featured_media":2060,"comment_status":"open","ping_status":"closed","template":"","meta":{"om_disable_all_campaigns":false,"_joinchat":[]},"product_cat":[85,87],"product_tag":[],"yoast_head":"<!-- This site is optimized with the Yoast SEO plugin v20.12 - https:\/\/yoast.com\/wordpress\/plugins\/seo\/ -->\n<title>SIP-1200 POMPE D&#039;IRRIGATION ALPHIRRIGATION ROLLER BALL - investmedic-store.com<\/title>\n<meta name=\"robots\" content=\"index, follow, max-snippet:-1, max-image-preview:large, max-video-preview:-1\" \/>\n<link rel=\"canonical\" href=\"https:\/\/investmedic-store.com\/?product=sip-1200-pompe-dirrigation-alphirrigation-roller-ball\" \/>\n<meta property=\"og:locale\" content=\"fr_FR\" \/>\n<meta property=\"og:type\" content=\"article\" \/>\n<meta property=\"og:title\" content=\"SIP-1200 POMPE D&#039;IRRIGATION ALPHIRRIGATION ROLLER BALL - investmedic-store.com\" \/>\n<meta property=\"og:description\" content=\"D\u00e9tails du produit:  Utilisation\/Application :\u00a0 \u00a0 H\u00f4pital Utilisabilit\u00e9 :\u00a0 \u00a0 \u00a0 R\u00e9utilisable Mat\u00e9riau :\u00a0 \u00a0 \u00a0 M\u00e9tal Marque:\u00a0 \u00a0 OM SURGICALS St\u00e9rilit\u00e9 :\u00a0 \u00a0 St\u00e9rile Couleur :\u00a0 \u00a0Gris Taille\/Dimensions :\u00a0 \u00a0 300 x 320 x 138 mm Fr\u00e9quence de balayage Hz :\u00a0 \u00a0 50 Hz Pays d&#039;origine\u00a0 :\u00a0 \u00a0Fabriqu\u00e9 en Inde Poids :\u00a0 12kgs Dimension (L x H x P) :\u00a0 300 x 320 x 138 mm Puissance maximale :\u00a0 \u00a0200 W\" \/>\n<meta property=\"og:url\" content=\"https:\/\/investmedic-store.com\/?product=sip-1200-pompe-dirrigation-alphirrigation-roller-ball\" \/>\n<meta property=\"og:site_name\" content=\"investmedic-store.com\" \/>\n<meta property=\"article:publisher\" content=\"https:\/\/www.facebook.com\/invest.medic\" \/>\n<meta property=\"article:modified_time\" content=\"2023-09-18T12:11:23+00:00\" \/>\n<meta property=\"og:image\" content=\"http:\/\/investmedic-store.com\/wp-content\/uploads\/2023\/09\/OIP.jpg\" \/>\n\t<meta property=\"og:image:width\" content=\"474\" \/>\n\t<meta property=\"og:image:height\" content=\"474\" \/>\n\t<meta property=\"og:image:type\" content=\"image\/jpeg\" \/>\n<meta name=\"twitter:card\" content=\"summary_large_image\" \/>\n<meta name=\"twitter:label1\" content=\"Dur\u00e9e de lecture estim\u00e9e\" \/>\n\t<meta name=\"twitter:data1\" content=\"1 minute\" \/>\n<script type=\"application\/ld+json\" class=\"yoast-schema-graph\">{\"@context\":\"https:\/\/schema.org\",\"@graph\":[{\"@type\":\"WebPage\",\"@id\":\"https:\/\/investmedic-store.com\/?product=sip-1200-pompe-dirrigation-alphirrigation-roller-ball\",\"url\":\"https:\/\/investmedic-store.com\/?product=sip-1200-pompe-dirrigation-alphirrigation-roller-ball\",\"name\":\"SIP-1200 POMPE D'IRRIGATION ALPHIRRIGATION ROLLER BALL - investmedic-store.com\",\"isPartOf\":{\"@id\":\"https:\/\/investmedic-store.com\/#website\"},\"datePublished\":\"2023-09-18T12:11:22+00:00\",\"dateModified\":\"2023-09-18T12:11:23+00:00\",\"breadcrumb\":{\"@id\":\"https:\/\/investmedic-store.com\/?product=sip-1200-pompe-dirrigation-alphirrigation-roller-ball#breadcrumb\"},\"inLanguage\":\"fr-FR\",\"potentialAction\":[{\"@type\":\"ReadAction\",\"target\":[\"https:\/\/investmedic-store.com\/?product=sip-1200-pompe-dirrigation-alphirrigation-roller-ball\"]}]},{\"@type\":\"BreadcrumbList\",\"@id\":\"https:\/\/investmedic-store.com\/?product=sip-1200-pompe-dirrigation-alphirrigation-roller-ball#breadcrumb\",\"itemListElement\":[{\"@type\":\"ListItem\",\"position\":1,\"name\":\"Accueil\",\"item\":\"https:\/\/investmedic-store.com\/\"},{\"@type\":\"ListItem\",\"position\":2,\"name\":\"Shop\",\"item\":\"https:\/\/investmedic-store.com\/?page_id=5\"},{\"@type\":\"ListItem\",\"position\":3,\"name\":\"SIP-1200 POMPE D&#8217;IRRIGATION ALPHIRRIGATION ROLLER BALL\"}]},{\"@type\":\"WebSite\",\"@id\":\"https:\/\/investmedic-store.com\/#website\",\"url\":\"https:\/\/investmedic-store.com\/\",\"name\":\"invest medic store\",\"description\":\"Importation &amp; Distribution Du Materiels Medico-Chirurgicales - \u0627\u0633\u062a\u064a\u0631\u0627\u062f \u0648\u062a\u0648\u0632\u064a\u0639 \u0627\u0644\u0645\u0648\u0627\u062f \u0627\u0644\u0637\u0628\u064a\u0629 \u0627\u0644\u062c\u0631\u0627\u062d\u064a\u0629\",\"publisher\":{\"@id\":\"https:\/\/investmedic-store.com\/#organization\"},\"alternateName\":\"investmedic store\",\"potentialAction\":[{\"@type\":\"SearchAction\",\"target\":{\"@type\":\"EntryPoint\",\"urlTemplate\":\"https:\/\/investmedic-store.com\/?s={search_term_string}\"},\"query-input\":\"required name=search_term_string\"}],\"inLanguage\":\"fr-FR\"},{\"@type\":\"Organization\",\"@id\":\"https:\/\/investmedic-store.com\/#organization\",\"name\":\"invest.medic store\",\"alternateName\":\"investmedic store\",\"url\":\"https:\/\/investmedic-store.com\/\",\"logo\":{\"@type\":\"ImageObject\",\"inLanguage\":\"fr-FR\",\"@id\":\"https:\/\/investmedic-store.com\/#\/schema\/logo\/image\/\",\"url\":\"https:\/\/investmedic-store.com\/wp-content\/uploads\/2023\/07\/cropped-LOGO_INVEST-transformed-removebg-preview-transformed-1-e1690120839263.png\",\"contentUrl\":\"https:\/\/investmedic-store.com\/wp-content\/uploads\/2023\/07\/cropped-LOGO_INVEST-transformed-removebg-preview-transformed-1-e1690120839263.png\",\"width\":512,\"height\":512,\"caption\":\"invest.medic store\"},\"image\":{\"@id\":\"https:\/\/investmedic-store.com\/#\/schema\/logo\/image\/\"},\"sameAs\":[\"https:\/\/www.facebook.com\/invest.medic\"]}]}<\/script>\n<!-- \/ Yoast SEO plugin. -->","yoast_head_json":{"title":"SIP-1200 POMPE D'IRRIGATION ALPHIRRIGATION ROLLER BALL - investmedic-store.com","robots":{"index":"index","follow":"follow","max-snippet":"max-snippet:-1","max-image-preview":"max-image-preview:large","max-video-preview":"max-video-preview:-1"},"canonical":"https:\/\/investmedic-store.com\/?product=sip-1200-pompe-dirrigation-alphirrigation-roller-ball","og_locale":"fr_FR","og_type":"article","og_title":"SIP-1200 POMPE D'IRRIGATION ALPHIRRIGATION ROLLER BALL - investmedic-store.com","og_description":"D\u00e9tails du produit:  Utilisation\/Application :\u00a0 \u00a0 H\u00f4pital Utilisabilit\u00e9 :\u00a0 \u00a0 \u00a0 R\u00e9utilisable Mat\u00e9riau :\u00a0 \u00a0 \u00a0 M\u00e9tal Marque:\u00a0 \u00a0 OM SURGICALS St\u00e9rilit\u00e9 :\u00a0 \u00a0 St\u00e9rile Couleur :\u00a0 \u00a0Gris Taille\/Dimensions :\u00a0 \u00a0 300 x 320 x 138 mm Fr\u00e9quence de balayage Hz :\u00a0 \u00a0 50 Hz Pays d'origine\u00a0 :\u00a0 \u00a0Fabriqu\u00e9 en Inde Poids :\u00a0 12kgs Dimension (L x H x P) :\u00a0 300 x 320 x 138 mm Puissance maximale :\u00a0 \u00a0200 W","og_url":"https:\/\/investmedic-store.com\/?product=sip-1200-pompe-dirrigation-alphirrigation-roller-ball","og_site_name":"investmedic-store.com","article_publisher":"https:\/\/www.facebook.com\/invest.medic","article_modified_time":"2023-09-18T12:11:23+00:00","og_image":[{"width":474,"height":474,"url":"http:\/\/investmedic-store.com\/wp-content\/uploads\/2023\/09\/OIP.jpg","type":"image\/jpeg"}],"twitter_card":"summary_large_image","twitter_misc":{"Dur\u00e9e de lecture estim\u00e9e":"1 minute"},"schema":{"@context":"https:\/\/schema.org","@graph":[{"@type":"WebPage","@id":"https:\/\/investmedic-store.com\/?product=sip-1200-pompe-dirrigation-alphirrigation-roller-ball","url":"https:\/\/investmedic-store.com\/?product=sip-1200-pompe-dirrigation-alphirrigation-roller-ball","name":"SIP-1200 POMPE D'IRRIGATION ALPHIRRIGATION ROLLER BALL - investmedic-store.com","isPartOf":{"@id":"https:\/\/investmedic-store.com\/#website"},"datePublished":"2023-09-18T12:11:22+00:00","dateModified":"2023-09-18T12:11:23+00:00","breadcrumb":{"@id":"https:\/\/investmedic-store.com\/?product=sip-1200-pompe-dirrigation-alphirrigation-roller-ball#breadcrumb"},"inLanguage":"fr-FR","potentialAction":[{"@type":"ReadAction","target":["https:\/\/investmedic-store.com\/?product=sip-1200-pompe-dirrigation-alphirrigation-roller-ball"]}]},{"@type":"BreadcrumbList","@id":"https:\/\/investmedic-store.com\/?product=sip-1200-pompe-dirrigation-alphirrigation-roller-ball#breadcrumb","itemListElement":[{"@type":"ListItem","position":1,"name":"Accueil","item":"https:\/\/investmedic-store.com\/"},{"@type":"ListItem","position":2,"name":"Shop","item":"https:\/\/investmedic-store.com\/?page_id=5"},{"@type":"ListItem","position":3,"name":"SIP-1200 POMPE D&#8217;IRRIGATION ALPHIRRIGATION ROLLER BALL"}]},{"@type":"WebSite","@id":"https:\/\/investmedic-store.com\/#website","url":"https:\/\/investmedic-store.com\/","name":"invest medic store","description":"Importation &amp; Distribution Du Materiels Medico-Chirurgicales - \u0627\u0633\u062a\u064a\u0631\u0627\u062f \u0648\u062a\u0648\u0632\u064a\u0639 \u0627\u0644\u0645\u0648\u0627\u062f \u0627\u0644\u0637\u0628\u064a\u0629 \u0627\u0644\u062c\u0631\u0627\u062d\u064a\u0629","publisher":{"@id":"https:\/\/investmedic-store.com\/#organization"},"alternateName":"investmedic store","potentialAction":[{"@type":"SearchAction","target":{"@type":"EntryPoint","urlTemplate":"https:\/\/investmedic-store.com\/?s={search_term_string}"},"query-input":"required name=search_term_string"}],"inLanguage":"fr-FR"},{"@type":"Organization","@id":"https:\/\/investmedic-store.com\/#organization","name":"invest.medic store","alternateName":"investmedic store","url":"https:\/\/investmedic-store.com\/","logo":{"@type":"ImageObject","inLanguage":"fr-FR","@id":"https:\/\/investmedic-store.com\/#\/schema\/logo\/image\/","url":"https:\/\/investmedic-store.com\/wp-content\/uploads\/2023\/07\/cropped-LOGO_INVEST-transformed-removebg-preview-transformed-1-e1690120839263.png","contentUrl":"https:\/\/investmedic-store.com\/wp-content\/uploads\/2023\/07\/cropped-LOGO_INVEST-transformed-removebg-preview-transformed-1-e1690120839263.png","width":512,"height":512,"caption":"invest.medic store"},"image":{"@id":"https:\/\/investmedic-store.com\/#\/schema\/logo\/image\/"},"sameAs":["https:\/\/www.facebook.com\/invest.medic"]}]}},"_links":{"self":[{"href":"https:\/\/investmedic-store.com\/index.php?rest_route=\/wp\/v2\/product\/2059"}],"collection":[{"href":"https:\/\/investmedic-store.com\/index.php?rest_route=\/wp\/v2\/product"}],"about":[{"href":"https:\/\/investmedic-store.com\/index.php?rest_route=\/wp\/v2\/types\/product"}],"replies":[{"embeddable":true,"href":"https:\/\/investmedic-store.com\/index.php?rest_route=%2Fwp%2Fv2%2Fcomments&post=2059"}],"wp:featuredmedia":[{"embeddable":true,"href":"https:\/\/investmedic-store.com\/index.php?rest_route=\/wp\/v2\/media\/2060"}],"wp:attachment":[{"href":"https:\/\/investmedic-store.com\/index.php?rest_route=%2Fwp%2Fv2%2Fmedia&parent=2059"}],"wp:term":[{"taxonomy":"product_cat","embeddable":true,"href":"https:\/\/investmedic-store.com\/index.php?rest_route=%2Fwp%2Fv2%2Fproduct_cat&post=2059"},{"taxonomy":"product_tag","embeddable":true,"href":"https:\/\/investmedic-store.com\/index.php?rest_route=%2Fwp%2Fv2%2Fproduct_tag&post=2059"}],"curies":[{"name":"wp","href":"https:\/\/api.w.org\/{rel}","templated":true}]}}