{"id":2040,"date":"2023-09-16T11:06:57","date_gmt":"2023-09-16T10:06:57","guid":{"rendered":"https:\/\/investmedic-store.com\/?post_type=product&#038;p=2040"},"modified":"2023-09-16T11:08:06","modified_gmt":"2023-09-16T10:08:06","slug":"dermapen-my-m","status":"publish","type":"product","link":"https:\/\/investmedic-store.com\/?product=dermapen-my-m","title":{"rendered":"DERMAPEN MY M"},"content":{"rendered":"<p><strong>Qu&#8217;est-ce que le stylo Derma ?<\/strong><\/p>\n<p>Le stylo derma est une th\u00e9rapie de rajeunissement dermatologique portable et automatique \u00e0 micro-aiguilles. Il s&#8217;agit d&#8217;un traitement non chirurgical de rajeunissement de la peau qui est largement utilis\u00e9 pour le rajeunissement de la peau, l&#8217;am\u00e9lioration de l&#8217;\u00e9lasticit\u00e9 de la peau, la r\u00e9duction des rides, la r\u00e9duction des cicatrices d&#8217;acn\u00e9, la r\u00e9duction des vergetures, la stimulation de la croissance des cheveux, le blanchiment et l&#8217;administration d&#8217;ingr\u00e9dients actifs. \u00eatre p\u00e9n\u00e9tr\u00e9 et absorb\u00e9 en stimulant la peau.<\/p>\n<p>Vous n&#8217;avez pas besoin d&#8217;en acheter une nouvelle \u00e0 chaque fois. Remplacez simplement l&#8217;aiguille. La longueur de l&#8217;aiguille est r\u00e9glable de 0,25 mm \u00e0 2,5 mm. Il est plus pratique de traiter des zones \u00e9troites telles que le nez, autour des yeux ou de la bouche. \u00eatre contr\u00f4l\u00e9 sur 5 niveaux.<\/p>\n<p><strong>Que peut faire mym dermapen pour vous ?<\/strong><\/p>\n<p>1. \u00c9limination des rides, \u00e9limination de l&#8217;acn\u00e9, am\u00e9lioration des cicatrices, rajeunissement<br \/>\n2. Le foyer \u00e9troit du site (glabellum, rides, cicatrice)<br \/>\n3. R\u00e9tr\u00e9cir les pores<br \/>\n4. Traitement du gravidarum stri\u00e9<br \/>\n5. Am\u00e9liorer les rides et ridules<br \/>\n6. Traitement des cicatrices d\u2019acn\u00e9 et cicatrisation des plaies<br \/>\n8. Mym Dermapen est tr\u00e8s efficace pour les types de traitements de soins de la peau.<\/p>\n<p>9. Stimuler la croissance des fibres de collag\u00e8ne<\/p>\n<p>10. Am\u00e9liorer la microcirculation<\/p>\n<p>11. Am\u00e9liorer les substances actives des produits de soins de la peau dans les couches cutan\u00e9es plus profondes<\/p>\n<p>12. Traitement contre la perte de cheveux, cheveux fins<\/p>\n<p>13.\u00c9limination des vergetures et traitement des vergetures<\/p>\n<p><strong>Sp\u00e9cification pour le stylo Mym Derma<\/strong>\u00a0:<\/p>\n<p>Num\u00e9ro d&#8217;aiguille:\u00a0 \u00a0 \u00a09 broches, 12 broches, 36 broches, 42 broches et aiguille Nano<\/p>\n<p>Type d&#8217;aiguille:\u00a0 \u00a0 \u00a0 \u00a0 \u00a0 \u00a0 0,25 mm, 0,5 mm, 1,0 mm, 1,5 mm, 2,0 mm, 2,5 mm<\/p>\n<p>Taille de l&#8217;emballage:\u00a0 \u00a0 \u00a0 26*26*10cm<\/p>\n<p>Adaptateur:\u00a0 \u00a0 \u00a0 \u00a0 \u00a05V-300MA<\/p>\n<p>Mat\u00e9riau de l&#8217;aiguille:\u00a0 \u00a0 m\u00e9dical en acier inoxydable<\/p>\n<p>NO\/GW:\u00a0 \u00a0 \u00a0 1\/2KG<\/p>\n<p>Vitesse:\u00a0 \u00a0 \u00a0 1000-7500R\/MIN<\/p>\n<p>Mat\u00e9riau de la poign\u00e9e\/du rouleau:\u00a0 PC<\/p>\n<p><strong>Caract\u00e9ristiques du stylo Derma<\/strong><\/p>\n<p>1. Il s&#8217;agit d&#8217;un rouleau derma \u00e9lectrique \u00e0 micro-aiguille.<\/p>\n<p>2. L&#8217;aiguille est une aiguille en acier inoxydable.<\/p>\n<p>3. Embouts Dermapen avec 9 broches, 12 broches, 36 broches, 42 broches et aiguille Nano pour votre choix<\/p>\n<p>4. Vous pouvez ajuster la taille de l&#8217;aiguille ainsi que la fr\u00e9quence de vibration.<\/p>\n","protected":false},"excerpt":{"rendered":"<p>Stylo Derma \u00e0 micro-aiguilles MYM<br \/>\nPr\u00e9sentation du stylo Derma<br \/>\n1. Dommages \u00e9pidermiques minimis\u00e9s<br \/>\n2. Moins de douleur et d&#8217;\u00e9ryth\u00e8me \u00e0 grande vitesse avec une direction verticale<br \/>\n3. Plus facile \u00e0 utiliser dans les zones petites ou incurv\u00e9es<br \/>\n4. Ajustez la longueur de la micro-aiguille (0,25 ~ 2,5 mm).<br \/>\n5. Pr\u00e9venez les infections crois\u00e9es, adoptez des aiguilles jetables<br \/>\n6. Plus rapide et efficace que la micro-aiguille manuelle<\/p>\n","protected":false},"featured_media":2041,"comment_status":"open","ping_status":"closed","template":"","meta":{"om_disable_all_campaigns":false,"_joinchat":[]},"product_cat":[15,162],"product_tag":[],"yoast_head":"<!-- This site is optimized with the Yoast SEO plugin v20.12 - https:\/\/yoast.com\/wordpress\/plugins\/seo\/ -->\n<title>DERMAPEN MY M - investmedic-store.com<\/title>\n<meta name=\"robots\" content=\"index, follow, max-snippet:-1, max-image-preview:large, max-video-preview:-1\" \/>\n<link rel=\"canonical\" href=\"https:\/\/investmedic-store.com\/?product=dermapen-my-m\" \/>\n<meta property=\"og:locale\" content=\"fr_FR\" \/>\n<meta property=\"og:type\" content=\"article\" \/>\n<meta property=\"og:title\" content=\"DERMAPEN MY M - investmedic-store.com\" \/>\n<meta property=\"og:description\" content=\"Stylo Derma \u00e0 micro-aiguilles MYM Pr\u00e9sentation du stylo Derma 1. Dommages \u00e9pidermiques minimis\u00e9s 2. Moins de douleur et d&#039;\u00e9ryth\u00e8me \u00e0 grande vitesse avec une direction verticale 3. Plus facile \u00e0 utiliser dans les zones petites ou incurv\u00e9es 4. Ajustez la longueur de la micro-aiguille (0,25 ~ 2,5 mm). 5. Pr\u00e9venez les infections crois\u00e9es, adoptez des aiguilles jetables 6. Plus rapide et efficace que la micro-aiguille manuelle\" \/>\n<meta property=\"og:url\" content=\"https:\/\/investmedic-store.com\/?product=dermapen-my-m\" \/>\n<meta property=\"og:site_name\" content=\"investmedic-store.com\" \/>\n<meta property=\"article:publisher\" content=\"https:\/\/www.facebook.com\/invest.medic\" \/>\n<meta property=\"article:modified_time\" content=\"2023-09-16T10:08:06+00:00\" \/>\n<meta property=\"og:image\" content=\"http:\/\/investmedic-store.com\/wp-content\/uploads\/2023\/09\/MYM-derma-pen.webp\" \/>\n\t<meta property=\"og:image:width\" content=\"618\" \/>\n\t<meta property=\"og:image:height\" content=\"618\" \/>\n\t<meta property=\"og:image:type\" content=\"image\/webp\" \/>\n<meta name=\"twitter:card\" content=\"summary_large_image\" \/>\n<meta name=\"twitter:label1\" content=\"Dur\u00e9e de lecture estim\u00e9e\" \/>\n\t<meta name=\"twitter:data1\" content=\"2 minutes\" \/>\n<script type=\"application\/ld+json\" class=\"yoast-schema-graph\">{\"@context\":\"https:\/\/schema.org\",\"@graph\":[{\"@type\":\"WebPage\",\"@id\":\"https:\/\/investmedic-store.com\/?product=dermapen-my-m\",\"url\":\"https:\/\/investmedic-store.com\/?product=dermapen-my-m\",\"name\":\"DERMAPEN MY M - investmedic-store.com\",\"isPartOf\":{\"@id\":\"https:\/\/investmedic-store.com\/#website\"},\"datePublished\":\"2023-09-16T10:06:57+00:00\",\"dateModified\":\"2023-09-16T10:08:06+00:00\",\"breadcrumb\":{\"@id\":\"https:\/\/investmedic-store.com\/?product=dermapen-my-m#breadcrumb\"},\"inLanguage\":\"fr-FR\",\"potentialAction\":[{\"@type\":\"ReadAction\",\"target\":[\"https:\/\/investmedic-store.com\/?product=dermapen-my-m\"]}]},{\"@type\":\"BreadcrumbList\",\"@id\":\"https:\/\/investmedic-store.com\/?product=dermapen-my-m#breadcrumb\",\"itemListElement\":[{\"@type\":\"ListItem\",\"position\":1,\"name\":\"Accueil\",\"item\":\"https:\/\/investmedic-store.com\/\"},{\"@type\":\"ListItem\",\"position\":2,\"name\":\"Shop\",\"item\":\"https:\/\/investmedic-store.com\/?page_id=5\"},{\"@type\":\"ListItem\",\"position\":3,\"name\":\"DERMAPEN MY M\"}]},{\"@type\":\"WebSite\",\"@id\":\"https:\/\/investmedic-store.com\/#website\",\"url\":\"https:\/\/investmedic-store.com\/\",\"name\":\"invest medic store\",\"description\":\"Importation &amp; Distribution Du Materiels Medico-Chirurgicales - \u0627\u0633\u062a\u064a\u0631\u0627\u062f \u0648\u062a\u0648\u0632\u064a\u0639 \u0627\u0644\u0645\u0648\u0627\u062f \u0627\u0644\u0637\u0628\u064a\u0629 \u0627\u0644\u062c\u0631\u0627\u062d\u064a\u0629\",\"publisher\":{\"@id\":\"https:\/\/investmedic-store.com\/#organization\"},\"alternateName\":\"investmedic store\",\"potentialAction\":[{\"@type\":\"SearchAction\",\"target\":{\"@type\":\"EntryPoint\",\"urlTemplate\":\"https:\/\/investmedic-store.com\/?s={search_term_string}\"},\"query-input\":\"required name=search_term_string\"}],\"inLanguage\":\"fr-FR\"},{\"@type\":\"Organization\",\"@id\":\"https:\/\/investmedic-store.com\/#organization\",\"name\":\"invest.medic store\",\"alternateName\":\"investmedic store\",\"url\":\"https:\/\/investmedic-store.com\/\",\"logo\":{\"@type\":\"ImageObject\",\"inLanguage\":\"fr-FR\",\"@id\":\"https:\/\/investmedic-store.com\/#\/schema\/logo\/image\/\",\"url\":\"https:\/\/investmedic-store.com\/wp-content\/uploads\/2023\/07\/cropped-LOGO_INVEST-transformed-removebg-preview-transformed-1-e1690120839263.png\",\"contentUrl\":\"https:\/\/investmedic-store.com\/wp-content\/uploads\/2023\/07\/cropped-LOGO_INVEST-transformed-removebg-preview-transformed-1-e1690120839263.png\",\"width\":512,\"height\":512,\"caption\":\"invest.medic store\"},\"image\":{\"@id\":\"https:\/\/investmedic-store.com\/#\/schema\/logo\/image\/\"},\"sameAs\":[\"https:\/\/www.facebook.com\/invest.medic\"]}]}<\/script>\n<!-- \/ Yoast SEO plugin. -->","yoast_head_json":{"title":"DERMAPEN MY M - investmedic-store.com","robots":{"index":"index","follow":"follow","max-snippet":"max-snippet:-1","max-image-preview":"max-image-preview:large","max-video-preview":"max-video-preview:-1"},"canonical":"https:\/\/investmedic-store.com\/?product=dermapen-my-m","og_locale":"fr_FR","og_type":"article","og_title":"DERMAPEN MY M - investmedic-store.com","og_description":"Stylo Derma \u00e0 micro-aiguilles MYM Pr\u00e9sentation du stylo Derma 1. Dommages \u00e9pidermiques minimis\u00e9s 2. Moins de douleur et d'\u00e9ryth\u00e8me \u00e0 grande vitesse avec une direction verticale 3. Plus facile \u00e0 utiliser dans les zones petites ou incurv\u00e9es 4. Ajustez la longueur de la micro-aiguille (0,25 ~ 2,5 mm). 5. Pr\u00e9venez les infections crois\u00e9es, adoptez des aiguilles jetables 6. Plus rapide et efficace que la micro-aiguille manuelle","og_url":"https:\/\/investmedic-store.com\/?product=dermapen-my-m","og_site_name":"investmedic-store.com","article_publisher":"https:\/\/www.facebook.com\/invest.medic","article_modified_time":"2023-09-16T10:08:06+00:00","og_image":[{"width":618,"height":618,"url":"http:\/\/investmedic-store.com\/wp-content\/uploads\/2023\/09\/MYM-derma-pen.webp","type":"image\/webp"}],"twitter_card":"summary_large_image","twitter_misc":{"Dur\u00e9e de lecture estim\u00e9e":"2 minutes"},"schema":{"@context":"https:\/\/schema.org","@graph":[{"@type":"WebPage","@id":"https:\/\/investmedic-store.com\/?product=dermapen-my-m","url":"https:\/\/investmedic-store.com\/?product=dermapen-my-m","name":"DERMAPEN MY M - investmedic-store.com","isPartOf":{"@id":"https:\/\/investmedic-store.com\/#website"},"datePublished":"2023-09-16T10:06:57+00:00","dateModified":"2023-09-16T10:08:06+00:00","breadcrumb":{"@id":"https:\/\/investmedic-store.com\/?product=dermapen-my-m#breadcrumb"},"inLanguage":"fr-FR","potentialAction":[{"@type":"ReadAction","target":["https:\/\/investmedic-store.com\/?product=dermapen-my-m"]}]},{"@type":"BreadcrumbList","@id":"https:\/\/investmedic-store.com\/?product=dermapen-my-m#breadcrumb","itemListElement":[{"@type":"ListItem","position":1,"name":"Accueil","item":"https:\/\/investmedic-store.com\/"},{"@type":"ListItem","position":2,"name":"Shop","item":"https:\/\/investmedic-store.com\/?page_id=5"},{"@type":"ListItem","position":3,"name":"DERMAPEN MY M"}]},{"@type":"WebSite","@id":"https:\/\/investmedic-store.com\/#website","url":"https:\/\/investmedic-store.com\/","name":"invest medic store","description":"Importation &amp; Distribution Du Materiels Medico-Chirurgicales - \u0627\u0633\u062a\u064a\u0631\u0627\u062f \u0648\u062a\u0648\u0632\u064a\u0639 \u0627\u0644\u0645\u0648\u0627\u062f \u0627\u0644\u0637\u0628\u064a\u0629 \u0627\u0644\u062c\u0631\u0627\u062d\u064a\u0629","publisher":{"@id":"https:\/\/investmedic-store.com\/#organization"},"alternateName":"investmedic store","potentialAction":[{"@type":"SearchAction","target":{"@type":"EntryPoint","urlTemplate":"https:\/\/investmedic-store.com\/?s={search_term_string}"},"query-input":"required name=search_term_string"}],"inLanguage":"fr-FR"},{"@type":"Organization","@id":"https:\/\/investmedic-store.com\/#organization","name":"invest.medic store","alternateName":"investmedic store","url":"https:\/\/investmedic-store.com\/","logo":{"@type":"ImageObject","inLanguage":"fr-FR","@id":"https:\/\/investmedic-store.com\/#\/schema\/logo\/image\/","url":"https:\/\/investmedic-store.com\/wp-content\/uploads\/2023\/07\/cropped-LOGO_INVEST-transformed-removebg-preview-transformed-1-e1690120839263.png","contentUrl":"https:\/\/investmedic-store.com\/wp-content\/uploads\/2023\/07\/cropped-LOGO_INVEST-transformed-removebg-preview-transformed-1-e1690120839263.png","width":512,"height":512,"caption":"invest.medic store"},"image":{"@id":"https:\/\/investmedic-store.com\/#\/schema\/logo\/image\/"},"sameAs":["https:\/\/www.facebook.com\/invest.medic"]}]}},"_links":{"self":[{"href":"https:\/\/investmedic-store.com\/index.php?rest_route=\/wp\/v2\/product\/2040"}],"collection":[{"href":"https:\/\/investmedic-store.com\/index.php?rest_route=\/wp\/v2\/product"}],"about":[{"href":"https:\/\/investmedic-store.com\/index.php?rest_route=\/wp\/v2\/types\/product"}],"replies":[{"embeddable":true,"href":"https:\/\/investmedic-store.com\/index.php?rest_route=%2Fwp%2Fv2%2Fcomments&post=2040"}],"wp:featuredmedia":[{"embeddable":true,"href":"https:\/\/investmedic-store.com\/index.php?rest_route=\/wp\/v2\/media\/2041"}],"wp:attachment":[{"href":"https:\/\/investmedic-store.com\/index.php?rest_route=%2Fwp%2Fv2%2Fmedia&parent=2040"}],"wp:term":[{"taxonomy":"product_cat","embeddable":true,"href":"https:\/\/investmedic-store.com\/index.php?rest_route=%2Fwp%2Fv2%2Fproduct_cat&post=2040"},{"taxonomy":"product_tag","embeddable":true,"href":"https:\/\/investmedic-store.com\/index.php?rest_route=%2Fwp%2Fv2%2Fproduct_tag&post=2040"}],"curies":[{"name":"wp","href":"https:\/\/api.w.org\/{rel}","templated":true}]}}