{"id":1959,"date":"2023-08-29T20:21:01","date_gmt":"2023-08-29T19:21:01","guid":{"rendered":"https:\/\/investmedic-store.com\/?post_type=product&#038;p=1959"},"modified":"2023-08-29T20:21:01","modified_gmt":"2023-08-29T19:21:01","slug":"2-in-1-4d-hifu-and-vimax","status":"publish","type":"product","link":"https:\/\/investmedic-store.com\/?product=2-in-1-4d-hifu-and-vimax","title":{"rendered":"2 IN 1 4D HIFU AND VIMAX"},"content":{"rendered":"<p><strong>qu&#8217;est-ce que la machine hifu\/vmax hifu 2 en 4d<\/strong><br \/>\n<strong>La machine hifu\/vmax hifu 2 en 1 4d<\/strong> (ultrasons focalis\u00e9s de haute intensit\u00e9) est une proc\u00e9dure de levage et de serrage r\u00e9volutionnaire et sans temps d&#8217;arr\u00eat.<br \/>\nLa technologie des ultrasons hifu se concentre sous la surface de la peau pour filmer et soulever les tissus tombants.<br \/>\navec 4d hifu, les r\u00e9sultats sont 90 % plus efficaces avec un taux d&#8217;augmentation de 99 % de satisfaction client. 4D hifu a son propre num\u00e9ro de s\u00e9rie pour suivre les r\u00e9sultats de chaque client, ils tirent 120 000 points suppl\u00e9mentaires dans la zone de traitement, ce qui entra\u00eene une augmentation des r\u00e9sultats et de l&#8217;efficacit\u00e9 vmax. est un type de hifu. vmax hifu peut se d\u00e9placer sur le visage uniform\u00e9ment et rapidement. vmax hifu est doux et le traitement est moins douloureux<\/p>\n<p><strong>caract\u00e9ristiques de la machine vmax hifu<\/strong><br \/>\n1. Temps de traitement rapide et court 30 minutes pour un traitement du visage<br \/>\n2. contraction smas: remodelage du collag\u00e8ne, contraction des fibres d&#8217;\u00e9lastine<br \/>\n3. Aucun temps d&#8217;arr\u00eat\u00a0: la peau devient rouge au cours des premi\u00e8res heures, puis la peau r\u00e9cup\u00e8re<br \/>\n4. Les r\u00e9sultats instantan\u00e9s seront v\u00e9rifi\u00e9s du deuxi\u00e8me mois au mois suivant, les bons r\u00e9sultats dureront 2 \u00e0 3 ans.<br \/>\n5.totalement non invasif<\/p>\n<p><strong>avantages de la machine vmax hifu<\/strong><br \/>\n1.jusqu&#8217;\u00e0 12 lignes, traitement plus rapide et plus pr\u00e9cis<br \/>\n2.4d hifu +vmax hifu 2 poign\u00e9es<br \/>\n3. Rajeunissement du visage et amincissement du corps 2 en 1<br \/>\n4. Coque en plastique inject\u00e9 ABS<br \/>\n5.non chirurgical, non invasif et sans temps d&#8217;arr\u00eat<br \/>\n6. Technologie hifu 4d avanc\u00e9e avec certification CE<br \/>\nbo\u00eete d&#8217;emballage de conception 7.suitcase, transport facile<br \/>\n8.1.5\/3.0\/4.5\/6.0\/8.0\/10.0\/13\/16 mm 8 types de cartouches en option<\/p>\n<p><strong>application de machine vmax hifu<\/strong><br \/>\nlifting du visage<br \/>\n\u00e9limination des rides<br \/>\nablation des sillons nasog\u00e9niens<br \/>\nsuppression des rides d&#8217;expression<br \/>\n\u00e9limination des rides du front<br \/>\nraffermissement de la peau, blanchiment, rajeunissement<br \/>\nmise en forme du corps, \u00e9limination des graisses<\/p>\n","protected":false},"excerpt":{"rendered":"<p>qu&#8217;est-ce que la machine hifu\/vmax hifu 2 en 4d La machine hifu\/vmax hifu 2 en 1 4d (ultrasons focalis\u00e9s de haute intensit\u00e9) est une proc\u00e9dure de levage et de serrage r\u00e9volutionnaire et sans temps d&#8217;arr\u00eat. La technologie des ultrasons hifu se concentre sous la surface de la peau pour filmer et soulever les tissus tombants. &hellip;<\/p>\n<p class=\"read-more\"> <a class=\" thunk-readmore button \" href=\"https:\/\/investmedic-store.com\/?product=2-in-1-4d-hifu-and-vimax\"> <span class=\"screen-reader-text\">2 IN 1 4D HIFU AND VIMAX<\/span>Read More<\/a><\/p>\n","protected":false},"featured_media":1960,"comment_status":"open","ping_status":"closed","template":"","meta":{"om_disable_all_campaigns":false,"_joinchat":[]},"product_cat":[15,162],"product_tag":[],"yoast_head":"<!-- This site is optimized with the Yoast SEO plugin v20.12 - https:\/\/yoast.com\/wordpress\/plugins\/seo\/ -->\n<title>2 IN 1 4D HIFU AND VIMAX - investmedic-store.com<\/title>\n<meta name=\"robots\" content=\"index, follow, max-snippet:-1, max-image-preview:large, max-video-preview:-1\" \/>\n<link rel=\"canonical\" href=\"https:\/\/investmedic-store.com\/?product=2-in-1-4d-hifu-and-vimax\" \/>\n<meta property=\"og:locale\" content=\"fr_FR\" \/>\n<meta property=\"og:type\" content=\"article\" \/>\n<meta property=\"og:title\" content=\"2 IN 1 4D HIFU AND VIMAX - investmedic-store.com\" \/>\n<meta property=\"og:description\" content=\"qu&#8217;est-ce que la machine hifu\/vmax hifu 2 en 4d La machine hifu\/vmax hifu 2 en 1 4d (ultrasons focalis\u00e9s de haute intensit\u00e9) est une proc\u00e9dure de levage et de serrage r\u00e9volutionnaire et sans temps d&#8217;arr\u00eat. La technologie des ultrasons hifu se concentre sous la surface de la peau pour filmer et soulever les tissus tombants. &hellip; 2 IN 1 4D HIFU AND VIMAXRead More\" \/>\n<meta property=\"og:url\" content=\"https:\/\/investmedic-store.com\/?product=2-in-1-4d-hifu-and-vimax\" \/>\n<meta property=\"og:site_name\" content=\"investmedic-store.com\" \/>\n<meta property=\"article:publisher\" content=\"https:\/\/www.facebook.com\/invest.medic\" \/>\n<meta property=\"og:image\" content=\"http:\/\/investmedic-store.com\/wp-content\/uploads\/2023\/08\/2-in-1-rf-fractional-microneedle-radio-frequency.jpg\" \/>\n\t<meta property=\"og:image:width\" content=\"750\" \/>\n\t<meta property=\"og:image:height\" content=\"636\" \/>\n\t<meta property=\"og:image:type\" content=\"image\/jpeg\" \/>\n<meta name=\"twitter:card\" content=\"summary_large_image\" \/>\n<meta name=\"twitter:label1\" content=\"Dur\u00e9e de lecture estim\u00e9e\" \/>\n\t<meta name=\"twitter:data1\" content=\"2 minutes\" \/>\n<script type=\"application\/ld+json\" class=\"yoast-schema-graph\">{\"@context\":\"https:\/\/schema.org\",\"@graph\":[{\"@type\":\"WebPage\",\"@id\":\"https:\/\/investmedic-store.com\/?product=2-in-1-4d-hifu-and-vimax\",\"url\":\"https:\/\/investmedic-store.com\/?product=2-in-1-4d-hifu-and-vimax\",\"name\":\"2 IN 1 4D HIFU AND VIMAX - investmedic-store.com\",\"isPartOf\":{\"@id\":\"https:\/\/investmedic-store.com\/#website\"},\"datePublished\":\"2023-08-29T19:21:01+00:00\",\"dateModified\":\"2023-08-29T19:21:01+00:00\",\"breadcrumb\":{\"@id\":\"https:\/\/investmedic-store.com\/?product=2-in-1-4d-hifu-and-vimax#breadcrumb\"},\"inLanguage\":\"fr-FR\",\"potentialAction\":[{\"@type\":\"ReadAction\",\"target\":[\"https:\/\/investmedic-store.com\/?product=2-in-1-4d-hifu-and-vimax\"]}]},{\"@type\":\"BreadcrumbList\",\"@id\":\"https:\/\/investmedic-store.com\/?product=2-in-1-4d-hifu-and-vimax#breadcrumb\",\"itemListElement\":[{\"@type\":\"ListItem\",\"position\":1,\"name\":\"Accueil\",\"item\":\"https:\/\/investmedic-store.com\/\"},{\"@type\":\"ListItem\",\"position\":2,\"name\":\"Shop\",\"item\":\"https:\/\/investmedic-store.com\/?page_id=5\"},{\"@type\":\"ListItem\",\"position\":3,\"name\":\"2 IN 1 4D HIFU AND VIMAX\"}]},{\"@type\":\"WebSite\",\"@id\":\"https:\/\/investmedic-store.com\/#website\",\"url\":\"https:\/\/investmedic-store.com\/\",\"name\":\"invest medic store\",\"description\":\"Importation &amp; Distribution Du Materiels Medico-Chirurgicales - \u0627\u0633\u062a\u064a\u0631\u0627\u062f \u0648\u062a\u0648\u0632\u064a\u0639 \u0627\u0644\u0645\u0648\u0627\u062f \u0627\u0644\u0637\u0628\u064a\u0629 \u0627\u0644\u062c\u0631\u0627\u062d\u064a\u0629\",\"publisher\":{\"@id\":\"https:\/\/investmedic-store.com\/#organization\"},\"alternateName\":\"investmedic store\",\"potentialAction\":[{\"@type\":\"SearchAction\",\"target\":{\"@type\":\"EntryPoint\",\"urlTemplate\":\"https:\/\/investmedic-store.com\/?s={search_term_string}\"},\"query-input\":\"required name=search_term_string\"}],\"inLanguage\":\"fr-FR\"},{\"@type\":\"Organization\",\"@id\":\"https:\/\/investmedic-store.com\/#organization\",\"name\":\"invest.medic store\",\"alternateName\":\"investmedic store\",\"url\":\"https:\/\/investmedic-store.com\/\",\"logo\":{\"@type\":\"ImageObject\",\"inLanguage\":\"fr-FR\",\"@id\":\"https:\/\/investmedic-store.com\/#\/schema\/logo\/image\/\",\"url\":\"https:\/\/investmedic-store.com\/wp-content\/uploads\/2023\/07\/cropped-LOGO_INVEST-transformed-removebg-preview-transformed-1-e1690120839263.png\",\"contentUrl\":\"https:\/\/investmedic-store.com\/wp-content\/uploads\/2023\/07\/cropped-LOGO_INVEST-transformed-removebg-preview-transformed-1-e1690120839263.png\",\"width\":512,\"height\":512,\"caption\":\"invest.medic store\"},\"image\":{\"@id\":\"https:\/\/investmedic-store.com\/#\/schema\/logo\/image\/\"},\"sameAs\":[\"https:\/\/www.facebook.com\/invest.medic\"]}]}<\/script>\n<!-- \/ Yoast SEO plugin. -->","yoast_head_json":{"title":"2 IN 1 4D HIFU AND VIMAX - investmedic-store.com","robots":{"index":"index","follow":"follow","max-snippet":"max-snippet:-1","max-image-preview":"max-image-preview:large","max-video-preview":"max-video-preview:-1"},"canonical":"https:\/\/investmedic-store.com\/?product=2-in-1-4d-hifu-and-vimax","og_locale":"fr_FR","og_type":"article","og_title":"2 IN 1 4D HIFU AND VIMAX - investmedic-store.com","og_description":"qu&#8217;est-ce que la machine hifu\/vmax hifu 2 en 4d La machine hifu\/vmax hifu 2 en 1 4d (ultrasons focalis\u00e9s de haute intensit\u00e9) est une proc\u00e9dure de levage et de serrage r\u00e9volutionnaire et sans temps d&#8217;arr\u00eat. La technologie des ultrasons hifu se concentre sous la surface de la peau pour filmer et soulever les tissus tombants. &hellip; 2 IN 1 4D HIFU AND VIMAXRead More","og_url":"https:\/\/investmedic-store.com\/?product=2-in-1-4d-hifu-and-vimax","og_site_name":"investmedic-store.com","article_publisher":"https:\/\/www.facebook.com\/invest.medic","og_image":[{"width":750,"height":636,"url":"http:\/\/investmedic-store.com\/wp-content\/uploads\/2023\/08\/2-in-1-rf-fractional-microneedle-radio-frequency.jpg","type":"image\/jpeg"}],"twitter_card":"summary_large_image","twitter_misc":{"Dur\u00e9e de lecture estim\u00e9e":"2 minutes"},"schema":{"@context":"https:\/\/schema.org","@graph":[{"@type":"WebPage","@id":"https:\/\/investmedic-store.com\/?product=2-in-1-4d-hifu-and-vimax","url":"https:\/\/investmedic-store.com\/?product=2-in-1-4d-hifu-and-vimax","name":"2 IN 1 4D HIFU AND VIMAX - investmedic-store.com","isPartOf":{"@id":"https:\/\/investmedic-store.com\/#website"},"datePublished":"2023-08-29T19:21:01+00:00","dateModified":"2023-08-29T19:21:01+00:00","breadcrumb":{"@id":"https:\/\/investmedic-store.com\/?product=2-in-1-4d-hifu-and-vimax#breadcrumb"},"inLanguage":"fr-FR","potentialAction":[{"@type":"ReadAction","target":["https:\/\/investmedic-store.com\/?product=2-in-1-4d-hifu-and-vimax"]}]},{"@type":"BreadcrumbList","@id":"https:\/\/investmedic-store.com\/?product=2-in-1-4d-hifu-and-vimax#breadcrumb","itemListElement":[{"@type":"ListItem","position":1,"name":"Accueil","item":"https:\/\/investmedic-store.com\/"},{"@type":"ListItem","position":2,"name":"Shop","item":"https:\/\/investmedic-store.com\/?page_id=5"},{"@type":"ListItem","position":3,"name":"2 IN 1 4D HIFU AND VIMAX"}]},{"@type":"WebSite","@id":"https:\/\/investmedic-store.com\/#website","url":"https:\/\/investmedic-store.com\/","name":"invest medic store","description":"Importation &amp; Distribution Du Materiels Medico-Chirurgicales - \u0627\u0633\u062a\u064a\u0631\u0627\u062f \u0648\u062a\u0648\u0632\u064a\u0639 \u0627\u0644\u0645\u0648\u0627\u062f \u0627\u0644\u0637\u0628\u064a\u0629 \u0627\u0644\u062c\u0631\u0627\u062d\u064a\u0629","publisher":{"@id":"https:\/\/investmedic-store.com\/#organization"},"alternateName":"investmedic store","potentialAction":[{"@type":"SearchAction","target":{"@type":"EntryPoint","urlTemplate":"https:\/\/investmedic-store.com\/?s={search_term_string}"},"query-input":"required name=search_term_string"}],"inLanguage":"fr-FR"},{"@type":"Organization","@id":"https:\/\/investmedic-store.com\/#organization","name":"invest.medic store","alternateName":"investmedic store","url":"https:\/\/investmedic-store.com\/","logo":{"@type":"ImageObject","inLanguage":"fr-FR","@id":"https:\/\/investmedic-store.com\/#\/schema\/logo\/image\/","url":"https:\/\/investmedic-store.com\/wp-content\/uploads\/2023\/07\/cropped-LOGO_INVEST-transformed-removebg-preview-transformed-1-e1690120839263.png","contentUrl":"https:\/\/investmedic-store.com\/wp-content\/uploads\/2023\/07\/cropped-LOGO_INVEST-transformed-removebg-preview-transformed-1-e1690120839263.png","width":512,"height":512,"caption":"invest.medic store"},"image":{"@id":"https:\/\/investmedic-store.com\/#\/schema\/logo\/image\/"},"sameAs":["https:\/\/www.facebook.com\/invest.medic"]}]}},"_links":{"self":[{"href":"https:\/\/investmedic-store.com\/index.php?rest_route=\/wp\/v2\/product\/1959"}],"collection":[{"href":"https:\/\/investmedic-store.com\/index.php?rest_route=\/wp\/v2\/product"}],"about":[{"href":"https:\/\/investmedic-store.com\/index.php?rest_route=\/wp\/v2\/types\/product"}],"replies":[{"embeddable":true,"href":"https:\/\/investmedic-store.com\/index.php?rest_route=%2Fwp%2Fv2%2Fcomments&post=1959"}],"wp:featuredmedia":[{"embeddable":true,"href":"https:\/\/investmedic-store.com\/index.php?rest_route=\/wp\/v2\/media\/1960"}],"wp:attachment":[{"href":"https:\/\/investmedic-store.com\/index.php?rest_route=%2Fwp%2Fv2%2Fmedia&parent=1959"}],"wp:term":[{"taxonomy":"product_cat","embeddable":true,"href":"https:\/\/investmedic-store.com\/index.php?rest_route=%2Fwp%2Fv2%2Fproduct_cat&post=1959"},{"taxonomy":"product_tag","embeddable":true,"href":"https:\/\/investmedic-store.com\/index.php?rest_route=%2Fwp%2Fv2%2Fproduct_tag&post=1959"}],"curies":[{"name":"wp","href":"https:\/\/api.w.org\/{rel}","templated":true}]}}