{"id":1848,"date":"2023-08-24T13:18:31","date_gmt":"2023-08-24T12:18:31","guid":{"rendered":"https:\/\/investmedic-store.com\/?post_type=product&#038;p=1848"},"modified":"2023-09-04T19:51:14","modified_gmt":"2023-09-04T18:51:14","slug":"tunnel-led-pdt-7-couleurs-ovl","status":"publish","type":"product","link":"https:\/\/investmedic-store.com\/?product=tunnel-led-pdt-7-couleurs-ovl","title":{"rendered":"TUNNEL LED PDT 7 COULEURS OVL"},"content":{"rendered":"<h1 class=\"product_title entry-title\">Tunnel LED pour visage et corps<\/h1>\n<div class=\"woocommerce-product-details__short-description\">\n<p><strong>DEFINITION<\/strong>:<\/p>\n<p>La th\u00e9rapie photodynamique (PDT) est un soin de plus en plus utilis\u00e9 en m\u00e9decine esth\u00e9tique . Elle utilise une source de lumi\u00e8re LED, \u00e9ventuellement en combinaison d\u2019un cosm\u00e9tique ou un m\u00e9dicament photosensible, pour traiter divers probl\u00e8mes cutan\u00e9s tels que l\u2019acn\u00e9, la rosac\u00e9e, les rougeurs, et autres. En outre, la th\u00e9rapie photodynamique LED est fr\u00e9quemment utilis\u00e9e en cosm\u00e9tique, et notamment, en anti \u00e2ge. L\u2019\u00e9nergie lumineuse a des effets positifs sur les cellules cutan\u00e9es: elle acc\u00e9l\u00e8re la croissance cellulaire, am\u00e9liore la production de collag\u00e8ne et d\u2019\u00e9lastine, favorise la microcirculation sanguine et am\u00e9liore l\u2019\u00e9tat g\u00e9n\u00e9ral de la peau. La PDT poss\u00e8de une place de choix dans l\u2019am\u00e9lioration des probl\u00e8mes suivant: vieillissement et rel\u00e2chement cutan\u00e9, ridules, pores dilat\u00e9s, taches pigmentaires, coups de soleil, inflammation et acn\u00e9, ralentissement de la chute capillaire et am\u00e9lioration des repousses.<\/p>\n<p><strong>SPECIFICATIONS :<\/strong><\/p>\n<p>A) Appareil de haute qualit\u00e9 comportant 292 LED<\/p>\n<p>B) Design en forme de \u201cU\u201d de grande taille permettant de traiter le visage et le corps<\/p>\n<p>C) 4 couleurs et longueurs d\u2019onde diff\u00e9rentes: bleu, rouge, violet et infrarouge \u00e0 760 nm.<\/p>\n<p>D) 2 programmations diff\u00e9rentes avec timer, utilisation simple sans n\u00e9cessit\u00e9 de comp\u00e9tences particuli\u00e8res.<\/p>\n<p>E) Syst\u00e8me de refroidissement incorpor\u00e9, 110-230 Volt.<\/p>\n<p><strong>UTILISATION :<\/strong><\/p>\n<p>LED Rouge \u2013 longueur d\u2019onde 625nm , p\u00e9n\u00e9trance 3,7 \u2013 3,9 mm<\/p>\n<p>Action stimulante qui va r\u00e9veiller les fibroblastes et augmente la production de collag\u00e8ne et d\u2019\u00e9lastine. On constate alors une meilleure \u00e9lasticit\u00e9 et une augmentation de collag\u00e8ne sous la peau. R\u00e9duit les rides et ridules, disparition des vergetures rouges et forte att\u00e9nuation des vergetures blanches, resserre les pores.<\/p>\n<p>LED Bleu \u2013 longueur d\u2019onde 415 nm,<\/p>\n<p>Active la production de porphyrines endog\u00e8nes au sein de l\u2019acn\u00e9. Il g\u00e9n\u00e8re de l\u2019oxyg\u00e8ne toxique pour cibler le Propionibacterium de l\u2019acn\u00e9. Il \u00e9limine rapidement les pustules d\u2019acn\u00e9 sur peau.<\/p>\n<p>LED Violet : m\u00e9lange de lumi\u00e8re bleue et rouge : contribue aux 2 effets.\u00a0Traite l\u2019acn\u00e9, lisse la peau, r\u00e9duit les cicatrices. Effet antiinflammatoire, antibact\u00e9rien.<\/p>\n<p>INFRAROUGE : longueur d\u2019onde 760 nm<\/p>\n<p>Offre les m\u00eames b\u00e9n\u00e9fices que la lumi\u00e8re rouge. Stimule la circulation sanguine en dilatant les vaisseaux sanguins ce qui am\u00e9liore l\u2019oxyg\u00e9nation des tissus. P\u00e9n\u00e8tre plus profond\u00e9ment dans la peau jusqu\u2019aux os, muscles, tendons et apaise les douleurs musculaires ou articulaires.<\/p>\n<\/div>\n","protected":false},"excerpt":{"rendered":"<p>Tunnel led 7 couleurs La fonction principale de Led Light Beauty Machine est le rajeunissement de la peau, l&#8217;\u00e9limination des rides, le traitement de l&#8217;acn\u00e9, le traitement allergique de la peau, l&#8217;\u00e9limination des taches de vieillesse et de la pigmentation fonc\u00e9e, la stimulation de la synth\u00e8se de collag\u00e8ne, le r\u00e9tr\u00e9cissement des pores, l&#8217;\u00e9quilibre des s\u00e9cr\u00e9tions grasses. Soin spa visage et mains pour \u00eatre plus beau et plus jeune.<\/p>\n","protected":false},"featured_media":1849,"comment_status":"open","ping_status":"closed","template":"","meta":{"om_disable_all_campaigns":false,"_joinchat":[]},"product_cat":[15,162],"product_tag":[],"yoast_head":"<!-- This site is optimized with the Yoast SEO plugin v20.12 - https:\/\/yoast.com\/wordpress\/plugins\/seo\/ -->\n<title>TUNNEL LED PDT 7 COULEURS OVL - investmedic-store.com<\/title>\n<meta name=\"robots\" content=\"index, follow, max-snippet:-1, max-image-preview:large, max-video-preview:-1\" \/>\n<link rel=\"canonical\" href=\"https:\/\/investmedic-store.com\/?product=tunnel-led-pdt-7-couleurs-ovl\" \/>\n<meta property=\"og:locale\" content=\"fr_FR\" \/>\n<meta property=\"og:type\" content=\"article\" \/>\n<meta property=\"og:title\" content=\"TUNNEL LED PDT 7 COULEURS OVL - investmedic-store.com\" \/>\n<meta property=\"og:description\" content=\"Tunnel led 7 couleurs La fonction principale de Led Light Beauty Machine est le rajeunissement de la peau, l&#039;\u00e9limination des rides, le traitement de l&#039;acn\u00e9, le traitement allergique de la peau, l&#039;\u00e9limination des taches de vieillesse et de la pigmentation fonc\u00e9e, la stimulation de la synth\u00e8se de collag\u00e8ne, le r\u00e9tr\u00e9cissement des pores, l&#039;\u00e9quilibre des s\u00e9cr\u00e9tions grasses. Soin spa visage et mains pour \u00eatre plus beau et plus jeune.\" \/>\n<meta property=\"og:url\" content=\"https:\/\/investmedic-store.com\/?product=tunnel-led-pdt-7-couleurs-ovl\" \/>\n<meta property=\"og:site_name\" content=\"investmedic-store.com\" \/>\n<meta property=\"article:publisher\" content=\"https:\/\/www.facebook.com\/invest.medic\" \/>\n<meta property=\"article:modified_time\" content=\"2023-09-04T18:51:14+00:00\" \/>\n<meta property=\"og:image\" content=\"http:\/\/investmedic-store.com\/wp-content\/uploads\/2023\/08\/Lampe-de-luminoth-rapie-photons-LED-PDT-7-couleurs-pour-le-visage-le-corps-beaut-SPA.jpg\" \/>\n\t<meta property=\"og:image:width\" content=\"800\" \/>\n\t<meta property=\"og:image:height\" content=\"800\" \/>\n\t<meta property=\"og:image:type\" content=\"image\/jpeg\" \/>\n<meta name=\"twitter:card\" content=\"summary_large_image\" \/>\n<meta name=\"twitter:label1\" content=\"Dur\u00e9e de lecture estim\u00e9e\" \/>\n\t<meta name=\"twitter:data1\" content=\"2 minutes\" \/>\n<script type=\"application\/ld+json\" class=\"yoast-schema-graph\">{\"@context\":\"https:\/\/schema.org\",\"@graph\":[{\"@type\":\"WebPage\",\"@id\":\"https:\/\/investmedic-store.com\/?product=tunnel-led-pdt-7-couleurs-ovl\",\"url\":\"https:\/\/investmedic-store.com\/?product=tunnel-led-pdt-7-couleurs-ovl\",\"name\":\"TUNNEL LED PDT 7 COULEURS OVL - investmedic-store.com\",\"isPartOf\":{\"@id\":\"https:\/\/investmedic-store.com\/#website\"},\"datePublished\":\"2023-08-24T12:18:31+00:00\",\"dateModified\":\"2023-09-04T18:51:14+00:00\",\"breadcrumb\":{\"@id\":\"https:\/\/investmedic-store.com\/?product=tunnel-led-pdt-7-couleurs-ovl#breadcrumb\"},\"inLanguage\":\"fr-FR\",\"potentialAction\":[{\"@type\":\"ReadAction\",\"target\":[\"https:\/\/investmedic-store.com\/?product=tunnel-led-pdt-7-couleurs-ovl\"]}]},{\"@type\":\"BreadcrumbList\",\"@id\":\"https:\/\/investmedic-store.com\/?product=tunnel-led-pdt-7-couleurs-ovl#breadcrumb\",\"itemListElement\":[{\"@type\":\"ListItem\",\"position\":1,\"name\":\"Accueil\",\"item\":\"https:\/\/investmedic-store.com\/\"},{\"@type\":\"ListItem\",\"position\":2,\"name\":\"Shop\",\"item\":\"https:\/\/investmedic-store.com\/?page_id=5\"},{\"@type\":\"ListItem\",\"position\":3,\"name\":\"TUNNEL LED PDT 7 COULEURS OVL\"}]},{\"@type\":\"WebSite\",\"@id\":\"https:\/\/investmedic-store.com\/#website\",\"url\":\"https:\/\/investmedic-store.com\/\",\"name\":\"invest medic store\",\"description\":\"Importation &amp; Distribution Du Materiels Medico-Chirurgicales - \u0627\u0633\u062a\u064a\u0631\u0627\u062f \u0648\u062a\u0648\u0632\u064a\u0639 \u0627\u0644\u0645\u0648\u0627\u062f \u0627\u0644\u0637\u0628\u064a\u0629 \u0627\u0644\u062c\u0631\u0627\u062d\u064a\u0629\",\"publisher\":{\"@id\":\"https:\/\/investmedic-store.com\/#organization\"},\"alternateName\":\"investmedic store\",\"potentialAction\":[{\"@type\":\"SearchAction\",\"target\":{\"@type\":\"EntryPoint\",\"urlTemplate\":\"https:\/\/investmedic-store.com\/?s={search_term_string}\"},\"query-input\":\"required name=search_term_string\"}],\"inLanguage\":\"fr-FR\"},{\"@type\":\"Organization\",\"@id\":\"https:\/\/investmedic-store.com\/#organization\",\"name\":\"invest.medic store\",\"alternateName\":\"investmedic store\",\"url\":\"https:\/\/investmedic-store.com\/\",\"logo\":{\"@type\":\"ImageObject\",\"inLanguage\":\"fr-FR\",\"@id\":\"https:\/\/investmedic-store.com\/#\/schema\/logo\/image\/\",\"url\":\"https:\/\/investmedic-store.com\/wp-content\/uploads\/2023\/07\/cropped-LOGO_INVEST-transformed-removebg-preview-transformed-1-e1690120839263.png\",\"contentUrl\":\"https:\/\/investmedic-store.com\/wp-content\/uploads\/2023\/07\/cropped-LOGO_INVEST-transformed-removebg-preview-transformed-1-e1690120839263.png\",\"width\":512,\"height\":512,\"caption\":\"invest.medic store\"},\"image\":{\"@id\":\"https:\/\/investmedic-store.com\/#\/schema\/logo\/image\/\"},\"sameAs\":[\"https:\/\/www.facebook.com\/invest.medic\"]}]}<\/script>\n<!-- \/ Yoast SEO plugin. -->","yoast_head_json":{"title":"TUNNEL LED PDT 7 COULEURS OVL - investmedic-store.com","robots":{"index":"index","follow":"follow","max-snippet":"max-snippet:-1","max-image-preview":"max-image-preview:large","max-video-preview":"max-video-preview:-1"},"canonical":"https:\/\/investmedic-store.com\/?product=tunnel-led-pdt-7-couleurs-ovl","og_locale":"fr_FR","og_type":"article","og_title":"TUNNEL LED PDT 7 COULEURS OVL - investmedic-store.com","og_description":"Tunnel led 7 couleurs La fonction principale de Led Light Beauty Machine est le rajeunissement de la peau, l'\u00e9limination des rides, le traitement de l'acn\u00e9, le traitement allergique de la peau, l'\u00e9limination des taches de vieillesse et de la pigmentation fonc\u00e9e, la stimulation de la synth\u00e8se de collag\u00e8ne, le r\u00e9tr\u00e9cissement des pores, l'\u00e9quilibre des s\u00e9cr\u00e9tions grasses. Soin spa visage et mains pour \u00eatre plus beau et plus jeune.","og_url":"https:\/\/investmedic-store.com\/?product=tunnel-led-pdt-7-couleurs-ovl","og_site_name":"investmedic-store.com","article_publisher":"https:\/\/www.facebook.com\/invest.medic","article_modified_time":"2023-09-04T18:51:14+00:00","og_image":[{"width":800,"height":800,"url":"http:\/\/investmedic-store.com\/wp-content\/uploads\/2023\/08\/Lampe-de-luminoth-rapie-photons-LED-PDT-7-couleurs-pour-le-visage-le-corps-beaut-SPA.jpg","type":"image\/jpeg"}],"twitter_card":"summary_large_image","twitter_misc":{"Dur\u00e9e de lecture estim\u00e9e":"2 minutes"},"schema":{"@context":"https:\/\/schema.org","@graph":[{"@type":"WebPage","@id":"https:\/\/investmedic-store.com\/?product=tunnel-led-pdt-7-couleurs-ovl","url":"https:\/\/investmedic-store.com\/?product=tunnel-led-pdt-7-couleurs-ovl","name":"TUNNEL LED PDT 7 COULEURS OVL - investmedic-store.com","isPartOf":{"@id":"https:\/\/investmedic-store.com\/#website"},"datePublished":"2023-08-24T12:18:31+00:00","dateModified":"2023-09-04T18:51:14+00:00","breadcrumb":{"@id":"https:\/\/investmedic-store.com\/?product=tunnel-led-pdt-7-couleurs-ovl#breadcrumb"},"inLanguage":"fr-FR","potentialAction":[{"@type":"ReadAction","target":["https:\/\/investmedic-store.com\/?product=tunnel-led-pdt-7-couleurs-ovl"]}]},{"@type":"BreadcrumbList","@id":"https:\/\/investmedic-store.com\/?product=tunnel-led-pdt-7-couleurs-ovl#breadcrumb","itemListElement":[{"@type":"ListItem","position":1,"name":"Accueil","item":"https:\/\/investmedic-store.com\/"},{"@type":"ListItem","position":2,"name":"Shop","item":"https:\/\/investmedic-store.com\/?page_id=5"},{"@type":"ListItem","position":3,"name":"TUNNEL LED PDT 7 COULEURS OVL"}]},{"@type":"WebSite","@id":"https:\/\/investmedic-store.com\/#website","url":"https:\/\/investmedic-store.com\/","name":"invest medic store","description":"Importation &amp; Distribution Du Materiels Medico-Chirurgicales - \u0627\u0633\u062a\u064a\u0631\u0627\u062f \u0648\u062a\u0648\u0632\u064a\u0639 \u0627\u0644\u0645\u0648\u0627\u062f \u0627\u0644\u0637\u0628\u064a\u0629 \u0627\u0644\u062c\u0631\u0627\u062d\u064a\u0629","publisher":{"@id":"https:\/\/investmedic-store.com\/#organization"},"alternateName":"investmedic store","potentialAction":[{"@type":"SearchAction","target":{"@type":"EntryPoint","urlTemplate":"https:\/\/investmedic-store.com\/?s={search_term_string}"},"query-input":"required name=search_term_string"}],"inLanguage":"fr-FR"},{"@type":"Organization","@id":"https:\/\/investmedic-store.com\/#organization","name":"invest.medic store","alternateName":"investmedic store","url":"https:\/\/investmedic-store.com\/","logo":{"@type":"ImageObject","inLanguage":"fr-FR","@id":"https:\/\/investmedic-store.com\/#\/schema\/logo\/image\/","url":"https:\/\/investmedic-store.com\/wp-content\/uploads\/2023\/07\/cropped-LOGO_INVEST-transformed-removebg-preview-transformed-1-e1690120839263.png","contentUrl":"https:\/\/investmedic-store.com\/wp-content\/uploads\/2023\/07\/cropped-LOGO_INVEST-transformed-removebg-preview-transformed-1-e1690120839263.png","width":512,"height":512,"caption":"invest.medic store"},"image":{"@id":"https:\/\/investmedic-store.com\/#\/schema\/logo\/image\/"},"sameAs":["https:\/\/www.facebook.com\/invest.medic"]}]}},"_links":{"self":[{"href":"https:\/\/investmedic-store.com\/index.php?rest_route=\/wp\/v2\/product\/1848"}],"collection":[{"href":"https:\/\/investmedic-store.com\/index.php?rest_route=\/wp\/v2\/product"}],"about":[{"href":"https:\/\/investmedic-store.com\/index.php?rest_route=\/wp\/v2\/types\/product"}],"replies":[{"embeddable":true,"href":"https:\/\/investmedic-store.com\/index.php?rest_route=%2Fwp%2Fv2%2Fcomments&post=1848"}],"wp:featuredmedia":[{"embeddable":true,"href":"https:\/\/investmedic-store.com\/index.php?rest_route=\/wp\/v2\/media\/1849"}],"wp:attachment":[{"href":"https:\/\/investmedic-store.com\/index.php?rest_route=%2Fwp%2Fv2%2Fmedia&parent=1848"}],"wp:term":[{"taxonomy":"product_cat","embeddable":true,"href":"https:\/\/investmedic-store.com\/index.php?rest_route=%2Fwp%2Fv2%2Fproduct_cat&post=1848"},{"taxonomy":"product_tag","embeddable":true,"href":"https:\/\/investmedic-store.com\/index.php?rest_route=%2Fwp%2Fv2%2Fproduct_tag&post=1848"}],"curies":[{"name":"wp","href":"https:\/\/api.w.org\/{rel}","templated":true}]}}