{"id":1846,"date":"2023-08-23T15:12:57","date_gmt":"2023-08-23T14:12:57","guid":{"rendered":"https:\/\/investmedic-store.com\/?post_type=product&#038;p=1846"},"modified":"2023-08-23T16:24:10","modified_gmt":"2023-08-23T15:24:10","slug":"980-nm-diode-laser-lipolysis","status":"publish","type":"product","link":"https:\/\/investmedic-store.com\/?product=980-nm-diode-laser-lipolysis","title":{"rendered":"980 NM DIODE LASER LIPOLYSIS"},"content":{"rendered":"<p><strong>980nm\/6+1 Diode Laser de la lipolyse des veines d\u00e9pose vasculaire\/ FACE \/ spider veins d\u00e9pose de l&#8217;Ecz\u00e9ma clinique de physioth\u00e9rapie de la douleur de l&#8217;Herp\u00e8s L&#8217;utilisation utilisent des lasers m\u00e9dicaux \u00a0<\/strong><\/p>\n<div class=\"sr-txt-title\">\n<h2 class=\"sr-txt-h2\">Description de Produit<\/h2>\n<\/div>\n<div class=\"async-rich-info\">\n<div class=\"rich-text cf\"><b>Diode laser 980nm \u00e9limination des veines vasculaires au laser professionnelle 980nm Endolifting Chirurgie de la lipolyse<br \/>\nMachine de physioth\u00e9rapie<br \/>\nTh\u00e9orie du traitement :<\/b><br \/>\nL&#8217;appareil de th\u00e9rapie laser \u00e0 diode 980nm 6 + 1 utilise laser\u00a0\u00e0 couplage de fibres semi-conducteurs de longueur d&#8217;onde de 980nm<br \/>\npour l&#8217;enl\u00e8vement vasculaire et les ongles d&#8217;enl\u00e8vement de champignon et de physioth\u00e9rapie et \u00a0rajeunissement de la peau et ecz\u00e9ma herp\u00e8s<br \/>\net la lipolyse et d&#8217;autres maladies de la peau et ajouter des fonctions de la glace comprimant le marteau.<\/div>\n<div><b>Fonction 1 : physioth\u00e9rapie<\/b><br \/>\nlaser \u00e0 couplage de fibres semi-conducteurs 980nm pour g\u00e9n\u00e9rer une stimulation d&#8217;\u00e9nergie thermique via \u00a0mise au point de l&#8217;objectif<br \/>\nl&#8217;illumination, et utilise les effets biologiques du laser pour agir sur le corps humain, am\u00e9liorer\u00a0la perm\u00e9abilit\u00e9 capillaire<br \/>\nEt augmenter la production d&#8217;ATP. (L&#8217;ATP est destin\u00e9 \u00e0 la r\u00e9paration cellulaire. Et la r\u00e9g\u00e9n\u00e9ration d&#8217;un\u00a0compos\u00e9 de phosphate \u00e0 haute \u00e9nergie<br \/>\nqui fournit l&#8217;\u00e9nergie n\u00e9cessaire, les cellules bless\u00e9es ne peuvent pas le faire \u00e0\u00a0la vitesse optimale), activer des cellules plus saines ou<br \/>\ntissus, r\u00e9aliser l&#8217;analg\u00e9sie, acc\u00e9l\u00e9rer la r\u00e9paration des tissus,\u00a0et gu\u00e9rir. L&#8217;\u00e9nergie laser de l&#8217;instrument automatiquement<br \/>\ns&#8217;arr\u00eate lorsque la temp\u00e9rature atteint une certaine temp\u00e9rature pendant le fonctionnement, \u00e9vitant ainsi les br\u00fblures, en toute s\u00e9curit\u00e9 et \u00e0 l&#8217;aise.<\/div>\n<div><b>Fonction 2 : retrait vasculaire<\/b><br \/>\nle laser 980nm est le spectre d&#8217;absorption optimal des cellules vasculaires de porphyrine. Les cellules vasculaires\u00a0absorbent les<br \/>\nlaser d&#8217;\u00e9nergie de longueur d&#8217;onde de 980nm, la solidification se produit et finalement dissip\u00e9e. Pour surmonter le traditionnel<br \/>\ntraitement au laser rougeur zone importante de br\u00fblure de la peau,\u00a0pi\u00e8ce \u00e0 main de conception professionnelle, permettant le 980nm<br \/>\nle faisceau laser est focalis\u00e9 sur une\u00a0plage de 0.2 \u00e0 0,5 mm de diam\u00e8tre, afin de permettre une \u00e9nergie plus concentr\u00e9e \u00e0 atteindre<br \/>\nLe tissu cible, tout en \u00e9vitant\u00a0de br\u00fbler le tissu de la peau environnante.laser peut stimuler le collag\u00e8ne dermique<br \/>\ncroissance pendant le traitement vasculaire, augmenter\u00a0l&#8217;\u00e9paisseur et la densit\u00e9 \u00e9pidermiques, de sorte que les petits vaisseaux sanguins<br \/>\nne sont plus expos\u00e9s, en m\u00eame temps, l&#8217;\u00e9lasticit\u00e9 et la r\u00e9sistance de la peau est \u00e9galement consid\u00e9rablement am\u00e9lior\u00e9e.<\/div>\n<div><b>Fonction 3 : \u00e9limination des champignons des ongles<\/b><br \/>\nL&#8217;onychomycose d\u00e9signe les maladies infectieuses fongiques qui se produisent sur le pont, le lit d&#8217;ongle ou\u00a0les tissus environnants,<br \/>\nprincipalement caus\u00e9e par des dermatophytes, qui se caract\u00e9risent par des changements de\u00a0couleur, de forme et de texture. Cendres laser<br \/>\nl&#8217;ongle est un nouveau type de traitement. Il utilise le principe du laser pour\u00a0irradier la maladie avec un laser pour tuer le<br \/>\nchampignon sans d\u00e9truire le tissu normal. Il est s\u00fbr,\u00a0indolore et n&#8217;a pas d&#8217;effets secondaires. Il convient \u00e0 tous<br \/>\ntypes d&#8217;applications. La situation de l&#8217;onychomycose.<\/div>\n<div><b>Fonction 4:rajeunissement de la peau , anti-inflammation<\/b><br \/>\nle rajeunissement laser \u00e0 980 nm est une th\u00e9rapie de stimulation non exfoliante. Il am\u00e9liore la qualit\u00e9 de la peau\u00a0\u00e0 partir de la base<br \/>\ncalque. Il permet un traitement non interventionnel et convient \u00e0 diff\u00e9rents\u00a0\u00c9tats de peau. Il p\u00e9n\u00e8tre la peau<br \/>\nenviron 5 mm d&#8217;\u00e9paisseur sur une longueur d&#8217;onde sp\u00e9cifique, et atteint directement le\u00a0derme, qui agit directement sur<br \/>\ncellules de collag\u00e8ne et fibroblastes dans le derme. La prot\u00e9ine de la peau\u00a0peut \u00eatre r\u00e9g\u00e9n\u00e9r\u00e9e sous la stimulation de faible<br \/>\nlaser. Il peut vraiment r\u00e9aliser la fonction de\u00a0soin de la peau. Cela n&#8217;endommagera pas la peau. laser 980 nm<br \/>\nl&#8217;irradiation peut \u00e9galement dilater les capillaires, am\u00e9liorer la perm\u00e9abilit\u00e9 et favoriser l&#8217;\u00a0absorption des exsudats inflammatoires.<br \/>\nIl peut am\u00e9liorer la fonction phagocytose des leucocytes, de sorte qu&#8217;il\u00a0peut affecter l&#8217;activit\u00e9 des enzymes et r\u00e9guler<br \/>\nLa fonction immunitaire du corps, puis\u00a0enfin atteindre le but de l&#8217;anti-inflammation, anti-gonflement et<br \/>\nacc\u00e9l\u00e9rer le processus de r\u00e9paration des tissus.<\/div>\n<div><b>Fonction 5 : Eczema et herp\u00e8s<\/b><br \/>\nLes maladies de la peau telles que l&#8217;ecz\u00e9ma et l&#8217;herp\u00e8s \u00e9clairent continuellement le l\u00e9sions cutan\u00e9es du patient\u00a0directement par<br \/>\nle faisceau laser g\u00e9n\u00e9r\u00e9 par le laser \u00e0 semi-conducteur. L&#8217;\u00e9nergie laser peut \u00eatre\u00a0absorb\u00e9e par les tissus et<br \/>\nconverti en bio\u00e9nergie, induisant ou activant des macrophages et\u00a0des lymphocytes, am\u00e9liorant ainsi l&#8217;immunit\u00e9 sp\u00e9cifique<br \/>\nEt non-sp\u00e9cificit\u00e9 le r\u00f4le de l&#8217;immunit\u00e9 peut inhiber\u00a0l&#8217;inflammation et, en m\u00eame temps, les microvaisseaux se dilatent<br \/>\nvaisseaux sanguins sous irradiation laser,\u00a0am\u00e9liorer la circulation sanguine locale et augmenter le d\u00e9bit de retour veineux. Le<br \/>\nune perm\u00e9abilit\u00e9 accrue des\u00a0vaisseaux sanguins peut am\u00e9liorer le m\u00e9tabolisme actif de l&#8217;oxyg\u00e8ne de l&#8217;enzyme, fournir le<br \/>\n\u00e9nergie n\u00e9cessaire \u00e0\u00a0la prolif\u00e9ration des cellules \u00e9pith\u00e9liales et des fibroblastes, et favoriser la r\u00e9cup\u00e9ration des fonctions cellulaires.<br \/>\nEn\u00a0outre, l&#8217;irradiation laser peut am\u00e9liorer le processus de phagocytose des macrophages, am\u00e9liorer\u00a0le corps<br \/>\nst\u00e9rilisation et fonction immunitaire, et r\u00e9duire davantage l&#8217;inflammation, exsudation, oed\u00e8me,\u00a0et anti-inflammatoire<br \/>\nfonctions. En outre, le laser peut \u00e9galement favoriser la synth\u00e8se de prot\u00e9ines et\u00a0de compl\u00e9ter et am\u00e9liorer le corps<br \/>\ncapacit\u00e9 d&#8217;immunit\u00e9.<\/div>\n<div><b>Fonction 6:lipolyse<\/b><br \/>\nLe dispositif de laser \u00e0 semi-conducteurs utilise une longueur d&#8217;onde de 980nm coupl\u00e9e \u00e0 des fibres laser pour traiter\u00a0l&#8217;aiguille<br \/>\navec une fibre de lipolyse jetable, localise avec pr\u00e9cision l&#8217;exc\u00e8s de graisse et de graisse dans le corps,\u00a0frappe directement le tissu cible<br \/>\nles cellules graisseuses, et se dissout rapidement et liqu\u00e9fie. L&#8217;instrument agit principalement sur\u00a0la graisse profonde et la graisse superficielle,<br \/>\net transf\u00e8re l&#8217;\u00e9nergie directement aux cellules graisseuses pour un chauffage uniforme. \u00a0Pendant le processus de chauffage, le connecteur<br \/>\nla structure des tissus et des cellules graisseuses peut \u00eatre modifi\u00e9e en &#8211; 6 -contr\u00f4lant la chaleur, et le tissu adipeux a un<br \/>\neffet photothermique (de sorte que la graisse soit dissoute). \u00a0Et l&#8217;effet photodynamique (s\u00e9parant les cellules graisseuses de<br \/>\nle tissu normal) d\u00e9compose les cellules graisseuses\u00a0pour les rendre liqu\u00e9fi\u00e9es uniform\u00e9ment, et le liquide graisseux est excr\u00e9t\u00e9<br \/>\ngr\u00e2ce \u00e0 l&#8217;\u00a0aiguille de positionnement ultra-fine, qui r\u00e9duit fondamentalement le nombre de cellules graisseuses, efficacement<br \/>\n\u00e9vite le rebond post-op\u00e9ratoire.<\/div>\n<div><b>Fonction suppl\u00e9mentaire:marteau de compression de glace<\/b><br \/>\nLe marteau de compression de glace peut r\u00e9duire la temp\u00e9rature des tissus locaux dans le corps, favoriser la\u00a0tension de<br \/>\nles nerfs sympathiques, r\u00e9tr\u00e9cir les vaisseaux sanguins et r\u00e9duire la sensibilit\u00e9 des tissus \u00e0 la douleur. \u00a0Traitement laser<br \/>\ndoit \u00eatre fait imm\u00e9diatement la glace comprim\u00e9e, et la p\u00e9riode de pointe postop\u00e9ratoire de gonflement\u00a0est dans les 48 heures.<br \/>\n\u00c0 ce moment, la compression de glace peut r\u00e9duire le gonflement et la douleur dans la plus grande\u00a0mesure et r\u00e9tr\u00e9cir les vaisseaux sanguins.<br \/>\nApr\u00e8s 48 heures, aucune compresse de glace n&#8217;est n\u00e9cessaire pour permettre au tissu de\u00a0s&#8217;absorber et de se r\u00e9parer. G\u00e9n\u00e9ralement, le<br \/>\nl&#8217;enflure et la douleur se baseront progressivement dans la semaine.<\/div>\n<\/div>\n","protected":false},"excerpt":{"rendered":"<p>980nm\/6+1 Diode Laser de la lipolyse des veines d\u00e9pose vasculaire\/ FACE \/ spider veins d\u00e9pose de l&#8217;Ecz\u00e9ma clinique de physioth\u00e9rapie de la douleur de l&#8217;Herp\u00e8s L&#8217;utilisation utilisent des lasers m\u00e9dicaux \u00a0 Description de Produit Diode laser 980nm \u00e9limination des veines vasculaires au laser professionnelle 980nm Endolifting Chirurgie de la lipolyse Machine de physioth\u00e9rapie Th\u00e9orie du &hellip;<\/p>\n<p class=\"read-more\"> <a class=\" thunk-readmore button \" href=\"https:\/\/investmedic-store.com\/?product=980-nm-diode-laser-lipolysis\"> <span class=\"screen-reader-text\">980 NM DIODE LASER LIPOLYSIS<\/span>Read More<\/a><\/p>\n","protected":false},"featured_media":1847,"comment_status":"open","ping_status":"closed","template":"","meta":{"om_disable_all_campaigns":false,"_joinchat":[]},"product_cat":[15,163],"product_tag":[],"yoast_head":"<!-- This site is optimized with the Yoast SEO plugin v20.12 - https:\/\/yoast.com\/wordpress\/plugins\/seo\/ -->\n<title>980 NM DIODE LASER LIPOLYSIS - investmedic-store.com<\/title>\n<meta name=\"robots\" content=\"index, follow, max-snippet:-1, max-image-preview:large, max-video-preview:-1\" \/>\n<link rel=\"canonical\" href=\"https:\/\/investmedic-store.com\/?product=980-nm-diode-laser-lipolysis\" \/>\n<meta property=\"og:locale\" content=\"fr_FR\" \/>\n<meta property=\"og:type\" content=\"article\" \/>\n<meta property=\"og:title\" content=\"980 NM DIODE LASER LIPOLYSIS - investmedic-store.com\" \/>\n<meta property=\"og:description\" content=\"980nm\/6+1 Diode Laser de la lipolyse des veines d\u00e9pose vasculaire\/ FACE \/ spider veins d\u00e9pose de l&#8217;Ecz\u00e9ma clinique de physioth\u00e9rapie de la douleur de l&#8217;Herp\u00e8s L&#8217;utilisation utilisent des lasers m\u00e9dicaux \u00a0 Description de Produit Diode laser 980nm \u00e9limination des veines vasculaires au laser professionnelle 980nm Endolifting Chirurgie de la lipolyse Machine de physioth\u00e9rapie Th\u00e9orie du &hellip; 980 NM DIODE LASER LIPOLYSISRead More\" \/>\n<meta property=\"og:url\" content=\"https:\/\/investmedic-store.com\/?product=980-nm-diode-laser-lipolysis\" \/>\n<meta property=\"og:site_name\" content=\"investmedic-store.com\" \/>\n<meta property=\"article:publisher\" content=\"https:\/\/www.facebook.com\/invest.medic\" \/>\n<meta property=\"article:modified_time\" content=\"2023-08-23T15:24:10+00:00\" \/>\n<meta property=\"og:image\" content=\"http:\/\/investmedic-store.com\/wp-content\/uploads\/2023\/08\/photo_2023-08-23_15-10-48.jpg\" \/>\n\t<meta property=\"og:image:width\" content=\"750\" \/>\n\t<meta property=\"og:image:height\" content=\"750\" \/>\n\t<meta property=\"og:image:type\" content=\"image\/jpeg\" \/>\n<meta name=\"twitter:card\" content=\"summary_large_image\" \/>\n<meta name=\"twitter:label1\" content=\"Dur\u00e9e de lecture estim\u00e9e\" \/>\n\t<meta name=\"twitter:data1\" content=\"6 minutes\" \/>\n<script type=\"application\/ld+json\" class=\"yoast-schema-graph\">{\"@context\":\"https:\/\/schema.org\",\"@graph\":[{\"@type\":\"WebPage\",\"@id\":\"https:\/\/investmedic-store.com\/?product=980-nm-diode-laser-lipolysis\",\"url\":\"https:\/\/investmedic-store.com\/?product=980-nm-diode-laser-lipolysis\",\"name\":\"980 NM DIODE LASER LIPOLYSIS - investmedic-store.com\",\"isPartOf\":{\"@id\":\"https:\/\/investmedic-store.com\/#website\"},\"datePublished\":\"2023-08-23T14:12:57+00:00\",\"dateModified\":\"2023-08-23T15:24:10+00:00\",\"breadcrumb\":{\"@id\":\"https:\/\/investmedic-store.com\/?product=980-nm-diode-laser-lipolysis#breadcrumb\"},\"inLanguage\":\"fr-FR\",\"potentialAction\":[{\"@type\":\"ReadAction\",\"target\":[\"https:\/\/investmedic-store.com\/?product=980-nm-diode-laser-lipolysis\"]}]},{\"@type\":\"BreadcrumbList\",\"@id\":\"https:\/\/investmedic-store.com\/?product=980-nm-diode-laser-lipolysis#breadcrumb\",\"itemListElement\":[{\"@type\":\"ListItem\",\"position\":1,\"name\":\"Accueil\",\"item\":\"https:\/\/investmedic-store.com\/\"},{\"@type\":\"ListItem\",\"position\":2,\"name\":\"Shop\",\"item\":\"https:\/\/investmedic-store.com\/?page_id=5\"},{\"@type\":\"ListItem\",\"position\":3,\"name\":\"980 NM DIODE LASER LIPOLYSIS\"}]},{\"@type\":\"WebSite\",\"@id\":\"https:\/\/investmedic-store.com\/#website\",\"url\":\"https:\/\/investmedic-store.com\/\",\"name\":\"invest medic store\",\"description\":\"Importation &amp; Distribution Du Materiels Medico-Chirurgicales - \u0627\u0633\u062a\u064a\u0631\u0627\u062f \u0648\u062a\u0648\u0632\u064a\u0639 \u0627\u0644\u0645\u0648\u0627\u062f \u0627\u0644\u0637\u0628\u064a\u0629 \u0627\u0644\u062c\u0631\u0627\u062d\u064a\u0629\",\"publisher\":{\"@id\":\"https:\/\/investmedic-store.com\/#organization\"},\"alternateName\":\"investmedic store\",\"potentialAction\":[{\"@type\":\"SearchAction\",\"target\":{\"@type\":\"EntryPoint\",\"urlTemplate\":\"https:\/\/investmedic-store.com\/?s={search_term_string}\"},\"query-input\":\"required name=search_term_string\"}],\"inLanguage\":\"fr-FR\"},{\"@type\":\"Organization\",\"@id\":\"https:\/\/investmedic-store.com\/#organization\",\"name\":\"invest.medic store\",\"alternateName\":\"investmedic store\",\"url\":\"https:\/\/investmedic-store.com\/\",\"logo\":{\"@type\":\"ImageObject\",\"inLanguage\":\"fr-FR\",\"@id\":\"https:\/\/investmedic-store.com\/#\/schema\/logo\/image\/\",\"url\":\"https:\/\/investmedic-store.com\/wp-content\/uploads\/2023\/07\/cropped-LOGO_INVEST-transformed-removebg-preview-transformed-1-e1690120839263.png\",\"contentUrl\":\"https:\/\/investmedic-store.com\/wp-content\/uploads\/2023\/07\/cropped-LOGO_INVEST-transformed-removebg-preview-transformed-1-e1690120839263.png\",\"width\":512,\"height\":512,\"caption\":\"invest.medic store\"},\"image\":{\"@id\":\"https:\/\/investmedic-store.com\/#\/schema\/logo\/image\/\"},\"sameAs\":[\"https:\/\/www.facebook.com\/invest.medic\"]}]}<\/script>\n<!-- \/ Yoast SEO plugin. -->","yoast_head_json":{"title":"980 NM DIODE LASER LIPOLYSIS - investmedic-store.com","robots":{"index":"index","follow":"follow","max-snippet":"max-snippet:-1","max-image-preview":"max-image-preview:large","max-video-preview":"max-video-preview:-1"},"canonical":"https:\/\/investmedic-store.com\/?product=980-nm-diode-laser-lipolysis","og_locale":"fr_FR","og_type":"article","og_title":"980 NM DIODE LASER LIPOLYSIS - investmedic-store.com","og_description":"980nm\/6+1 Diode Laser de la lipolyse des veines d\u00e9pose vasculaire\/ FACE \/ spider veins d\u00e9pose de l&#8217;Ecz\u00e9ma clinique de physioth\u00e9rapie de la douleur de l&#8217;Herp\u00e8s L&#8217;utilisation utilisent des lasers m\u00e9dicaux \u00a0 Description de Produit Diode laser 980nm \u00e9limination des veines vasculaires au laser professionnelle 980nm Endolifting Chirurgie de la lipolyse Machine de physioth\u00e9rapie Th\u00e9orie du &hellip; 980 NM DIODE LASER LIPOLYSISRead More","og_url":"https:\/\/investmedic-store.com\/?product=980-nm-diode-laser-lipolysis","og_site_name":"investmedic-store.com","article_publisher":"https:\/\/www.facebook.com\/invest.medic","article_modified_time":"2023-08-23T15:24:10+00:00","og_image":[{"width":750,"height":750,"url":"http:\/\/investmedic-store.com\/wp-content\/uploads\/2023\/08\/photo_2023-08-23_15-10-48.jpg","type":"image\/jpeg"}],"twitter_card":"summary_large_image","twitter_misc":{"Dur\u00e9e de lecture estim\u00e9e":"6 minutes"},"schema":{"@context":"https:\/\/schema.org","@graph":[{"@type":"WebPage","@id":"https:\/\/investmedic-store.com\/?product=980-nm-diode-laser-lipolysis","url":"https:\/\/investmedic-store.com\/?product=980-nm-diode-laser-lipolysis","name":"980 NM DIODE LASER LIPOLYSIS - investmedic-store.com","isPartOf":{"@id":"https:\/\/investmedic-store.com\/#website"},"datePublished":"2023-08-23T14:12:57+00:00","dateModified":"2023-08-23T15:24:10+00:00","breadcrumb":{"@id":"https:\/\/investmedic-store.com\/?product=980-nm-diode-laser-lipolysis#breadcrumb"},"inLanguage":"fr-FR","potentialAction":[{"@type":"ReadAction","target":["https:\/\/investmedic-store.com\/?product=980-nm-diode-laser-lipolysis"]}]},{"@type":"BreadcrumbList","@id":"https:\/\/investmedic-store.com\/?product=980-nm-diode-laser-lipolysis#breadcrumb","itemListElement":[{"@type":"ListItem","position":1,"name":"Accueil","item":"https:\/\/investmedic-store.com\/"},{"@type":"ListItem","position":2,"name":"Shop","item":"https:\/\/investmedic-store.com\/?page_id=5"},{"@type":"ListItem","position":3,"name":"980 NM DIODE LASER LIPOLYSIS"}]},{"@type":"WebSite","@id":"https:\/\/investmedic-store.com\/#website","url":"https:\/\/investmedic-store.com\/","name":"invest medic store","description":"Importation &amp; Distribution Du Materiels Medico-Chirurgicales - \u0627\u0633\u062a\u064a\u0631\u0627\u062f \u0648\u062a\u0648\u0632\u064a\u0639 \u0627\u0644\u0645\u0648\u0627\u062f \u0627\u0644\u0637\u0628\u064a\u0629 \u0627\u0644\u062c\u0631\u0627\u062d\u064a\u0629","publisher":{"@id":"https:\/\/investmedic-store.com\/#organization"},"alternateName":"investmedic store","potentialAction":[{"@type":"SearchAction","target":{"@type":"EntryPoint","urlTemplate":"https:\/\/investmedic-store.com\/?s={search_term_string}"},"query-input":"required name=search_term_string"}],"inLanguage":"fr-FR"},{"@type":"Organization","@id":"https:\/\/investmedic-store.com\/#organization","name":"invest.medic store","alternateName":"investmedic store","url":"https:\/\/investmedic-store.com\/","logo":{"@type":"ImageObject","inLanguage":"fr-FR","@id":"https:\/\/investmedic-store.com\/#\/schema\/logo\/image\/","url":"https:\/\/investmedic-store.com\/wp-content\/uploads\/2023\/07\/cropped-LOGO_INVEST-transformed-removebg-preview-transformed-1-e1690120839263.png","contentUrl":"https:\/\/investmedic-store.com\/wp-content\/uploads\/2023\/07\/cropped-LOGO_INVEST-transformed-removebg-preview-transformed-1-e1690120839263.png","width":512,"height":512,"caption":"invest.medic store"},"image":{"@id":"https:\/\/investmedic-store.com\/#\/schema\/logo\/image\/"},"sameAs":["https:\/\/www.facebook.com\/invest.medic"]}]}},"_links":{"self":[{"href":"https:\/\/investmedic-store.com\/index.php?rest_route=\/wp\/v2\/product\/1846"}],"collection":[{"href":"https:\/\/investmedic-store.com\/index.php?rest_route=\/wp\/v2\/product"}],"about":[{"href":"https:\/\/investmedic-store.com\/index.php?rest_route=\/wp\/v2\/types\/product"}],"replies":[{"embeddable":true,"href":"https:\/\/investmedic-store.com\/index.php?rest_route=%2Fwp%2Fv2%2Fcomments&post=1846"}],"wp:featuredmedia":[{"embeddable":true,"href":"https:\/\/investmedic-store.com\/index.php?rest_route=\/wp\/v2\/media\/1847"}],"wp:attachment":[{"href":"https:\/\/investmedic-store.com\/index.php?rest_route=%2Fwp%2Fv2%2Fmedia&parent=1846"}],"wp:term":[{"taxonomy":"product_cat","embeddable":true,"href":"https:\/\/investmedic-store.com\/index.php?rest_route=%2Fwp%2Fv2%2Fproduct_cat&post=1846"},{"taxonomy":"product_tag","embeddable":true,"href":"https:\/\/investmedic-store.com\/index.php?rest_route=%2Fwp%2Fv2%2Fproduct_tag&post=1846"}],"curies":[{"name":"wp","href":"https:\/\/api.w.org\/{rel}","templated":true}]}}