{"id":1842,"date":"2023-08-23T00:31:39","date_gmt":"2023-08-22T23:31:39","guid":{"rendered":"https:\/\/investmedic-store.com\/?post_type=product&#038;p=1842"},"modified":"2023-09-04T20:01:50","modified_gmt":"2023-09-04T19:01:50","slug":"plasma-pen-1690","status":"publish","type":"product","link":"https:\/\/investmedic-store.com\/?product=plasma-pen-1690","title":{"rendered":"PLASMA PEN 1690"},"content":{"rendered":"<p><strong>Description de Produit<\/strong><br \/>\nLa beaut\u00e9 Mole Remover Laser Stylo de levage de Plasma Spot Freckle Pen Mod\u00e8le: N11<\/p>\n<p>Taille du produit: 20*4*3cm<\/p>\n<p>taille de l&#8217;emballage: 24*16*9cm<\/p>\n<p>Tension en entr\u00e9e: DC24V\/0, 8 A<\/p>\n<p>Alimentation: 3W (maxi)<\/p>\n<p>Vitesse: 6 blocs<\/p>\n<p>Configuration: Stylo principal *1, chargeur *1, emballage *1, manuel *1, l&#8217;aiguille: 3PC<\/p>\n","protected":false},"excerpt":{"rendered":"<p>Description de Produit La beaut\u00e9 Mole Remover Laser Stylo de levage de Plasma Spot Freckle Pen Mod\u00e8le: N11 Taille du produit: 20*4*3cm taille de l&#8217;emballage: 24*16*9cm Tension en entr\u00e9e: DC24V\/0, 8 A Alimentation: 3W (maxi) Vitesse: 6 blocs Configuration: Stylo principal *1, chargeur *1, emballage *1, manuel *1, l&#8217;aiguille: 3PC<\/p>\n","protected":false},"featured_media":1843,"comment_status":"open","ping_status":"closed","template":"","meta":{"om_disable_all_campaigns":false,"_joinchat":[]},"product_cat":[15,162],"product_tag":[],"yoast_head":"<!-- This site is optimized with the Yoast SEO plugin v20.12 - https:\/\/yoast.com\/wordpress\/plugins\/seo\/ -->\n<title>PLASMA PEN 1690 - investmedic-store.com<\/title>\n<meta name=\"robots\" content=\"index, follow, max-snippet:-1, max-image-preview:large, max-video-preview:-1\" \/>\n<link rel=\"canonical\" href=\"https:\/\/investmedic-store.com\/?product=plasma-pen-1690\" \/>\n<meta property=\"og:locale\" content=\"fr_FR\" \/>\n<meta property=\"og:type\" content=\"article\" \/>\n<meta property=\"og:title\" content=\"PLASMA PEN 1690 - investmedic-store.com\" \/>\n<meta property=\"og:description\" content=\"Description de Produit La beaut\u00e9 Mole Remover Laser Stylo de levage de Plasma Spot Freckle Pen Mod\u00e8le: N11 Taille du produit: 20*4*3cm taille de l&#8217;emballage: 24*16*9cm Tension en entr\u00e9e: DC24V\/0, 8 A Alimentation: 3W (maxi) Vitesse: 6 blocs Configuration: Stylo principal *1, chargeur *1, emballage *1, manuel *1, l&#8217;aiguille: 3PC\" \/>\n<meta property=\"og:url\" content=\"https:\/\/investmedic-store.com\/?product=plasma-pen-1690\" \/>\n<meta property=\"og:site_name\" content=\"investmedic-store.com\" \/>\n<meta property=\"article:publisher\" content=\"https:\/\/www.facebook.com\/invest.medic\" \/>\n<meta property=\"article:modified_time\" content=\"2023-09-04T19:01:50+00:00\" \/>\n<meta property=\"og:image\" content=\"http:\/\/investmedic-store.com\/wp-content\/uploads\/2023\/08\/OIP-2.jpg\" \/>\n\t<meta property=\"og:image:width\" content=\"474\" \/>\n\t<meta property=\"og:image:height\" content=\"345\" \/>\n\t<meta property=\"og:image:type\" content=\"image\/jpeg\" \/>\n<meta name=\"twitter:card\" content=\"summary_large_image\" \/>\n<meta name=\"twitter:label1\" content=\"Dur\u00e9e de lecture estim\u00e9e\" \/>\n\t<meta name=\"twitter:data1\" content=\"1 minute\" \/>\n<script type=\"application\/ld+json\" class=\"yoast-schema-graph\">{\"@context\":\"https:\/\/schema.org\",\"@graph\":[{\"@type\":\"WebPage\",\"@id\":\"https:\/\/investmedic-store.com\/?product=plasma-pen-1690\",\"url\":\"https:\/\/investmedic-store.com\/?product=plasma-pen-1690\",\"name\":\"PLASMA PEN 1690 - investmedic-store.com\",\"isPartOf\":{\"@id\":\"https:\/\/investmedic-store.com\/#website\"},\"datePublished\":\"2023-08-22T23:31:39+00:00\",\"dateModified\":\"2023-09-04T19:01:50+00:00\",\"breadcrumb\":{\"@id\":\"https:\/\/investmedic-store.com\/?product=plasma-pen-1690#breadcrumb\"},\"inLanguage\":\"fr-FR\",\"potentialAction\":[{\"@type\":\"ReadAction\",\"target\":[\"https:\/\/investmedic-store.com\/?product=plasma-pen-1690\"]}]},{\"@type\":\"BreadcrumbList\",\"@id\":\"https:\/\/investmedic-store.com\/?product=plasma-pen-1690#breadcrumb\",\"itemListElement\":[{\"@type\":\"ListItem\",\"position\":1,\"name\":\"Accueil\",\"item\":\"https:\/\/investmedic-store.com\/\"},{\"@type\":\"ListItem\",\"position\":2,\"name\":\"Shop\",\"item\":\"https:\/\/investmedic-store.com\/?page_id=5\"},{\"@type\":\"ListItem\",\"position\":3,\"name\":\"PLASMA PEN 1690\"}]},{\"@type\":\"WebSite\",\"@id\":\"https:\/\/investmedic-store.com\/#website\",\"url\":\"https:\/\/investmedic-store.com\/\",\"name\":\"invest medic store\",\"description\":\"Importation &amp; Distribution Du Materiels Medico-Chirurgicales - \u0627\u0633\u062a\u064a\u0631\u0627\u062f \u0648\u062a\u0648\u0632\u064a\u0639 \u0627\u0644\u0645\u0648\u0627\u062f \u0627\u0644\u0637\u0628\u064a\u0629 \u0627\u0644\u062c\u0631\u0627\u062d\u064a\u0629\",\"publisher\":{\"@id\":\"https:\/\/investmedic-store.com\/#organization\"},\"alternateName\":\"investmedic store\",\"potentialAction\":[{\"@type\":\"SearchAction\",\"target\":{\"@type\":\"EntryPoint\",\"urlTemplate\":\"https:\/\/investmedic-store.com\/?s={search_term_string}\"},\"query-input\":\"required name=search_term_string\"}],\"inLanguage\":\"fr-FR\"},{\"@type\":\"Organization\",\"@id\":\"https:\/\/investmedic-store.com\/#organization\",\"name\":\"invest.medic store\",\"alternateName\":\"investmedic store\",\"url\":\"https:\/\/investmedic-store.com\/\",\"logo\":{\"@type\":\"ImageObject\",\"inLanguage\":\"fr-FR\",\"@id\":\"https:\/\/investmedic-store.com\/#\/schema\/logo\/image\/\",\"url\":\"https:\/\/investmedic-store.com\/wp-content\/uploads\/2023\/07\/cropped-LOGO_INVEST-transformed-removebg-preview-transformed-1-e1690120839263.png\",\"contentUrl\":\"https:\/\/investmedic-store.com\/wp-content\/uploads\/2023\/07\/cropped-LOGO_INVEST-transformed-removebg-preview-transformed-1-e1690120839263.png\",\"width\":512,\"height\":512,\"caption\":\"invest.medic store\"},\"image\":{\"@id\":\"https:\/\/investmedic-store.com\/#\/schema\/logo\/image\/\"},\"sameAs\":[\"https:\/\/www.facebook.com\/invest.medic\"]}]}<\/script>\n<!-- \/ Yoast SEO plugin. -->","yoast_head_json":{"title":"PLASMA PEN 1690 - investmedic-store.com","robots":{"index":"index","follow":"follow","max-snippet":"max-snippet:-1","max-image-preview":"max-image-preview:large","max-video-preview":"max-video-preview:-1"},"canonical":"https:\/\/investmedic-store.com\/?product=plasma-pen-1690","og_locale":"fr_FR","og_type":"article","og_title":"PLASMA PEN 1690 - investmedic-store.com","og_description":"Description de Produit La beaut\u00e9 Mole Remover Laser Stylo de levage de Plasma Spot Freckle Pen Mod\u00e8le: N11 Taille du produit: 20*4*3cm taille de l&#8217;emballage: 24*16*9cm Tension en entr\u00e9e: DC24V\/0, 8 A Alimentation: 3W (maxi) Vitesse: 6 blocs Configuration: Stylo principal *1, chargeur *1, emballage *1, manuel *1, l&#8217;aiguille: 3PC","og_url":"https:\/\/investmedic-store.com\/?product=plasma-pen-1690","og_site_name":"investmedic-store.com","article_publisher":"https:\/\/www.facebook.com\/invest.medic","article_modified_time":"2023-09-04T19:01:50+00:00","og_image":[{"width":474,"height":345,"url":"http:\/\/investmedic-store.com\/wp-content\/uploads\/2023\/08\/OIP-2.jpg","type":"image\/jpeg"}],"twitter_card":"summary_large_image","twitter_misc":{"Dur\u00e9e de lecture estim\u00e9e":"1 minute"},"schema":{"@context":"https:\/\/schema.org","@graph":[{"@type":"WebPage","@id":"https:\/\/investmedic-store.com\/?product=plasma-pen-1690","url":"https:\/\/investmedic-store.com\/?product=plasma-pen-1690","name":"PLASMA PEN 1690 - investmedic-store.com","isPartOf":{"@id":"https:\/\/investmedic-store.com\/#website"},"datePublished":"2023-08-22T23:31:39+00:00","dateModified":"2023-09-04T19:01:50+00:00","breadcrumb":{"@id":"https:\/\/investmedic-store.com\/?product=plasma-pen-1690#breadcrumb"},"inLanguage":"fr-FR","potentialAction":[{"@type":"ReadAction","target":["https:\/\/investmedic-store.com\/?product=plasma-pen-1690"]}]},{"@type":"BreadcrumbList","@id":"https:\/\/investmedic-store.com\/?product=plasma-pen-1690#breadcrumb","itemListElement":[{"@type":"ListItem","position":1,"name":"Accueil","item":"https:\/\/investmedic-store.com\/"},{"@type":"ListItem","position":2,"name":"Shop","item":"https:\/\/investmedic-store.com\/?page_id=5"},{"@type":"ListItem","position":3,"name":"PLASMA PEN 1690"}]},{"@type":"WebSite","@id":"https:\/\/investmedic-store.com\/#website","url":"https:\/\/investmedic-store.com\/","name":"invest medic store","description":"Importation &amp; Distribution Du Materiels Medico-Chirurgicales - \u0627\u0633\u062a\u064a\u0631\u0627\u062f \u0648\u062a\u0648\u0632\u064a\u0639 \u0627\u0644\u0645\u0648\u0627\u062f \u0627\u0644\u0637\u0628\u064a\u0629 \u0627\u0644\u062c\u0631\u0627\u062d\u064a\u0629","publisher":{"@id":"https:\/\/investmedic-store.com\/#organization"},"alternateName":"investmedic store","potentialAction":[{"@type":"SearchAction","target":{"@type":"EntryPoint","urlTemplate":"https:\/\/investmedic-store.com\/?s={search_term_string}"},"query-input":"required name=search_term_string"}],"inLanguage":"fr-FR"},{"@type":"Organization","@id":"https:\/\/investmedic-store.com\/#organization","name":"invest.medic store","alternateName":"investmedic store","url":"https:\/\/investmedic-store.com\/","logo":{"@type":"ImageObject","inLanguage":"fr-FR","@id":"https:\/\/investmedic-store.com\/#\/schema\/logo\/image\/","url":"https:\/\/investmedic-store.com\/wp-content\/uploads\/2023\/07\/cropped-LOGO_INVEST-transformed-removebg-preview-transformed-1-e1690120839263.png","contentUrl":"https:\/\/investmedic-store.com\/wp-content\/uploads\/2023\/07\/cropped-LOGO_INVEST-transformed-removebg-preview-transformed-1-e1690120839263.png","width":512,"height":512,"caption":"invest.medic store"},"image":{"@id":"https:\/\/investmedic-store.com\/#\/schema\/logo\/image\/"},"sameAs":["https:\/\/www.facebook.com\/invest.medic"]}]}},"_links":{"self":[{"href":"https:\/\/investmedic-store.com\/index.php?rest_route=\/wp\/v2\/product\/1842"}],"collection":[{"href":"https:\/\/investmedic-store.com\/index.php?rest_route=\/wp\/v2\/product"}],"about":[{"href":"https:\/\/investmedic-store.com\/index.php?rest_route=\/wp\/v2\/types\/product"}],"replies":[{"embeddable":true,"href":"https:\/\/investmedic-store.com\/index.php?rest_route=%2Fwp%2Fv2%2Fcomments&post=1842"}],"wp:featuredmedia":[{"embeddable":true,"href":"https:\/\/investmedic-store.com\/index.php?rest_route=\/wp\/v2\/media\/1843"}],"wp:attachment":[{"href":"https:\/\/investmedic-store.com\/index.php?rest_route=%2Fwp%2Fv2%2Fmedia&parent=1842"}],"wp:term":[{"taxonomy":"product_cat","embeddable":true,"href":"https:\/\/investmedic-store.com\/index.php?rest_route=%2Fwp%2Fv2%2Fproduct_cat&post=1842"},{"taxonomy":"product_tag","embeddable":true,"href":"https:\/\/investmedic-store.com\/index.php?rest_route=%2Fwp%2Fv2%2Fproduct_tag&post=1842"}],"curies":[{"name":"wp","href":"https:\/\/api.w.org\/{rel}","templated":true}]}}