{"id":1822,"date":"2023-08-21T19:36:28","date_gmt":"2023-08-21T18:36:28","guid":{"rendered":"https:\/\/investmedic-store.com\/?post_type=product&#038;p=1822"},"modified":"2023-08-22T23:30:51","modified_gmt":"2023-08-22T22:30:51","slug":"dermapen-dr-pen-a6-chine","status":"publish","type":"product","link":"https:\/\/investmedic-store.com\/?product=dermapen-dr-pen-a6-chine","title":{"rendered":"Dermapen Dr Pen A6 Chine"},"content":{"rendered":"<p><strong>\u00a0Dr.<\/strong> Pen A6\u00a0 vous aidera \u00e0 atteindre vos objectifs de peau en aidant \u00e0 l&#8217;exfoliation de la peau ; une peau plus lisse et lumineuse<\/p>\n<div class=\"sr-txt-title\">\n<h2 class=\"sr-txt-h2\">Description de Produit<\/h2>\n<\/div>\n<div class=\"async-rich-info\">\n<div class=\"rich-text cf\">\n<p><strong>Pr\u00e9senter :<\/strong><br \/>\n8 heures le temps de travail<\/p>\n<p>Deux modes de fonctionnement<\/p>\n<p>Tous les corps de shell en m\u00e9tal<\/p>\n<p>Les cartouches : 1\/3\/5\/7\/9\/12\/36\/42\/Nano aiguilles pour le choix<\/p>\n<p>Batterie rechargeable : 2\u00a0pc<\/p>\n<p>Vitesse : 5\u00a0niveaux. MAX 15000 tr\/min<\/p>\n<p>Profondeur de l&#8217;aiguille : 0.25~2.5mm<\/p>\n<p>Adaptateur : US\/UE\/RU\/AU<\/p>\n<p><strong>Sp\u00e9cification :<\/strong><br \/>\n<strong><b>1. Objet<\/b><\/strong><br \/>\nAppareils pour appliquer un\u00a0micro-th\u00e9rapie de l&#8217;aiguille par vibration<\/p>\n<p><strong><b>2. Les performances<\/b><\/strong><br \/>\nUn dispositif de ponction de p\u00e9n\u00e9tration de la peau de drogues ou cosm\u00e9tiques prend en charge avec<br \/>\nUn micro-aiguille guid\u00e9 entre \u00e9tendus et r\u00e9tract\u00e9s<\/p>\n<p><strong><b>3. La sp\u00e9cification<\/b><\/strong><br \/>\n1)Nom du produit : Auto-stamp Machine m\u00e9so motoris\u00e9<br \/>\n2)Nom du mod\u00e8le : Dr.pen Ultima A6<br \/>\n3)Adaptateur : 5V, 1000mA<br \/>\n4)Poids : corps principal 62g<br \/>\n5)Taille : 126*23(mm)<\/p>\n<p><strong>Fonction :<\/strong><\/p>\n<p>Anti-Puffiness.<\/p>\n<p>Le SCAR d\u00e9pose y compris l&#8217;acn\u00e9 cicatrice d\u00e9pose ou de traitement.<\/p>\n<p>L&#8217;Acn\u00e9 cicatrice de la d\u00e9pose, l&#8217;Acn\u00e9 cicatrice de traitement.<\/p>\n<p>Le traitement antirides, Anti vieillissement.<\/p>\n<p>La perte de cheveux ou les cheveux de traitement de restauration.<\/p>\n<p>Cicatrice chirurgicale de la d\u00e9pose.<\/p>\n<p>Hyperpigmentation traitement.<\/p>\n<p><strong>Avantages :<\/strong><\/p>\n<p>Arts visuels et en am\u00e9lioration notable dans quelques\u00a0jours \u00e0 partir du premier traitement.<\/p>\n<p>Court temps de gu\u00e9rison.<\/p>\n<p>Aucun des dommages permanents ou de blessure.<\/p>\n<p>Pas d&#8217;ecchymoses, infection, d\u00e9coloration ou d&#8217;autres complications.<\/p>\n<p>Extr\u00eamement forte absorption de tous les ingr\u00e9dients actifs.<\/p>\n<p>Presque tous les types de peau peuvent \u00eatre trait\u00e9es.<\/p>\n<p>S&#8217;\u00e9paissit le derme sans endommager ou le retrait de l&#8217;\u00e9piderme.<\/p>\n<\/div>\n<\/div>\n","protected":false},"excerpt":{"rendered":"<p>\u00a0Dr. Pen A6\u00a0 vous aidera \u00e0 atteindre vos objectifs de peau en aidant \u00e0 l&#8217;exfoliation de la peau ; une peau plus lisse et lumineuse Description de Produit Pr\u00e9senter : 8 heures le temps de travail Deux modes de fonctionnement Tous les corps de shell en m\u00e9tal Les cartouches : 1\/3\/5\/7\/9\/12\/36\/42\/Nano aiguilles pour le choix &hellip;<\/p>\n<p class=\"read-more\"> <a class=\" thunk-readmore button \" href=\"https:\/\/investmedic-store.com\/?product=dermapen-dr-pen-a6-chine\"> <span class=\"screen-reader-text\">Dermapen Dr Pen A6 Chine<\/span>Read More<\/a><\/p>\n","protected":false},"featured_media":1823,"comment_status":"open","ping_status":"closed","template":"","meta":{"om_disable_all_campaigns":false,"_joinchat":[]},"product_cat":[15,162],"product_tag":[],"yoast_head":"<!-- This site is optimized with the Yoast SEO plugin v20.12 - https:\/\/yoast.com\/wordpress\/plugins\/seo\/ -->\n<title>Dermapen Dr Pen A6 Chine - investmedic-store.com<\/title>\n<meta name=\"robots\" content=\"index, follow, max-snippet:-1, max-image-preview:large, max-video-preview:-1\" \/>\n<link rel=\"canonical\" href=\"https:\/\/investmedic-store.com\/?product=dermapen-dr-pen-a6-chine\" \/>\n<meta property=\"og:locale\" content=\"fr_FR\" \/>\n<meta property=\"og:type\" content=\"article\" \/>\n<meta property=\"og:title\" content=\"Dermapen Dr Pen A6 Chine - investmedic-store.com\" \/>\n<meta property=\"og:description\" content=\"\u00a0Dr. Pen A6\u00a0 vous aidera \u00e0 atteindre vos objectifs de peau en aidant \u00e0 l&#8217;exfoliation de la peau ; une peau plus lisse et lumineuse Description de Produit Pr\u00e9senter : 8 heures le temps de travail Deux modes de fonctionnement Tous les corps de shell en m\u00e9tal Les cartouches : 1\/3\/5\/7\/9\/12\/36\/42\/Nano aiguilles pour le choix &hellip; Dermapen Dr Pen A6 ChineRead More\" \/>\n<meta property=\"og:url\" content=\"https:\/\/investmedic-store.com\/?product=dermapen-dr-pen-a6-chine\" \/>\n<meta property=\"og:site_name\" content=\"investmedic-store.com\" \/>\n<meta property=\"article:publisher\" content=\"https:\/\/www.facebook.com\/invest.medic\" \/>\n<meta property=\"article:modified_time\" content=\"2023-08-22T22:30:51+00:00\" \/>\n<meta property=\"og:image\" content=\"http:\/\/investmedic-store.com\/wp-content\/uploads\/2023\/08\/1614851119914081.jpg\" \/>\n\t<meta property=\"og:image:width\" content=\"800\" \/>\n\t<meta property=\"og:image:height\" content=\"800\" \/>\n\t<meta property=\"og:image:type\" content=\"image\/jpeg\" \/>\n<meta name=\"twitter:card\" content=\"summary_large_image\" \/>\n<meta name=\"twitter:label1\" content=\"Dur\u00e9e de lecture estim\u00e9e\" \/>\n\t<meta name=\"twitter:data1\" content=\"2 minutes\" \/>\n<script type=\"application\/ld+json\" class=\"yoast-schema-graph\">{\"@context\":\"https:\/\/schema.org\",\"@graph\":[{\"@type\":\"WebPage\",\"@id\":\"https:\/\/investmedic-store.com\/?product=dermapen-dr-pen-a6-chine\",\"url\":\"https:\/\/investmedic-store.com\/?product=dermapen-dr-pen-a6-chine\",\"name\":\"Dermapen Dr Pen A6 Chine - investmedic-store.com\",\"isPartOf\":{\"@id\":\"https:\/\/investmedic-store.com\/#website\"},\"datePublished\":\"2023-08-21T18:36:28+00:00\",\"dateModified\":\"2023-08-22T22:30:51+00:00\",\"breadcrumb\":{\"@id\":\"https:\/\/investmedic-store.com\/?product=dermapen-dr-pen-a6-chine#breadcrumb\"},\"inLanguage\":\"fr-FR\",\"potentialAction\":[{\"@type\":\"ReadAction\",\"target\":[\"https:\/\/investmedic-store.com\/?product=dermapen-dr-pen-a6-chine\"]}]},{\"@type\":\"BreadcrumbList\",\"@id\":\"https:\/\/investmedic-store.com\/?product=dermapen-dr-pen-a6-chine#breadcrumb\",\"itemListElement\":[{\"@type\":\"ListItem\",\"position\":1,\"name\":\"Accueil\",\"item\":\"https:\/\/investmedic-store.com\/\"},{\"@type\":\"ListItem\",\"position\":2,\"name\":\"Shop\",\"item\":\"https:\/\/investmedic-store.com\/?page_id=5\"},{\"@type\":\"ListItem\",\"position\":3,\"name\":\"Dermapen Dr Pen A6 Chine\"}]},{\"@type\":\"WebSite\",\"@id\":\"https:\/\/investmedic-store.com\/#website\",\"url\":\"https:\/\/investmedic-store.com\/\",\"name\":\"invest medic store\",\"description\":\"Importation &amp; Distribution Du Materiels Medico-Chirurgicales - \u0627\u0633\u062a\u064a\u0631\u0627\u062f \u0648\u062a\u0648\u0632\u064a\u0639 \u0627\u0644\u0645\u0648\u0627\u062f \u0627\u0644\u0637\u0628\u064a\u0629 \u0627\u0644\u062c\u0631\u0627\u062d\u064a\u0629\",\"publisher\":{\"@id\":\"https:\/\/investmedic-store.com\/#organization\"},\"alternateName\":\"investmedic store\",\"potentialAction\":[{\"@type\":\"SearchAction\",\"target\":{\"@type\":\"EntryPoint\",\"urlTemplate\":\"https:\/\/investmedic-store.com\/?s={search_term_string}\"},\"query-input\":\"required name=search_term_string\"}],\"inLanguage\":\"fr-FR\"},{\"@type\":\"Organization\",\"@id\":\"https:\/\/investmedic-store.com\/#organization\",\"name\":\"invest.medic store\",\"alternateName\":\"investmedic store\",\"url\":\"https:\/\/investmedic-store.com\/\",\"logo\":{\"@type\":\"ImageObject\",\"inLanguage\":\"fr-FR\",\"@id\":\"https:\/\/investmedic-store.com\/#\/schema\/logo\/image\/\",\"url\":\"https:\/\/investmedic-store.com\/wp-content\/uploads\/2023\/07\/cropped-LOGO_INVEST-transformed-removebg-preview-transformed-1-e1690120839263.png\",\"contentUrl\":\"https:\/\/investmedic-store.com\/wp-content\/uploads\/2023\/07\/cropped-LOGO_INVEST-transformed-removebg-preview-transformed-1-e1690120839263.png\",\"width\":512,\"height\":512,\"caption\":\"invest.medic store\"},\"image\":{\"@id\":\"https:\/\/investmedic-store.com\/#\/schema\/logo\/image\/\"},\"sameAs\":[\"https:\/\/www.facebook.com\/invest.medic\"]}]}<\/script>\n<!-- \/ Yoast SEO plugin. -->","yoast_head_json":{"title":"Dermapen Dr Pen A6 Chine - investmedic-store.com","robots":{"index":"index","follow":"follow","max-snippet":"max-snippet:-1","max-image-preview":"max-image-preview:large","max-video-preview":"max-video-preview:-1"},"canonical":"https:\/\/investmedic-store.com\/?product=dermapen-dr-pen-a6-chine","og_locale":"fr_FR","og_type":"article","og_title":"Dermapen Dr Pen A6 Chine - investmedic-store.com","og_description":"\u00a0Dr. Pen A6\u00a0 vous aidera \u00e0 atteindre vos objectifs de peau en aidant \u00e0 l&#8217;exfoliation de la peau ; une peau plus lisse et lumineuse Description de Produit Pr\u00e9senter : 8 heures le temps de travail Deux modes de fonctionnement Tous les corps de shell en m\u00e9tal Les cartouches : 1\/3\/5\/7\/9\/12\/36\/42\/Nano aiguilles pour le choix &hellip; Dermapen Dr Pen A6 ChineRead More","og_url":"https:\/\/investmedic-store.com\/?product=dermapen-dr-pen-a6-chine","og_site_name":"investmedic-store.com","article_publisher":"https:\/\/www.facebook.com\/invest.medic","article_modified_time":"2023-08-22T22:30:51+00:00","og_image":[{"width":800,"height":800,"url":"http:\/\/investmedic-store.com\/wp-content\/uploads\/2023\/08\/1614851119914081.jpg","type":"image\/jpeg"}],"twitter_card":"summary_large_image","twitter_misc":{"Dur\u00e9e de lecture estim\u00e9e":"2 minutes"},"schema":{"@context":"https:\/\/schema.org","@graph":[{"@type":"WebPage","@id":"https:\/\/investmedic-store.com\/?product=dermapen-dr-pen-a6-chine","url":"https:\/\/investmedic-store.com\/?product=dermapen-dr-pen-a6-chine","name":"Dermapen Dr Pen A6 Chine - investmedic-store.com","isPartOf":{"@id":"https:\/\/investmedic-store.com\/#website"},"datePublished":"2023-08-21T18:36:28+00:00","dateModified":"2023-08-22T22:30:51+00:00","breadcrumb":{"@id":"https:\/\/investmedic-store.com\/?product=dermapen-dr-pen-a6-chine#breadcrumb"},"inLanguage":"fr-FR","potentialAction":[{"@type":"ReadAction","target":["https:\/\/investmedic-store.com\/?product=dermapen-dr-pen-a6-chine"]}]},{"@type":"BreadcrumbList","@id":"https:\/\/investmedic-store.com\/?product=dermapen-dr-pen-a6-chine#breadcrumb","itemListElement":[{"@type":"ListItem","position":1,"name":"Accueil","item":"https:\/\/investmedic-store.com\/"},{"@type":"ListItem","position":2,"name":"Shop","item":"https:\/\/investmedic-store.com\/?page_id=5"},{"@type":"ListItem","position":3,"name":"Dermapen Dr Pen A6 Chine"}]},{"@type":"WebSite","@id":"https:\/\/investmedic-store.com\/#website","url":"https:\/\/investmedic-store.com\/","name":"invest medic store","description":"Importation &amp; Distribution Du Materiels Medico-Chirurgicales - \u0627\u0633\u062a\u064a\u0631\u0627\u062f \u0648\u062a\u0648\u0632\u064a\u0639 \u0627\u0644\u0645\u0648\u0627\u062f \u0627\u0644\u0637\u0628\u064a\u0629 \u0627\u0644\u062c\u0631\u0627\u062d\u064a\u0629","publisher":{"@id":"https:\/\/investmedic-store.com\/#organization"},"alternateName":"investmedic store","potentialAction":[{"@type":"SearchAction","target":{"@type":"EntryPoint","urlTemplate":"https:\/\/investmedic-store.com\/?s={search_term_string}"},"query-input":"required name=search_term_string"}],"inLanguage":"fr-FR"},{"@type":"Organization","@id":"https:\/\/investmedic-store.com\/#organization","name":"invest.medic store","alternateName":"investmedic store","url":"https:\/\/investmedic-store.com\/","logo":{"@type":"ImageObject","inLanguage":"fr-FR","@id":"https:\/\/investmedic-store.com\/#\/schema\/logo\/image\/","url":"https:\/\/investmedic-store.com\/wp-content\/uploads\/2023\/07\/cropped-LOGO_INVEST-transformed-removebg-preview-transformed-1-e1690120839263.png","contentUrl":"https:\/\/investmedic-store.com\/wp-content\/uploads\/2023\/07\/cropped-LOGO_INVEST-transformed-removebg-preview-transformed-1-e1690120839263.png","width":512,"height":512,"caption":"invest.medic store"},"image":{"@id":"https:\/\/investmedic-store.com\/#\/schema\/logo\/image\/"},"sameAs":["https:\/\/www.facebook.com\/invest.medic"]}]}},"_links":{"self":[{"href":"https:\/\/investmedic-store.com\/index.php?rest_route=\/wp\/v2\/product\/1822"}],"collection":[{"href":"https:\/\/investmedic-store.com\/index.php?rest_route=\/wp\/v2\/product"}],"about":[{"href":"https:\/\/investmedic-store.com\/index.php?rest_route=\/wp\/v2\/types\/product"}],"replies":[{"embeddable":true,"href":"https:\/\/investmedic-store.com\/index.php?rest_route=%2Fwp%2Fv2%2Fcomments&post=1822"}],"wp:featuredmedia":[{"embeddable":true,"href":"https:\/\/investmedic-store.com\/index.php?rest_route=\/wp\/v2\/media\/1823"}],"wp:attachment":[{"href":"https:\/\/investmedic-store.com\/index.php?rest_route=%2Fwp%2Fv2%2Fmedia&parent=1822"}],"wp:term":[{"taxonomy":"product_cat","embeddable":true,"href":"https:\/\/investmedic-store.com\/index.php?rest_route=%2Fwp%2Fv2%2Fproduct_cat&post=1822"},{"taxonomy":"product_tag","embeddable":true,"href":"https:\/\/investmedic-store.com\/index.php?rest_route=%2Fwp%2Fv2%2Fproduct_tag&post=1822"}],"curies":[{"name":"wp","href":"https:\/\/api.w.org\/{rel}","templated":true}]}}