{"id":1815,"date":"2023-08-21T16:01:04","date_gmt":"2023-08-21T15:01:04","guid":{"rendered":"https:\/\/investmedic-store.com\/?post_type=product&#038;p=1815"},"modified":"2023-08-21T16:01:05","modified_gmt":"2023-08-21T15:01:05","slug":"meso-gun-pistolet-injecteur-professionnel-chine","status":"publish","type":"product","link":"https:\/\/investmedic-store.com\/?product=meso-gun-pistolet-injecteur-professionnel-chine","title":{"rendered":"Meso Gun Pistolet Injecteur Professionnel Chine"},"content":{"rendered":"<p>C&#8217;est une machine et une technologie de pr\u00e9cision, avec ce pistolet, la m\u00e9soth\u00e9rapie peut \u00eatre inject\u00e9e au niveau intradermique nutritif, garantissant que la zone absorbe un pourcentage \u00e9lev\u00e9 de la substance appliqu\u00e9e, a en outre l&#8217;assurance que chaque application effectu\u00e9e a la m\u00eame dose de plus en plus, plus rapidement et moins douleur en faisant les proc\u00e9dures les plus agr\u00e9ables.<\/p>\n<p>vous pouvez faire un traitement de plasma riche en plaquettes, de multivitamines, d&#8217;acide hyaluronique, d&#8217;oligo-\u00e9l\u00e9ments et autres.<\/p>\n<p>Avantages du m\u00e9sogun<\/p>\n<p>R\u00e9duire la douleur pendant la proc\u00e9dure la rendant moins traumatisante<\/p>\n<p>Contr\u00f4le de la quantit\u00e9 exacte de chaque application de produit<\/p>\n<p>La s\u00e9curit\u00e9 et l&#8217;aiguille rentre dans la peau qu&#8217;un seul j&#8217;ai programm\u00e9<\/p>\n<p>Moins de temps dans chaque traitement<\/p>\n<p>Contr\u00f4le du nombre de crevaisons<\/p>\n<p>&nbsp;<\/p>\n","protected":false},"excerpt":{"rendered":"<p>C&#8217;est une machine et une technologie de pr\u00e9cision, avec ce pistolet, la m\u00e9soth\u00e9rapie peut \u00eatre inject\u00e9e au niveau intradermique nutritif, garantissant que la zone absorbe un pourcentage \u00e9lev\u00e9 de la substance appliqu\u00e9e, a en outre l&#8217;assurance que chaque application effectu\u00e9e a la m\u00eame dose de plus en plus, plus rapidement et moins douleur en faisant &hellip;<\/p>\n<p class=\"read-more\"> <a class=\" thunk-readmore button \" href=\"https:\/\/investmedic-store.com\/?product=meso-gun-pistolet-injecteur-professionnel-chine\"> <span class=\"screen-reader-text\">Meso Gun Pistolet Injecteur Professionnel Chine<\/span>Read More<\/a><\/p>\n","protected":false},"featured_media":1816,"comment_status":"open","ping_status":"closed","template":"","meta":{"om_disable_all_campaigns":false,"_joinchat":[]},"product_cat":[15,162],"product_tag":[],"yoast_head":"<!-- This site is optimized with the Yoast SEO plugin v20.12 - https:\/\/yoast.com\/wordpress\/plugins\/seo\/ -->\n<title>Meso Gun Pistolet Injecteur Professionnel Chine - investmedic-store.com<\/title>\n<meta name=\"robots\" content=\"index, follow, max-snippet:-1, max-image-preview:large, max-video-preview:-1\" \/>\n<link rel=\"canonical\" href=\"https:\/\/investmedic-store.com\/?product=meso-gun-pistolet-injecteur-professionnel-chine\" \/>\n<meta property=\"og:locale\" content=\"fr_FR\" \/>\n<meta property=\"og:type\" content=\"article\" \/>\n<meta property=\"og:title\" content=\"Meso Gun Pistolet Injecteur Professionnel Chine - investmedic-store.com\" \/>\n<meta property=\"og:description\" content=\"C&#8217;est une machine et une technologie de pr\u00e9cision, avec ce pistolet, la m\u00e9soth\u00e9rapie peut \u00eatre inject\u00e9e au niveau intradermique nutritif, garantissant que la zone absorbe un pourcentage \u00e9lev\u00e9 de la substance appliqu\u00e9e, a en outre l&#8217;assurance que chaque application effectu\u00e9e a la m\u00eame dose de plus en plus, plus rapidement et moins douleur en faisant &hellip; Meso Gun Pistolet Injecteur Professionnel ChineRead More\" \/>\n<meta property=\"og:url\" content=\"https:\/\/investmedic-store.com\/?product=meso-gun-pistolet-injecteur-professionnel-chine\" \/>\n<meta property=\"og:site_name\" content=\"investmedic-store.com\" \/>\n<meta property=\"article:publisher\" content=\"https:\/\/www.facebook.com\/invest.medic\" \/>\n<meta property=\"article:modified_time\" content=\"2023-08-21T15:01:05+00:00\" \/>\n<meta property=\"og:image\" content=\"http:\/\/investmedic-store.com\/wp-content\/uploads\/2023\/08\/HTB1MIvgaDHuK1RkSndVq6xVwpXa7.jpg_.webp\" \/>\n\t<meta property=\"og:image:width\" content=\"800\" \/>\n\t<meta property=\"og:image:height\" content=\"800\" \/>\n\t<meta property=\"og:image:type\" content=\"image\/webp\" \/>\n<meta name=\"twitter:card\" content=\"summary_large_image\" \/>\n<meta name=\"twitter:label1\" content=\"Dur\u00e9e de lecture estim\u00e9e\" \/>\n\t<meta name=\"twitter:data1\" content=\"1 minute\" \/>\n<script type=\"application\/ld+json\" class=\"yoast-schema-graph\">{\"@context\":\"https:\/\/schema.org\",\"@graph\":[{\"@type\":\"WebPage\",\"@id\":\"https:\/\/investmedic-store.com\/?product=meso-gun-pistolet-injecteur-professionnel-chine\",\"url\":\"https:\/\/investmedic-store.com\/?product=meso-gun-pistolet-injecteur-professionnel-chine\",\"name\":\"Meso Gun Pistolet Injecteur Professionnel Chine - investmedic-store.com\",\"isPartOf\":{\"@id\":\"https:\/\/investmedic-store.com\/#website\"},\"datePublished\":\"2023-08-21T15:01:04+00:00\",\"dateModified\":\"2023-08-21T15:01:05+00:00\",\"breadcrumb\":{\"@id\":\"https:\/\/investmedic-store.com\/?product=meso-gun-pistolet-injecteur-professionnel-chine#breadcrumb\"},\"inLanguage\":\"fr-FR\",\"potentialAction\":[{\"@type\":\"ReadAction\",\"target\":[\"https:\/\/investmedic-store.com\/?product=meso-gun-pistolet-injecteur-professionnel-chine\"]}]},{\"@type\":\"BreadcrumbList\",\"@id\":\"https:\/\/investmedic-store.com\/?product=meso-gun-pistolet-injecteur-professionnel-chine#breadcrumb\",\"itemListElement\":[{\"@type\":\"ListItem\",\"position\":1,\"name\":\"Accueil\",\"item\":\"https:\/\/investmedic-store.com\/\"},{\"@type\":\"ListItem\",\"position\":2,\"name\":\"Shop\",\"item\":\"https:\/\/investmedic-store.com\/?page_id=5\"},{\"@type\":\"ListItem\",\"position\":3,\"name\":\"Meso Gun Pistolet Injecteur Professionnel Chine\"}]},{\"@type\":\"WebSite\",\"@id\":\"https:\/\/investmedic-store.com\/#website\",\"url\":\"https:\/\/investmedic-store.com\/\",\"name\":\"invest medic store\",\"description\":\"Importation &amp; Distribution Du Materiels Medico-Chirurgicales - \u0627\u0633\u062a\u064a\u0631\u0627\u062f \u0648\u062a\u0648\u0632\u064a\u0639 \u0627\u0644\u0645\u0648\u0627\u062f \u0627\u0644\u0637\u0628\u064a\u0629 \u0627\u0644\u062c\u0631\u0627\u062d\u064a\u0629\",\"publisher\":{\"@id\":\"https:\/\/investmedic-store.com\/#organization\"},\"alternateName\":\"investmedic store\",\"potentialAction\":[{\"@type\":\"SearchAction\",\"target\":{\"@type\":\"EntryPoint\",\"urlTemplate\":\"https:\/\/investmedic-store.com\/?s={search_term_string}\"},\"query-input\":\"required name=search_term_string\"}],\"inLanguage\":\"fr-FR\"},{\"@type\":\"Organization\",\"@id\":\"https:\/\/investmedic-store.com\/#organization\",\"name\":\"invest.medic store\",\"alternateName\":\"investmedic store\",\"url\":\"https:\/\/investmedic-store.com\/\",\"logo\":{\"@type\":\"ImageObject\",\"inLanguage\":\"fr-FR\",\"@id\":\"https:\/\/investmedic-store.com\/#\/schema\/logo\/image\/\",\"url\":\"https:\/\/investmedic-store.com\/wp-content\/uploads\/2023\/07\/cropped-LOGO_INVEST-transformed-removebg-preview-transformed-1-e1690120839263.png\",\"contentUrl\":\"https:\/\/investmedic-store.com\/wp-content\/uploads\/2023\/07\/cropped-LOGO_INVEST-transformed-removebg-preview-transformed-1-e1690120839263.png\",\"width\":512,\"height\":512,\"caption\":\"invest.medic store\"},\"image\":{\"@id\":\"https:\/\/investmedic-store.com\/#\/schema\/logo\/image\/\"},\"sameAs\":[\"https:\/\/www.facebook.com\/invest.medic\"]}]}<\/script>\n<!-- \/ Yoast SEO plugin. -->","yoast_head_json":{"title":"Meso Gun Pistolet Injecteur Professionnel Chine - investmedic-store.com","robots":{"index":"index","follow":"follow","max-snippet":"max-snippet:-1","max-image-preview":"max-image-preview:large","max-video-preview":"max-video-preview:-1"},"canonical":"https:\/\/investmedic-store.com\/?product=meso-gun-pistolet-injecteur-professionnel-chine","og_locale":"fr_FR","og_type":"article","og_title":"Meso Gun Pistolet Injecteur Professionnel Chine - investmedic-store.com","og_description":"C&#8217;est une machine et une technologie de pr\u00e9cision, avec ce pistolet, la m\u00e9soth\u00e9rapie peut \u00eatre inject\u00e9e au niveau intradermique nutritif, garantissant que la zone absorbe un pourcentage \u00e9lev\u00e9 de la substance appliqu\u00e9e, a en outre l&#8217;assurance que chaque application effectu\u00e9e a la m\u00eame dose de plus en plus, plus rapidement et moins douleur en faisant &hellip; Meso Gun Pistolet Injecteur Professionnel ChineRead More","og_url":"https:\/\/investmedic-store.com\/?product=meso-gun-pistolet-injecteur-professionnel-chine","og_site_name":"investmedic-store.com","article_publisher":"https:\/\/www.facebook.com\/invest.medic","article_modified_time":"2023-08-21T15:01:05+00:00","og_image":[{"width":800,"height":800,"url":"http:\/\/investmedic-store.com\/wp-content\/uploads\/2023\/08\/HTB1MIvgaDHuK1RkSndVq6xVwpXa7.jpg_.webp","type":"image\/webp"}],"twitter_card":"summary_large_image","twitter_misc":{"Dur\u00e9e de lecture estim\u00e9e":"1 minute"},"schema":{"@context":"https:\/\/schema.org","@graph":[{"@type":"WebPage","@id":"https:\/\/investmedic-store.com\/?product=meso-gun-pistolet-injecteur-professionnel-chine","url":"https:\/\/investmedic-store.com\/?product=meso-gun-pistolet-injecteur-professionnel-chine","name":"Meso Gun Pistolet Injecteur Professionnel Chine - investmedic-store.com","isPartOf":{"@id":"https:\/\/investmedic-store.com\/#website"},"datePublished":"2023-08-21T15:01:04+00:00","dateModified":"2023-08-21T15:01:05+00:00","breadcrumb":{"@id":"https:\/\/investmedic-store.com\/?product=meso-gun-pistolet-injecteur-professionnel-chine#breadcrumb"},"inLanguage":"fr-FR","potentialAction":[{"@type":"ReadAction","target":["https:\/\/investmedic-store.com\/?product=meso-gun-pistolet-injecteur-professionnel-chine"]}]},{"@type":"BreadcrumbList","@id":"https:\/\/investmedic-store.com\/?product=meso-gun-pistolet-injecteur-professionnel-chine#breadcrumb","itemListElement":[{"@type":"ListItem","position":1,"name":"Accueil","item":"https:\/\/investmedic-store.com\/"},{"@type":"ListItem","position":2,"name":"Shop","item":"https:\/\/investmedic-store.com\/?page_id=5"},{"@type":"ListItem","position":3,"name":"Meso Gun Pistolet Injecteur Professionnel Chine"}]},{"@type":"WebSite","@id":"https:\/\/investmedic-store.com\/#website","url":"https:\/\/investmedic-store.com\/","name":"invest medic store","description":"Importation &amp; Distribution Du Materiels Medico-Chirurgicales - \u0627\u0633\u062a\u064a\u0631\u0627\u062f \u0648\u062a\u0648\u0632\u064a\u0639 \u0627\u0644\u0645\u0648\u0627\u062f \u0627\u0644\u0637\u0628\u064a\u0629 \u0627\u0644\u062c\u0631\u0627\u062d\u064a\u0629","publisher":{"@id":"https:\/\/investmedic-store.com\/#organization"},"alternateName":"investmedic store","potentialAction":[{"@type":"SearchAction","target":{"@type":"EntryPoint","urlTemplate":"https:\/\/investmedic-store.com\/?s={search_term_string}"},"query-input":"required name=search_term_string"}],"inLanguage":"fr-FR"},{"@type":"Organization","@id":"https:\/\/investmedic-store.com\/#organization","name":"invest.medic store","alternateName":"investmedic store","url":"https:\/\/investmedic-store.com\/","logo":{"@type":"ImageObject","inLanguage":"fr-FR","@id":"https:\/\/investmedic-store.com\/#\/schema\/logo\/image\/","url":"https:\/\/investmedic-store.com\/wp-content\/uploads\/2023\/07\/cropped-LOGO_INVEST-transformed-removebg-preview-transformed-1-e1690120839263.png","contentUrl":"https:\/\/investmedic-store.com\/wp-content\/uploads\/2023\/07\/cropped-LOGO_INVEST-transformed-removebg-preview-transformed-1-e1690120839263.png","width":512,"height":512,"caption":"invest.medic store"},"image":{"@id":"https:\/\/investmedic-store.com\/#\/schema\/logo\/image\/"},"sameAs":["https:\/\/www.facebook.com\/invest.medic"]}]}},"_links":{"self":[{"href":"https:\/\/investmedic-store.com\/index.php?rest_route=\/wp\/v2\/product\/1815"}],"collection":[{"href":"https:\/\/investmedic-store.com\/index.php?rest_route=\/wp\/v2\/product"}],"about":[{"href":"https:\/\/investmedic-store.com\/index.php?rest_route=\/wp\/v2\/types\/product"}],"replies":[{"embeddable":true,"href":"https:\/\/investmedic-store.com\/index.php?rest_route=%2Fwp%2Fv2%2Fcomments&post=1815"}],"wp:featuredmedia":[{"embeddable":true,"href":"https:\/\/investmedic-store.com\/index.php?rest_route=\/wp\/v2\/media\/1816"}],"wp:attachment":[{"href":"https:\/\/investmedic-store.com\/index.php?rest_route=%2Fwp%2Fv2%2Fmedia&parent=1815"}],"wp:term":[{"taxonomy":"product_cat","embeddable":true,"href":"https:\/\/investmedic-store.com\/index.php?rest_route=%2Fwp%2Fv2%2Fproduct_cat&post=1815"},{"taxonomy":"product_tag","embeddable":true,"href":"https:\/\/investmedic-store.com\/index.php?rest_route=%2Fwp%2Fv2%2Fproduct_tag&post=1815"}],"curies":[{"name":"wp","href":"https:\/\/api.w.org\/{rel}","templated":true}]}}