{"id":1810,"date":"2023-08-21T15:17:04","date_gmt":"2023-08-21T14:17:04","guid":{"rendered":"https:\/\/investmedic-store.com\/?post_type=product&#038;p=1810"},"modified":"2023-08-29T20:33:52","modified_gmt":"2023-08-29T19:33:52","slug":"hifu-3-en-1-vaginal4dvmax","status":"publish","type":"product","link":"https:\/\/investmedic-store.com\/?product=hifu-3-en-1-vaginal4dvmax","title":{"rendered":"3 IN 1 4D HIFU VAGINAL + VMAX"},"content":{"rendered":"<p><b>4D:<\/b>\u00a0\u00e9chographie HIFU se concentrant utilise son unique cibl\u00e9e \u00e0 ultrasons \u00e0 haute \u00e9nergie pour atteindre la ZGS couche, am\u00e9liore la ZGS fascia, de la suspension et exhaustive r\u00e9sout le probl\u00e8me de l&#8217;affaissement et de d\u00e9tente de la face. C&#8217;est pr\u00e9cis\u00e9ment les positions la \u00e9nergie ultrasonore \u00e0 la couche sous-cutan\u00e9e de car\u00e9nage 4,5mm. La couche musculaire de la membrane est tir\u00e9 et tir\u00e9 d&#8217;atteindre le meilleur effet de fa\u00e7onner, levage et raffermissant. Il agit sur la couche de collag\u00e8ne de 3mm sous la peau de rajeunir le collag\u00e8ne et d&#8217;atteindre le vieillissement des probl\u00e8mes tels que l&#8217;\u00e9lasticit\u00e9 de la peau, de blanchiment, de se froisser d\u00e9pose, et de fines pores. En m\u00eame temps, parce que l&#8217;\u00e9nergie est balay\u00e9 l&#8217;\u00e9piderme, il y a pas besoin de vous soucier de cellules \u00e9pidermiques des blessures. La peau \u00e0 lever rapidement, serrer les contours, lisse les rides rapidement !<br \/>\n<b>V-MAX :<\/b>\u00a0le radar utilise le bon de sculpture sur la p\u00e9n\u00e9tration des tissus de la m\u00e9canique ondes radar \u00e0 Transf\u00e9rer exactement 65 \u00e0 72 degr\u00e9s d&#8217;\u00e9nergie thermique \u00e0 chaque couche de la peau, 1,5 l&#8217;\u00e9piderme, 3.0 derme, 4,5 fascia, 4,5 Couche de collag\u00e8ne. (L&#8217;autre), 13 couche de graisse, 8.0, une vari\u00e9t\u00e9 de formes de traitement chefs efficacement des fibroblastes \u00e0 Split nouveau stimuler les cellules \u00e0 40 fois par seconde, dissoudre les cellules adipeuses faciale, serrer les contours de la peau, \u00e0 r\u00e9parer les tissus fibreux, de stimuler la r\u00e9g\u00e9n\u00e9ration des cellules de collag\u00e8ne, rapidement atteindre l&#8217;effet de minces face, serr\u00e9 Q bombe. En m\u00eame temps, le positionnement pr\u00e9cis de l&#8217;onde radar peuvent activement d&#8217;identifier les cellules adipeuses et l&#8217;effet de la bombe peut atteindre la profondeur de la cible via le traitement de friction de la sonde unique\/traitement, de sorte que le patient ne permet pas de ressentir la douleur.<br \/>\n<b>Vaginal:<\/b>l&#8217;HIFU serrage vaginal HlFU syst\u00e8me utilise une technique non invasive en se concentrant \u00e0 ultrasons \u00e0 directement l&#8217;accent sur la couche musculaire muqueuse de Lamia et. Utilisation des ultrasons comme source \u00e9nerg\u00e9tique et en profitant de sa p\u00e9n\u00e9tration et focality, le syst\u00e8me enverra \u00e9nergie ultrasonore en se concentrant dans la lamina propria et couche de fibres musculaires dans une profondeur pr\u00e9d\u00e9termin\u00e9e. Une plus forte intensit\u00e9 de la r\u00e9gion \u00e0 ultrasons, a appel\u00e9 l&#8217;accent, est form\u00e9 de la r\u00e9gion. En 0,1 seconde, l&#8217;tempreture de la r\u00e9gion peut atteindre au-dessus de 65 \u00baC , de sorte que le collag\u00e8ne est r\u00e9organis\u00e9e et le tissu normal en dehors de la r\u00e9gion focale est intact. Par cons\u00e9quent, la profondeur d\u00e9sir\u00e9e peut obtenir de l&#8217;id\u00e9al de la couche d&#8217;effet de la concentration de collag\u00e8ne, la r\u00e9organisation et la r\u00e9g\u00e9n\u00e9ration. En fin de compte, le myst\u00e9rieux effet du vagin est atteint de serrage.<\/p>\n","protected":false},"excerpt":{"rendered":"<p>4D:\u00a0\u00e9chographie HIFU se concentrant utilise son unique cibl\u00e9e \u00e0 ultrasons \u00e0 haute \u00e9nergie pour atteindre la ZGS couche, am\u00e9liore la ZGS fascia, de la suspension et exhaustive r\u00e9sout le probl\u00e8me de l&#8217;affaissement et de d\u00e9tente de la face. C&#8217;est pr\u00e9cis\u00e9ment les positions la \u00e9nergie ultrasonore \u00e0 la couche sous-cutan\u00e9e de car\u00e9nage 4,5mm. La couche musculaire &hellip;<\/p>\n<p class=\"read-more\"> <a class=\" thunk-readmore button \" href=\"https:\/\/investmedic-store.com\/?product=hifu-3-en-1-vaginal4dvmax\"> <span class=\"screen-reader-text\">3 IN 1 4D HIFU VAGINAL + VMAX<\/span>Read More<\/a><\/p>\n","protected":false},"featured_media":1811,"comment_status":"open","ping_status":"closed","template":"","meta":{"om_disable_all_campaigns":false,"_joinchat":[]},"product_cat":[15,162],"product_tag":[],"yoast_head":"<!-- This site is optimized with the Yoast SEO plugin v20.12 - https:\/\/yoast.com\/wordpress\/plugins\/seo\/ -->\n<title>3 IN 1 4D HIFU VAGINAL + VMAX - investmedic-store.com<\/title>\n<meta name=\"robots\" content=\"index, follow, max-snippet:-1, max-image-preview:large, max-video-preview:-1\" \/>\n<link rel=\"canonical\" href=\"https:\/\/investmedic-store.com\/?product=hifu-3-en-1-vaginal4dvmax\" \/>\n<meta property=\"og:locale\" content=\"fr_FR\" \/>\n<meta property=\"og:type\" content=\"article\" \/>\n<meta property=\"og:title\" content=\"3 IN 1 4D HIFU VAGINAL + VMAX - investmedic-store.com\" \/>\n<meta property=\"og:description\" content=\"4D:\u00a0\u00e9chographie HIFU se concentrant utilise son unique cibl\u00e9e \u00e0 ultrasons \u00e0 haute \u00e9nergie pour atteindre la ZGS couche, am\u00e9liore la ZGS fascia, de la suspension et exhaustive r\u00e9sout le probl\u00e8me de l&#8217;affaissement et de d\u00e9tente de la face. C&#8217;est pr\u00e9cis\u00e9ment les positions la \u00e9nergie ultrasonore \u00e0 la couche sous-cutan\u00e9e de car\u00e9nage 4,5mm. La couche musculaire &hellip; 3 IN 1 4D HIFU VAGINAL + VMAXRead More\" \/>\n<meta property=\"og:url\" content=\"https:\/\/investmedic-store.com\/?product=hifu-3-en-1-vaginal4dvmax\" \/>\n<meta property=\"og:site_name\" content=\"investmedic-store.com\" \/>\n<meta property=\"article:publisher\" content=\"https:\/\/www.facebook.com\/invest.medic\" \/>\n<meta property=\"article:modified_time\" content=\"2023-08-29T19:33:52+00:00\" \/>\n<meta property=\"og:image\" content=\"http:\/\/investmedic-store.com\/wp-content\/uploads\/2023\/08\/1614678322.jpg\" \/>\n\t<meta property=\"og:image:width\" content=\"750\" \/>\n\t<meta property=\"og:image:height\" content=\"750\" \/>\n\t<meta property=\"og:image:type\" content=\"image\/jpeg\" \/>\n<meta name=\"twitter:card\" content=\"summary_large_image\" \/>\n<meta name=\"twitter:label1\" content=\"Dur\u00e9e de lecture estim\u00e9e\" \/>\n\t<meta name=\"twitter:data1\" content=\"3 minutes\" \/>\n<script type=\"application\/ld+json\" class=\"yoast-schema-graph\">{\"@context\":\"https:\/\/schema.org\",\"@graph\":[{\"@type\":\"WebPage\",\"@id\":\"https:\/\/investmedic-store.com\/?product=hifu-3-en-1-vaginal4dvmax\",\"url\":\"https:\/\/investmedic-store.com\/?product=hifu-3-en-1-vaginal4dvmax\",\"name\":\"3 IN 1 4D HIFU VAGINAL + VMAX - investmedic-store.com\",\"isPartOf\":{\"@id\":\"https:\/\/investmedic-store.com\/#website\"},\"datePublished\":\"2023-08-21T14:17:04+00:00\",\"dateModified\":\"2023-08-29T19:33:52+00:00\",\"breadcrumb\":{\"@id\":\"https:\/\/investmedic-store.com\/?product=hifu-3-en-1-vaginal4dvmax#breadcrumb\"},\"inLanguage\":\"fr-FR\",\"potentialAction\":[{\"@type\":\"ReadAction\",\"target\":[\"https:\/\/investmedic-store.com\/?product=hifu-3-en-1-vaginal4dvmax\"]}]},{\"@type\":\"BreadcrumbList\",\"@id\":\"https:\/\/investmedic-store.com\/?product=hifu-3-en-1-vaginal4dvmax#breadcrumb\",\"itemListElement\":[{\"@type\":\"ListItem\",\"position\":1,\"name\":\"Accueil\",\"item\":\"https:\/\/investmedic-store.com\/\"},{\"@type\":\"ListItem\",\"position\":2,\"name\":\"Shop\",\"item\":\"https:\/\/investmedic-store.com\/?page_id=5\"},{\"@type\":\"ListItem\",\"position\":3,\"name\":\"3 IN 1 4D HIFU VAGINAL + VMAX\"}]},{\"@type\":\"WebSite\",\"@id\":\"https:\/\/investmedic-store.com\/#website\",\"url\":\"https:\/\/investmedic-store.com\/\",\"name\":\"invest medic store\",\"description\":\"Importation &amp; Distribution Du Materiels Medico-Chirurgicales - \u0627\u0633\u062a\u064a\u0631\u0627\u062f \u0648\u062a\u0648\u0632\u064a\u0639 \u0627\u0644\u0645\u0648\u0627\u062f \u0627\u0644\u0637\u0628\u064a\u0629 \u0627\u0644\u062c\u0631\u0627\u062d\u064a\u0629\",\"publisher\":{\"@id\":\"https:\/\/investmedic-store.com\/#organization\"},\"alternateName\":\"investmedic store\",\"potentialAction\":[{\"@type\":\"SearchAction\",\"target\":{\"@type\":\"EntryPoint\",\"urlTemplate\":\"https:\/\/investmedic-store.com\/?s={search_term_string}\"},\"query-input\":\"required name=search_term_string\"}],\"inLanguage\":\"fr-FR\"},{\"@type\":\"Organization\",\"@id\":\"https:\/\/investmedic-store.com\/#organization\",\"name\":\"invest.medic store\",\"alternateName\":\"investmedic store\",\"url\":\"https:\/\/investmedic-store.com\/\",\"logo\":{\"@type\":\"ImageObject\",\"inLanguage\":\"fr-FR\",\"@id\":\"https:\/\/investmedic-store.com\/#\/schema\/logo\/image\/\",\"url\":\"https:\/\/investmedic-store.com\/wp-content\/uploads\/2023\/07\/cropped-LOGO_INVEST-transformed-removebg-preview-transformed-1-e1690120839263.png\",\"contentUrl\":\"https:\/\/investmedic-store.com\/wp-content\/uploads\/2023\/07\/cropped-LOGO_INVEST-transformed-removebg-preview-transformed-1-e1690120839263.png\",\"width\":512,\"height\":512,\"caption\":\"invest.medic store\"},\"image\":{\"@id\":\"https:\/\/investmedic-store.com\/#\/schema\/logo\/image\/\"},\"sameAs\":[\"https:\/\/www.facebook.com\/invest.medic\"]}]}<\/script>\n<!-- \/ Yoast SEO plugin. -->","yoast_head_json":{"title":"3 IN 1 4D HIFU VAGINAL + VMAX - investmedic-store.com","robots":{"index":"index","follow":"follow","max-snippet":"max-snippet:-1","max-image-preview":"max-image-preview:large","max-video-preview":"max-video-preview:-1"},"canonical":"https:\/\/investmedic-store.com\/?product=hifu-3-en-1-vaginal4dvmax","og_locale":"fr_FR","og_type":"article","og_title":"3 IN 1 4D HIFU VAGINAL + VMAX - investmedic-store.com","og_description":"4D:\u00a0\u00e9chographie HIFU se concentrant utilise son unique cibl\u00e9e \u00e0 ultrasons \u00e0 haute \u00e9nergie pour atteindre la ZGS couche, am\u00e9liore la ZGS fascia, de la suspension et exhaustive r\u00e9sout le probl\u00e8me de l&#8217;affaissement et de d\u00e9tente de la face. C&#8217;est pr\u00e9cis\u00e9ment les positions la \u00e9nergie ultrasonore \u00e0 la couche sous-cutan\u00e9e de car\u00e9nage 4,5mm. La couche musculaire &hellip; 3 IN 1 4D HIFU VAGINAL + VMAXRead More","og_url":"https:\/\/investmedic-store.com\/?product=hifu-3-en-1-vaginal4dvmax","og_site_name":"investmedic-store.com","article_publisher":"https:\/\/www.facebook.com\/invest.medic","article_modified_time":"2023-08-29T19:33:52+00:00","og_image":[{"width":750,"height":750,"url":"http:\/\/investmedic-store.com\/wp-content\/uploads\/2023\/08\/1614678322.jpg","type":"image\/jpeg"}],"twitter_card":"summary_large_image","twitter_misc":{"Dur\u00e9e de lecture estim\u00e9e":"3 minutes"},"schema":{"@context":"https:\/\/schema.org","@graph":[{"@type":"WebPage","@id":"https:\/\/investmedic-store.com\/?product=hifu-3-en-1-vaginal4dvmax","url":"https:\/\/investmedic-store.com\/?product=hifu-3-en-1-vaginal4dvmax","name":"3 IN 1 4D HIFU VAGINAL + VMAX - investmedic-store.com","isPartOf":{"@id":"https:\/\/investmedic-store.com\/#website"},"datePublished":"2023-08-21T14:17:04+00:00","dateModified":"2023-08-29T19:33:52+00:00","breadcrumb":{"@id":"https:\/\/investmedic-store.com\/?product=hifu-3-en-1-vaginal4dvmax#breadcrumb"},"inLanguage":"fr-FR","potentialAction":[{"@type":"ReadAction","target":["https:\/\/investmedic-store.com\/?product=hifu-3-en-1-vaginal4dvmax"]}]},{"@type":"BreadcrumbList","@id":"https:\/\/investmedic-store.com\/?product=hifu-3-en-1-vaginal4dvmax#breadcrumb","itemListElement":[{"@type":"ListItem","position":1,"name":"Accueil","item":"https:\/\/investmedic-store.com\/"},{"@type":"ListItem","position":2,"name":"Shop","item":"https:\/\/investmedic-store.com\/?page_id=5"},{"@type":"ListItem","position":3,"name":"3 IN 1 4D HIFU VAGINAL + VMAX"}]},{"@type":"WebSite","@id":"https:\/\/investmedic-store.com\/#website","url":"https:\/\/investmedic-store.com\/","name":"invest medic store","description":"Importation &amp; Distribution Du Materiels Medico-Chirurgicales - \u0627\u0633\u062a\u064a\u0631\u0627\u062f \u0648\u062a\u0648\u0632\u064a\u0639 \u0627\u0644\u0645\u0648\u0627\u062f \u0627\u0644\u0637\u0628\u064a\u0629 \u0627\u0644\u062c\u0631\u0627\u062d\u064a\u0629","publisher":{"@id":"https:\/\/investmedic-store.com\/#organization"},"alternateName":"investmedic store","potentialAction":[{"@type":"SearchAction","target":{"@type":"EntryPoint","urlTemplate":"https:\/\/investmedic-store.com\/?s={search_term_string}"},"query-input":"required name=search_term_string"}],"inLanguage":"fr-FR"},{"@type":"Organization","@id":"https:\/\/investmedic-store.com\/#organization","name":"invest.medic store","alternateName":"investmedic store","url":"https:\/\/investmedic-store.com\/","logo":{"@type":"ImageObject","inLanguage":"fr-FR","@id":"https:\/\/investmedic-store.com\/#\/schema\/logo\/image\/","url":"https:\/\/investmedic-store.com\/wp-content\/uploads\/2023\/07\/cropped-LOGO_INVEST-transformed-removebg-preview-transformed-1-e1690120839263.png","contentUrl":"https:\/\/investmedic-store.com\/wp-content\/uploads\/2023\/07\/cropped-LOGO_INVEST-transformed-removebg-preview-transformed-1-e1690120839263.png","width":512,"height":512,"caption":"invest.medic store"},"image":{"@id":"https:\/\/investmedic-store.com\/#\/schema\/logo\/image\/"},"sameAs":["https:\/\/www.facebook.com\/invest.medic"]}]}},"_links":{"self":[{"href":"https:\/\/investmedic-store.com\/index.php?rest_route=\/wp\/v2\/product\/1810"}],"collection":[{"href":"https:\/\/investmedic-store.com\/index.php?rest_route=\/wp\/v2\/product"}],"about":[{"href":"https:\/\/investmedic-store.com\/index.php?rest_route=\/wp\/v2\/types\/product"}],"replies":[{"embeddable":true,"href":"https:\/\/investmedic-store.com\/index.php?rest_route=%2Fwp%2Fv2%2Fcomments&post=1810"}],"wp:featuredmedia":[{"embeddable":true,"href":"https:\/\/investmedic-store.com\/index.php?rest_route=\/wp\/v2\/media\/1811"}],"wp:attachment":[{"href":"https:\/\/investmedic-store.com\/index.php?rest_route=%2Fwp%2Fv2%2Fmedia&parent=1810"}],"wp:term":[{"taxonomy":"product_cat","embeddable":true,"href":"https:\/\/investmedic-store.com\/index.php?rest_route=%2Fwp%2Fv2%2Fproduct_cat&post=1810"},{"taxonomy":"product_tag","embeddable":true,"href":"https:\/\/investmedic-store.com\/index.php?rest_route=%2Fwp%2Fv2%2Fproduct_tag&post=1810"}],"curies":[{"name":"wp","href":"https:\/\/api.w.org\/{rel}","templated":true}]}}