{"id":1806,"date":"2023-08-21T12:59:15","date_gmt":"2023-08-21T11:59:15","guid":{"rendered":"https:\/\/investmedic-store.com\/?post_type=product&#038;p=1806"},"modified":"2023-08-22T22:00:14","modified_gmt":"2023-08-22T21:00:14","slug":"hydrafacial-6-in-1","status":"publish","type":"product","link":"https:\/\/investmedic-store.com\/?product=hydrafacial-6-in-1","title":{"rendered":"Hydrafacial 6 IN 1 Dr Meso HYD"},"content":{"rendered":"<p><strong>Hydrafacial 6 en 1<\/strong> est une\u00a0<strong>machine faciale<\/strong> experte rafra\u00eechit, revitalise et nourrit en profondeur la peau de votre client, r\u00e9v\u00e9lant un teint plus sain et plus jeune. C&#8217;est la machine ultime pour vos soins professionnels dans les salons de beaut\u00e9, de coiffure et de spa.<\/p>\n<div class=\"sr-txt-title\">\n<h2 class=\"sr-txt-h2\">Description de Produit<\/h2>\n<\/div>\n<div class=\"async-rich-info\">\n<div class=\"rich-text cf\">\n<p>\u00a0<strong>Th\u00e9orie de travail<\/strong><\/p>\n<p>Il s&#8217;agit de la toute derni\u00e8re machine de soin du visage 6 en 1 utilisant le g\u00e9n\u00e9rateur h2 o2 faire l&#8217;eau purifi\u00e9e en hydrog\u00e8ne et ions de peau eau, la surface de la peau peut produire des mol\u00e9cules H2,<\/p>\n<p>de sorte que les cellules de la mol\u00e9cule d&#8217;eau puissent p\u00e9n\u00e9trer rapidement dans le derme. Pour obtenir l&#8217;effet de rajeunissement et de blanchiment de la peau, donnez-vous un visage frais !<\/p>\n<\/div>\n<\/div>\n","protected":false},"excerpt":{"rendered":"<p>Hydrafacial 6 en 1 est une\u00a0machine faciale experte rafra\u00eechit, revitalise et nourrit en profondeur la peau de votre client, r\u00e9v\u00e9lant un teint plus sain et plus jeune. C&#8217;est la machine ultime pour vos soins professionnels dans les salons de beaut\u00e9, de coiffure et de spa. Description de Produit \u00a0Th\u00e9orie de travail Il s&#8217;agit de la &hellip;<\/p>\n<p class=\"read-more\"> <a class=\" thunk-readmore button \" href=\"https:\/\/investmedic-store.com\/?product=hydrafacial-6-in-1\"> <span class=\"screen-reader-text\">Hydrafacial 6 IN 1 Dr Meso HYD<\/span>Read More<\/a><\/p>\n","protected":false},"featured_media":1807,"comment_status":"open","ping_status":"closed","template":"","meta":{"om_disable_all_campaigns":false,"_joinchat":[]},"product_cat":[15,162],"product_tag":[],"yoast_head":"<!-- This site is optimized with the Yoast SEO plugin v20.12 - https:\/\/yoast.com\/wordpress\/plugins\/seo\/ -->\n<title>Hydrafacial 6 IN 1 Dr Meso HYD - investmedic-store.com<\/title>\n<meta name=\"robots\" content=\"index, follow, max-snippet:-1, max-image-preview:large, max-video-preview:-1\" \/>\n<link rel=\"canonical\" href=\"https:\/\/investmedic-store.com\/?product=hydrafacial-6-in-1\" \/>\n<meta property=\"og:locale\" content=\"fr_FR\" \/>\n<meta property=\"og:type\" content=\"article\" \/>\n<meta property=\"og:title\" content=\"Hydrafacial 6 IN 1 Dr Meso HYD - investmedic-store.com\" \/>\n<meta property=\"og:description\" content=\"Hydrafacial 6 en 1 est une\u00a0machine faciale experte rafra\u00eechit, revitalise et nourrit en profondeur la peau de votre client, r\u00e9v\u00e9lant un teint plus sain et plus jeune. C&#8217;est la machine ultime pour vos soins professionnels dans les salons de beaut\u00e9, de coiffure et de spa. Description de Produit \u00a0Th\u00e9orie de travail Il s&#8217;agit de la &hellip; Hydrafacial 6 IN 1 Dr Meso HYDRead More\" \/>\n<meta property=\"og:url\" content=\"https:\/\/investmedic-store.com\/?product=hydrafacial-6-in-1\" \/>\n<meta property=\"og:site_name\" content=\"investmedic-store.com\" \/>\n<meta property=\"article:publisher\" content=\"https:\/\/www.facebook.com\/invest.medic\" \/>\n<meta property=\"article:modified_time\" content=\"2023-08-22T21:00:14+00:00\" \/>\n<meta property=\"og:image\" content=\"http:\/\/investmedic-store.com\/wp-content\/uploads\/2023\/08\/photo_2023-08-21_12-56-22.jpg\" \/>\n\t<meta property=\"og:image:width\" content=\"800\" \/>\n\t<meta property=\"og:image:height\" content=\"800\" \/>\n\t<meta property=\"og:image:type\" content=\"image\/jpeg\" \/>\n<meta name=\"twitter:card\" content=\"summary_large_image\" \/>\n<meta name=\"twitter:label1\" content=\"Dur\u00e9e de lecture estim\u00e9e\" \/>\n\t<meta name=\"twitter:data1\" content=\"1 minute\" \/>\n<script type=\"application\/ld+json\" class=\"yoast-schema-graph\">{\"@context\":\"https:\/\/schema.org\",\"@graph\":[{\"@type\":\"WebPage\",\"@id\":\"https:\/\/investmedic-store.com\/?product=hydrafacial-6-in-1\",\"url\":\"https:\/\/investmedic-store.com\/?product=hydrafacial-6-in-1\",\"name\":\"Hydrafacial 6 IN 1 Dr Meso HYD - investmedic-store.com\",\"isPartOf\":{\"@id\":\"https:\/\/investmedic-store.com\/#website\"},\"datePublished\":\"2023-08-21T11:59:15+00:00\",\"dateModified\":\"2023-08-22T21:00:14+00:00\",\"breadcrumb\":{\"@id\":\"https:\/\/investmedic-store.com\/?product=hydrafacial-6-in-1#breadcrumb\"},\"inLanguage\":\"fr-FR\",\"potentialAction\":[{\"@type\":\"ReadAction\",\"target\":[\"https:\/\/investmedic-store.com\/?product=hydrafacial-6-in-1\"]}]},{\"@type\":\"BreadcrumbList\",\"@id\":\"https:\/\/investmedic-store.com\/?product=hydrafacial-6-in-1#breadcrumb\",\"itemListElement\":[{\"@type\":\"ListItem\",\"position\":1,\"name\":\"Accueil\",\"item\":\"https:\/\/investmedic-store.com\/\"},{\"@type\":\"ListItem\",\"position\":2,\"name\":\"Shop\",\"item\":\"https:\/\/investmedic-store.com\/?page_id=5\"},{\"@type\":\"ListItem\",\"position\":3,\"name\":\"Hydrafacial 6 IN 1 Dr Meso HYD\"}]},{\"@type\":\"WebSite\",\"@id\":\"https:\/\/investmedic-store.com\/#website\",\"url\":\"https:\/\/investmedic-store.com\/\",\"name\":\"invest medic store\",\"description\":\"Importation &amp; Distribution Du Materiels Medico-Chirurgicales - \u0627\u0633\u062a\u064a\u0631\u0627\u062f \u0648\u062a\u0648\u0632\u064a\u0639 \u0627\u0644\u0645\u0648\u0627\u062f \u0627\u0644\u0637\u0628\u064a\u0629 \u0627\u0644\u062c\u0631\u0627\u062d\u064a\u0629\",\"publisher\":{\"@id\":\"https:\/\/investmedic-store.com\/#organization\"},\"alternateName\":\"investmedic store\",\"potentialAction\":[{\"@type\":\"SearchAction\",\"target\":{\"@type\":\"EntryPoint\",\"urlTemplate\":\"https:\/\/investmedic-store.com\/?s={search_term_string}\"},\"query-input\":\"required name=search_term_string\"}],\"inLanguage\":\"fr-FR\"},{\"@type\":\"Organization\",\"@id\":\"https:\/\/investmedic-store.com\/#organization\",\"name\":\"invest.medic store\",\"alternateName\":\"investmedic store\",\"url\":\"https:\/\/investmedic-store.com\/\",\"logo\":{\"@type\":\"ImageObject\",\"inLanguage\":\"fr-FR\",\"@id\":\"https:\/\/investmedic-store.com\/#\/schema\/logo\/image\/\",\"url\":\"https:\/\/investmedic-store.com\/wp-content\/uploads\/2023\/07\/cropped-LOGO_INVEST-transformed-removebg-preview-transformed-1-e1690120839263.png\",\"contentUrl\":\"https:\/\/investmedic-store.com\/wp-content\/uploads\/2023\/07\/cropped-LOGO_INVEST-transformed-removebg-preview-transformed-1-e1690120839263.png\",\"width\":512,\"height\":512,\"caption\":\"invest.medic store\"},\"image\":{\"@id\":\"https:\/\/investmedic-store.com\/#\/schema\/logo\/image\/\"},\"sameAs\":[\"https:\/\/www.facebook.com\/invest.medic\"]}]}<\/script>\n<!-- \/ Yoast SEO plugin. -->","yoast_head_json":{"title":"Hydrafacial 6 IN 1 Dr Meso HYD - investmedic-store.com","robots":{"index":"index","follow":"follow","max-snippet":"max-snippet:-1","max-image-preview":"max-image-preview:large","max-video-preview":"max-video-preview:-1"},"canonical":"https:\/\/investmedic-store.com\/?product=hydrafacial-6-in-1","og_locale":"fr_FR","og_type":"article","og_title":"Hydrafacial 6 IN 1 Dr Meso HYD - investmedic-store.com","og_description":"Hydrafacial 6 en 1 est une\u00a0machine faciale experte rafra\u00eechit, revitalise et nourrit en profondeur la peau de votre client, r\u00e9v\u00e9lant un teint plus sain et plus jeune. C&#8217;est la machine ultime pour vos soins professionnels dans les salons de beaut\u00e9, de coiffure et de spa. Description de Produit \u00a0Th\u00e9orie de travail Il s&#8217;agit de la &hellip; Hydrafacial 6 IN 1 Dr Meso HYDRead More","og_url":"https:\/\/investmedic-store.com\/?product=hydrafacial-6-in-1","og_site_name":"investmedic-store.com","article_publisher":"https:\/\/www.facebook.com\/invest.medic","article_modified_time":"2023-08-22T21:00:14+00:00","og_image":[{"width":800,"height":800,"url":"http:\/\/investmedic-store.com\/wp-content\/uploads\/2023\/08\/photo_2023-08-21_12-56-22.jpg","type":"image\/jpeg"}],"twitter_card":"summary_large_image","twitter_misc":{"Dur\u00e9e de lecture estim\u00e9e":"1 minute"},"schema":{"@context":"https:\/\/schema.org","@graph":[{"@type":"WebPage","@id":"https:\/\/investmedic-store.com\/?product=hydrafacial-6-in-1","url":"https:\/\/investmedic-store.com\/?product=hydrafacial-6-in-1","name":"Hydrafacial 6 IN 1 Dr Meso HYD - investmedic-store.com","isPartOf":{"@id":"https:\/\/investmedic-store.com\/#website"},"datePublished":"2023-08-21T11:59:15+00:00","dateModified":"2023-08-22T21:00:14+00:00","breadcrumb":{"@id":"https:\/\/investmedic-store.com\/?product=hydrafacial-6-in-1#breadcrumb"},"inLanguage":"fr-FR","potentialAction":[{"@type":"ReadAction","target":["https:\/\/investmedic-store.com\/?product=hydrafacial-6-in-1"]}]},{"@type":"BreadcrumbList","@id":"https:\/\/investmedic-store.com\/?product=hydrafacial-6-in-1#breadcrumb","itemListElement":[{"@type":"ListItem","position":1,"name":"Accueil","item":"https:\/\/investmedic-store.com\/"},{"@type":"ListItem","position":2,"name":"Shop","item":"https:\/\/investmedic-store.com\/?page_id=5"},{"@type":"ListItem","position":3,"name":"Hydrafacial 6 IN 1 Dr Meso HYD"}]},{"@type":"WebSite","@id":"https:\/\/investmedic-store.com\/#website","url":"https:\/\/investmedic-store.com\/","name":"invest medic store","description":"Importation &amp; Distribution Du Materiels Medico-Chirurgicales - \u0627\u0633\u062a\u064a\u0631\u0627\u062f \u0648\u062a\u0648\u0632\u064a\u0639 \u0627\u0644\u0645\u0648\u0627\u062f \u0627\u0644\u0637\u0628\u064a\u0629 \u0627\u0644\u062c\u0631\u0627\u062d\u064a\u0629","publisher":{"@id":"https:\/\/investmedic-store.com\/#organization"},"alternateName":"investmedic store","potentialAction":[{"@type":"SearchAction","target":{"@type":"EntryPoint","urlTemplate":"https:\/\/investmedic-store.com\/?s={search_term_string}"},"query-input":"required name=search_term_string"}],"inLanguage":"fr-FR"},{"@type":"Organization","@id":"https:\/\/investmedic-store.com\/#organization","name":"invest.medic store","alternateName":"investmedic store","url":"https:\/\/investmedic-store.com\/","logo":{"@type":"ImageObject","inLanguage":"fr-FR","@id":"https:\/\/investmedic-store.com\/#\/schema\/logo\/image\/","url":"https:\/\/investmedic-store.com\/wp-content\/uploads\/2023\/07\/cropped-LOGO_INVEST-transformed-removebg-preview-transformed-1-e1690120839263.png","contentUrl":"https:\/\/investmedic-store.com\/wp-content\/uploads\/2023\/07\/cropped-LOGO_INVEST-transformed-removebg-preview-transformed-1-e1690120839263.png","width":512,"height":512,"caption":"invest.medic store"},"image":{"@id":"https:\/\/investmedic-store.com\/#\/schema\/logo\/image\/"},"sameAs":["https:\/\/www.facebook.com\/invest.medic"]}]}},"_links":{"self":[{"href":"https:\/\/investmedic-store.com\/index.php?rest_route=\/wp\/v2\/product\/1806"}],"collection":[{"href":"https:\/\/investmedic-store.com\/index.php?rest_route=\/wp\/v2\/product"}],"about":[{"href":"https:\/\/investmedic-store.com\/index.php?rest_route=\/wp\/v2\/types\/product"}],"replies":[{"embeddable":true,"href":"https:\/\/investmedic-store.com\/index.php?rest_route=%2Fwp%2Fv2%2Fcomments&post=1806"}],"wp:featuredmedia":[{"embeddable":true,"href":"https:\/\/investmedic-store.com\/index.php?rest_route=\/wp\/v2\/media\/1807"}],"wp:attachment":[{"href":"https:\/\/investmedic-store.com\/index.php?rest_route=%2Fwp%2Fv2%2Fmedia&parent=1806"}],"wp:term":[{"taxonomy":"product_cat","embeddable":true,"href":"https:\/\/investmedic-store.com\/index.php?rest_route=%2Fwp%2Fv2%2Fproduct_cat&post=1806"},{"taxonomy":"product_tag","embeddable":true,"href":"https:\/\/investmedic-store.com\/index.php?rest_route=%2Fwp%2Fv2%2Fproduct_tag&post=1806"}],"curies":[{"name":"wp","href":"https:\/\/api.w.org\/{rel}","templated":true}]}}