{"id":1660,"date":"2023-08-16T15:04:22","date_gmt":"2023-08-16T14:04:22","guid":{"rendered":"https:\/\/investmedic-store.com\/?post_type=product&#038;p=1660"},"modified":"2023-08-16T15:04:23","modified_gmt":"2023-08-16T14:04:23","slug":"ecg-3-canaux-avec-interpretation-modele-pro-ecg03m-promise","status":"publish","type":"product","link":"https:\/\/investmedic-store.com\/?product=ecg-3-canaux-avec-interpretation-modele-pro-ecg03m-promise","title":{"rendered":"ECG 3 Canaux Avec Interpr\u00e9tation Mod\u00e8le PRO-ECG03M PROMISE"},"content":{"rendered":"<h2><strong>Electrocardiographe 3 canaux avec interpr\u00e9tation mod\u00e8le PRO-ECG03M<\/strong><\/h2>\n<p>Appareil permettant de faire une \u00e9lectrocardiographie (Enregistrement de l&#8217;activit\u00e9 \u00e9lectrique du c\u0153ur) en rendant visible sur un \u00e9lectrocardioscope l\u2019activit\u00e9 \u00e9lectrique du c\u0153ur ou en l&#8217;imprimant sur un \u00e9lectrocardiogramme (Trac\u00e9 obtenu par enregistrement des ph\u00e9nom\u00e8nes \u00e9lectriques du c\u0153ur vivant).<\/p>\n<p>Nom du produit : Appareil ECG \u00e0 3 canaux<\/p>\n<p>Cat\u00e9gories de produits : Dispositifs m\u00e9dicaux\/Appareils d&#8217;\u00e9lectrophysiologie cardiaque et de surveillance<\/p>\n<p><strong>Description de l&#8217;appareil :<\/strong><\/p>\n<p>NOM DU PRODUIT : Machine ECG \u00e0 3 canaux<\/p>\n<p>MOD\u00c8LE : PRO ECG-03M<\/p>\n<p><strong>CARACT\u00c9RISTIQUES PRINCIPALES :<\/strong><\/p>\n<p>1) \u00c9cran couleur 7&#8221;, fonctionnement par bouton-poussoir et par touche.<\/p>\n<p>2) Syst\u00e8me d&#8217;\u00e9chantillonnage synchrone ECG \u00e0 12 d\u00e9rivations.<\/p>\n<p>3) Imprimante thermique avec papier d&#8217;impression de 80 mm, impression synchronis\u00e9e.<\/p>\n<p>4) Mesure automatique, calcul, analyse, gel de la forme d&#8217;onde.<\/p>\n<p>5) Prise en charge du disque flash USB et de la m\u00e9moire SD.<\/p>\n<p>6) Transmission des donn\u00e9es au PC via RS232\/USB.<\/p>\n<p>7) Les donn\u00e9es historiques peuvent \u00eatre examin\u00e9es et imprim\u00e9es.<\/p>\n<p>8) Fonction de d\u00e9tection de l&#8217;absence de papier.<\/p>\n","protected":false},"excerpt":{"rendered":"<p><strong>Dimensions<\/strong>\u00a0: 256*204*66(mm)<\/p>\n<p><strong>Poids brut<\/strong>\u00a0: 4.45kg<\/p>\n","protected":false},"featured_media":1661,"comment_status":"open","ping_status":"closed","template":"","meta":{"om_disable_all_campaigns":false,"_joinchat":[]},"product_cat":[135,141],"product_tag":[],"yoast_head":"<!-- This site is optimized with the Yoast SEO plugin v20.12 - https:\/\/yoast.com\/wordpress\/plugins\/seo\/ -->\n<title>ECG 3 Canaux Avec Interpr\u00e9tation Mod\u00e8le PRO-ECG03M PROMISE - investmedic-store.com<\/title>\n<meta name=\"robots\" content=\"index, follow, max-snippet:-1, max-image-preview:large, max-video-preview:-1\" \/>\n<link rel=\"canonical\" href=\"https:\/\/investmedic-store.com\/?product=ecg-3-canaux-avec-interpretation-modele-pro-ecg03m-promise\" \/>\n<meta property=\"og:locale\" content=\"fr_FR\" \/>\n<meta property=\"og:type\" content=\"article\" \/>\n<meta property=\"og:title\" content=\"ECG 3 Canaux Avec Interpr\u00e9tation Mod\u00e8le PRO-ECG03M PROMISE - investmedic-store.com\" \/>\n<meta property=\"og:description\" content=\"Dimensions\u00a0: 256*204*66(mm)  Poids brut\u00a0: 4.45kg\" \/>\n<meta property=\"og:url\" content=\"https:\/\/investmedic-store.com\/?product=ecg-3-canaux-avec-interpretation-modele-pro-ecg03m-promise\" \/>\n<meta property=\"og:site_name\" content=\"investmedic-store.com\" \/>\n<meta property=\"article:publisher\" content=\"https:\/\/www.facebook.com\/invest.medic\" \/>\n<meta property=\"article:modified_time\" content=\"2023-08-16T14:04:23+00:00\" \/>\n<meta property=\"og:image\" content=\"http:\/\/investmedic-store.com\/wp-content\/uploads\/2023\/08\/photo_2023-08-16_14-12-20.jpg\" \/>\n\t<meta property=\"og:image:width\" content=\"945\" \/>\n\t<meta property=\"og:image:height\" content=\"875\" \/>\n\t<meta property=\"og:image:type\" content=\"image\/jpeg\" \/>\n<meta name=\"twitter:card\" content=\"summary_large_image\" \/>\n<meta name=\"twitter:label1\" content=\"Dur\u00e9e de lecture estim\u00e9e\" \/>\n\t<meta name=\"twitter:data1\" content=\"1 minute\" \/>\n<script type=\"application\/ld+json\" class=\"yoast-schema-graph\">{\"@context\":\"https:\/\/schema.org\",\"@graph\":[{\"@type\":\"WebPage\",\"@id\":\"https:\/\/investmedic-store.com\/?product=ecg-3-canaux-avec-interpretation-modele-pro-ecg03m-promise\",\"url\":\"https:\/\/investmedic-store.com\/?product=ecg-3-canaux-avec-interpretation-modele-pro-ecg03m-promise\",\"name\":\"ECG 3 Canaux Avec Interpr\u00e9tation Mod\u00e8le PRO-ECG03M PROMISE - investmedic-store.com\",\"isPartOf\":{\"@id\":\"https:\/\/investmedic-store.com\/#website\"},\"datePublished\":\"2023-08-16T14:04:22+00:00\",\"dateModified\":\"2023-08-16T14:04:23+00:00\",\"breadcrumb\":{\"@id\":\"https:\/\/investmedic-store.com\/?product=ecg-3-canaux-avec-interpretation-modele-pro-ecg03m-promise#breadcrumb\"},\"inLanguage\":\"fr-FR\",\"potentialAction\":[{\"@type\":\"ReadAction\",\"target\":[\"https:\/\/investmedic-store.com\/?product=ecg-3-canaux-avec-interpretation-modele-pro-ecg03m-promise\"]}]},{\"@type\":\"BreadcrumbList\",\"@id\":\"https:\/\/investmedic-store.com\/?product=ecg-3-canaux-avec-interpretation-modele-pro-ecg03m-promise#breadcrumb\",\"itemListElement\":[{\"@type\":\"ListItem\",\"position\":1,\"name\":\"Accueil\",\"item\":\"https:\/\/investmedic-store.com\/\"},{\"@type\":\"ListItem\",\"position\":2,\"name\":\"Shop\",\"item\":\"https:\/\/investmedic-store.com\/?page_id=5\"},{\"@type\":\"ListItem\",\"position\":3,\"name\":\"ECG 3 Canaux Avec Interpr\u00e9tation Mod\u00e8le PRO-ECG03M PROMISE\"}]},{\"@type\":\"WebSite\",\"@id\":\"https:\/\/investmedic-store.com\/#website\",\"url\":\"https:\/\/investmedic-store.com\/\",\"name\":\"invest medic store\",\"description\":\"Importation &amp; Distribution Du Materiels Medico-Chirurgicales - \u0627\u0633\u062a\u064a\u0631\u0627\u062f \u0648\u062a\u0648\u0632\u064a\u0639 \u0627\u0644\u0645\u0648\u0627\u062f \u0627\u0644\u0637\u0628\u064a\u0629 \u0627\u0644\u062c\u0631\u0627\u062d\u064a\u0629\",\"publisher\":{\"@id\":\"https:\/\/investmedic-store.com\/#organization\"},\"alternateName\":\"investmedic store\",\"potentialAction\":[{\"@type\":\"SearchAction\",\"target\":{\"@type\":\"EntryPoint\",\"urlTemplate\":\"https:\/\/investmedic-store.com\/?s={search_term_string}\"},\"query-input\":\"required name=search_term_string\"}],\"inLanguage\":\"fr-FR\"},{\"@type\":\"Organization\",\"@id\":\"https:\/\/investmedic-store.com\/#organization\",\"name\":\"invest.medic store\",\"alternateName\":\"investmedic store\",\"url\":\"https:\/\/investmedic-store.com\/\",\"logo\":{\"@type\":\"ImageObject\",\"inLanguage\":\"fr-FR\",\"@id\":\"https:\/\/investmedic-store.com\/#\/schema\/logo\/image\/\",\"url\":\"https:\/\/investmedic-store.com\/wp-content\/uploads\/2023\/07\/cropped-LOGO_INVEST-transformed-removebg-preview-transformed-1-e1690120839263.png\",\"contentUrl\":\"https:\/\/investmedic-store.com\/wp-content\/uploads\/2023\/07\/cropped-LOGO_INVEST-transformed-removebg-preview-transformed-1-e1690120839263.png\",\"width\":512,\"height\":512,\"caption\":\"invest.medic store\"},\"image\":{\"@id\":\"https:\/\/investmedic-store.com\/#\/schema\/logo\/image\/\"},\"sameAs\":[\"https:\/\/www.facebook.com\/invest.medic\"]}]}<\/script>\n<!-- \/ Yoast SEO plugin. -->","yoast_head_json":{"title":"ECG 3 Canaux Avec Interpr\u00e9tation Mod\u00e8le PRO-ECG03M PROMISE - investmedic-store.com","robots":{"index":"index","follow":"follow","max-snippet":"max-snippet:-1","max-image-preview":"max-image-preview:large","max-video-preview":"max-video-preview:-1"},"canonical":"https:\/\/investmedic-store.com\/?product=ecg-3-canaux-avec-interpretation-modele-pro-ecg03m-promise","og_locale":"fr_FR","og_type":"article","og_title":"ECG 3 Canaux Avec Interpr\u00e9tation Mod\u00e8le PRO-ECG03M PROMISE - investmedic-store.com","og_description":"Dimensions\u00a0: 256*204*66(mm)  Poids brut\u00a0: 4.45kg","og_url":"https:\/\/investmedic-store.com\/?product=ecg-3-canaux-avec-interpretation-modele-pro-ecg03m-promise","og_site_name":"investmedic-store.com","article_publisher":"https:\/\/www.facebook.com\/invest.medic","article_modified_time":"2023-08-16T14:04:23+00:00","og_image":[{"width":945,"height":875,"url":"http:\/\/investmedic-store.com\/wp-content\/uploads\/2023\/08\/photo_2023-08-16_14-12-20.jpg","type":"image\/jpeg"}],"twitter_card":"summary_large_image","twitter_misc":{"Dur\u00e9e de lecture estim\u00e9e":"1 minute"},"schema":{"@context":"https:\/\/schema.org","@graph":[{"@type":"WebPage","@id":"https:\/\/investmedic-store.com\/?product=ecg-3-canaux-avec-interpretation-modele-pro-ecg03m-promise","url":"https:\/\/investmedic-store.com\/?product=ecg-3-canaux-avec-interpretation-modele-pro-ecg03m-promise","name":"ECG 3 Canaux Avec Interpr\u00e9tation Mod\u00e8le PRO-ECG03M PROMISE - investmedic-store.com","isPartOf":{"@id":"https:\/\/investmedic-store.com\/#website"},"datePublished":"2023-08-16T14:04:22+00:00","dateModified":"2023-08-16T14:04:23+00:00","breadcrumb":{"@id":"https:\/\/investmedic-store.com\/?product=ecg-3-canaux-avec-interpretation-modele-pro-ecg03m-promise#breadcrumb"},"inLanguage":"fr-FR","potentialAction":[{"@type":"ReadAction","target":["https:\/\/investmedic-store.com\/?product=ecg-3-canaux-avec-interpretation-modele-pro-ecg03m-promise"]}]},{"@type":"BreadcrumbList","@id":"https:\/\/investmedic-store.com\/?product=ecg-3-canaux-avec-interpretation-modele-pro-ecg03m-promise#breadcrumb","itemListElement":[{"@type":"ListItem","position":1,"name":"Accueil","item":"https:\/\/investmedic-store.com\/"},{"@type":"ListItem","position":2,"name":"Shop","item":"https:\/\/investmedic-store.com\/?page_id=5"},{"@type":"ListItem","position":3,"name":"ECG 3 Canaux Avec Interpr\u00e9tation Mod\u00e8le PRO-ECG03M PROMISE"}]},{"@type":"WebSite","@id":"https:\/\/investmedic-store.com\/#website","url":"https:\/\/investmedic-store.com\/","name":"invest medic store","description":"Importation &amp; Distribution Du Materiels Medico-Chirurgicales - \u0627\u0633\u062a\u064a\u0631\u0627\u062f \u0648\u062a\u0648\u0632\u064a\u0639 \u0627\u0644\u0645\u0648\u0627\u062f \u0627\u0644\u0637\u0628\u064a\u0629 \u0627\u0644\u062c\u0631\u0627\u062d\u064a\u0629","publisher":{"@id":"https:\/\/investmedic-store.com\/#organization"},"alternateName":"investmedic store","potentialAction":[{"@type":"SearchAction","target":{"@type":"EntryPoint","urlTemplate":"https:\/\/investmedic-store.com\/?s={search_term_string}"},"query-input":"required name=search_term_string"}],"inLanguage":"fr-FR"},{"@type":"Organization","@id":"https:\/\/investmedic-store.com\/#organization","name":"invest.medic store","alternateName":"investmedic store","url":"https:\/\/investmedic-store.com\/","logo":{"@type":"ImageObject","inLanguage":"fr-FR","@id":"https:\/\/investmedic-store.com\/#\/schema\/logo\/image\/","url":"https:\/\/investmedic-store.com\/wp-content\/uploads\/2023\/07\/cropped-LOGO_INVEST-transformed-removebg-preview-transformed-1-e1690120839263.png","contentUrl":"https:\/\/investmedic-store.com\/wp-content\/uploads\/2023\/07\/cropped-LOGO_INVEST-transformed-removebg-preview-transformed-1-e1690120839263.png","width":512,"height":512,"caption":"invest.medic store"},"image":{"@id":"https:\/\/investmedic-store.com\/#\/schema\/logo\/image\/"},"sameAs":["https:\/\/www.facebook.com\/invest.medic"]}]}},"_links":{"self":[{"href":"https:\/\/investmedic-store.com\/index.php?rest_route=\/wp\/v2\/product\/1660"}],"collection":[{"href":"https:\/\/investmedic-store.com\/index.php?rest_route=\/wp\/v2\/product"}],"about":[{"href":"https:\/\/investmedic-store.com\/index.php?rest_route=\/wp\/v2\/types\/product"}],"replies":[{"embeddable":true,"href":"https:\/\/investmedic-store.com\/index.php?rest_route=%2Fwp%2Fv2%2Fcomments&post=1660"}],"wp:featuredmedia":[{"embeddable":true,"href":"https:\/\/investmedic-store.com\/index.php?rest_route=\/wp\/v2\/media\/1661"}],"wp:attachment":[{"href":"https:\/\/investmedic-store.com\/index.php?rest_route=%2Fwp%2Fv2%2Fmedia&parent=1660"}],"wp:term":[{"taxonomy":"product_cat","embeddable":true,"href":"https:\/\/investmedic-store.com\/index.php?rest_route=%2Fwp%2Fv2%2Fproduct_cat&post=1660"},{"taxonomy":"product_tag","embeddable":true,"href":"https:\/\/investmedic-store.com\/index.php?rest_route=%2Fwp%2Fv2%2Fproduct_tag&post=1660"}],"curies":[{"name":"wp","href":"https:\/\/api.w.org\/{rel}","templated":true}]}}