{"id":1657,"date":"2023-08-16T14:43:42","date_gmt":"2023-08-16T13:43:42","guid":{"rendered":"https:\/\/investmedic-store.com\/?post_type=product&#038;p=1657"},"modified":"2023-08-16T15:09:19","modified_gmt":"2023-08-16T14:09:19","slug":"ecg-06-pistes-avec-interpretation-pro-ecg06f-promise","status":"publish","type":"product","link":"https:\/\/investmedic-store.com\/?product=ecg-06-pistes-avec-interpretation-pro-ecg06f-promise","title":{"rendered":"ECG 06 Pistes Avec Interpr\u00e9tation PRO-ECG06F PROMISE"},"content":{"rendered":"<p>DESCRPTION<\/p>\n<p>* \u00c9cran LCD 5,6&#8243; couleurs<br \/>\n* Technologie de collecte synchrone ECG \u00e0 12 d\u00e9rivations<br \/>\n* Syst\u00e8me complet d&#8217;informations sur les patients pour un examen facile<br \/>\n* Analyse et diagnostic automatiques pour les param\u00e8tres ECG de routine<br \/>\n* Filtres num\u00e9riques avanc\u00e9s pour \u00e9viter la distorsion de la forme d&#8217;onde<br \/>\n* Impression de forme d&#8217;onde ECG max 1000 avec batterie int\u00e9gr\u00e9e<br \/>\n* Le poste de travail PC est disponible pour l&#8217;impression papier A4<br \/>\n*Projets OEM\/ODM bienvenus<\/p>\n","protected":false},"excerpt":{"rendered":"<p>Appareil permettant de faire une \u00e9lectrocardiographie (Enregistrement de l&#8217;activit\u00e9 \u00e9lectrique du c\u0153ur) en rendant visible sur un \u00e9lectrocardioscope l\u2019activit\u00e9 \u00e9lectrique du c\u0153ur ou en l&#8217;imprimant sur un \u00e9lectrocardiogramme (Trac\u00e9 obtenu par enregistrement des ph\u00e9nom\u00e8nes \u00e9lectriques du c\u0153ur vivant).<\/p>\n","protected":false},"featured_media":1659,"comment_status":"open","ping_status":"closed","template":"","meta":{"om_disable_all_campaigns":false,"_joinchat":[]},"product_cat":[135,141],"product_tag":[],"yoast_head":"<!-- This site is optimized with the Yoast SEO plugin v20.12 - https:\/\/yoast.com\/wordpress\/plugins\/seo\/ -->\n<title>ECG 06 Pistes Avec Interpr\u00e9tation PRO-ECG06F PROMISE - investmedic-store.com<\/title>\n<meta name=\"robots\" content=\"index, follow, max-snippet:-1, max-image-preview:large, max-video-preview:-1\" \/>\n<link rel=\"canonical\" href=\"https:\/\/investmedic-store.com\/?product=ecg-06-pistes-avec-interpretation-pro-ecg06f-promise\" \/>\n<meta property=\"og:locale\" content=\"fr_FR\" \/>\n<meta property=\"og:type\" content=\"article\" \/>\n<meta property=\"og:title\" content=\"ECG 06 Pistes Avec Interpr\u00e9tation PRO-ECG06F PROMISE - investmedic-store.com\" \/>\n<meta property=\"og:description\" content=\"Appareil permettant de faire une \u00e9lectrocardiographie (Enregistrement de l&#039;activit\u00e9 \u00e9lectrique du c\u0153ur) en rendant visible sur un \u00e9lectrocardioscope l\u2019activit\u00e9 \u00e9lectrique du c\u0153ur ou en l&#039;imprimant sur un \u00e9lectrocardiogramme (Trac\u00e9 obtenu par enregistrement des ph\u00e9nom\u00e8nes \u00e9lectriques du c\u0153ur vivant).\" \/>\n<meta property=\"og:url\" content=\"https:\/\/investmedic-store.com\/?product=ecg-06-pistes-avec-interpretation-pro-ecg06f-promise\" \/>\n<meta property=\"og:site_name\" content=\"investmedic-store.com\" \/>\n<meta property=\"article:publisher\" content=\"https:\/\/www.facebook.com\/invest.medic\" \/>\n<meta property=\"article:modified_time\" content=\"2023-08-16T14:09:19+00:00\" \/>\n<meta property=\"og:image\" content=\"http:\/\/investmedic-store.com\/wp-content\/uploads\/2023\/08\/photo_2023-08-16_14-11-55.jpg\" \/>\n\t<meta property=\"og:image:width\" content=\"951\" \/>\n\t<meta property=\"og:image:height\" content=\"892\" \/>\n\t<meta property=\"og:image:type\" content=\"image\/jpeg\" \/>\n<meta name=\"twitter:card\" content=\"summary_large_image\" \/>\n<meta name=\"twitter:label1\" content=\"Dur\u00e9e de lecture estim\u00e9e\" \/>\n\t<meta name=\"twitter:data1\" content=\"1 minute\" \/>\n<script type=\"application\/ld+json\" class=\"yoast-schema-graph\">{\"@context\":\"https:\/\/schema.org\",\"@graph\":[{\"@type\":\"WebPage\",\"@id\":\"https:\/\/investmedic-store.com\/?product=ecg-06-pistes-avec-interpretation-pro-ecg06f-promise\",\"url\":\"https:\/\/investmedic-store.com\/?product=ecg-06-pistes-avec-interpretation-pro-ecg06f-promise\",\"name\":\"ECG 06 Pistes Avec Interpr\u00e9tation PRO-ECG06F PROMISE - investmedic-store.com\",\"isPartOf\":{\"@id\":\"https:\/\/investmedic-store.com\/#website\"},\"datePublished\":\"2023-08-16T13:43:42+00:00\",\"dateModified\":\"2023-08-16T14:09:19+00:00\",\"breadcrumb\":{\"@id\":\"https:\/\/investmedic-store.com\/?product=ecg-06-pistes-avec-interpretation-pro-ecg06f-promise#breadcrumb\"},\"inLanguage\":\"fr-FR\",\"potentialAction\":[{\"@type\":\"ReadAction\",\"target\":[\"https:\/\/investmedic-store.com\/?product=ecg-06-pistes-avec-interpretation-pro-ecg06f-promise\"]}]},{\"@type\":\"BreadcrumbList\",\"@id\":\"https:\/\/investmedic-store.com\/?product=ecg-06-pistes-avec-interpretation-pro-ecg06f-promise#breadcrumb\",\"itemListElement\":[{\"@type\":\"ListItem\",\"position\":1,\"name\":\"Accueil\",\"item\":\"https:\/\/investmedic-store.com\/\"},{\"@type\":\"ListItem\",\"position\":2,\"name\":\"Shop\",\"item\":\"https:\/\/investmedic-store.com\/?page_id=5\"},{\"@type\":\"ListItem\",\"position\":3,\"name\":\"ECG 06 Pistes Avec Interpr\u00e9tation PRO-ECG06F PROMISE\"}]},{\"@type\":\"WebSite\",\"@id\":\"https:\/\/investmedic-store.com\/#website\",\"url\":\"https:\/\/investmedic-store.com\/\",\"name\":\"invest medic store\",\"description\":\"Importation &amp; Distribution Du Materiels Medico-Chirurgicales - \u0627\u0633\u062a\u064a\u0631\u0627\u062f \u0648\u062a\u0648\u0632\u064a\u0639 \u0627\u0644\u0645\u0648\u0627\u062f \u0627\u0644\u0637\u0628\u064a\u0629 \u0627\u0644\u062c\u0631\u0627\u062d\u064a\u0629\",\"publisher\":{\"@id\":\"https:\/\/investmedic-store.com\/#organization\"},\"alternateName\":\"investmedic store\",\"potentialAction\":[{\"@type\":\"SearchAction\",\"target\":{\"@type\":\"EntryPoint\",\"urlTemplate\":\"https:\/\/investmedic-store.com\/?s={search_term_string}\"},\"query-input\":\"required name=search_term_string\"}],\"inLanguage\":\"fr-FR\"},{\"@type\":\"Organization\",\"@id\":\"https:\/\/investmedic-store.com\/#organization\",\"name\":\"invest.medic store\",\"alternateName\":\"investmedic store\",\"url\":\"https:\/\/investmedic-store.com\/\",\"logo\":{\"@type\":\"ImageObject\",\"inLanguage\":\"fr-FR\",\"@id\":\"https:\/\/investmedic-store.com\/#\/schema\/logo\/image\/\",\"url\":\"https:\/\/investmedic-store.com\/wp-content\/uploads\/2023\/07\/cropped-LOGO_INVEST-transformed-removebg-preview-transformed-1-e1690120839263.png\",\"contentUrl\":\"https:\/\/investmedic-store.com\/wp-content\/uploads\/2023\/07\/cropped-LOGO_INVEST-transformed-removebg-preview-transformed-1-e1690120839263.png\",\"width\":512,\"height\":512,\"caption\":\"invest.medic store\"},\"image\":{\"@id\":\"https:\/\/investmedic-store.com\/#\/schema\/logo\/image\/\"},\"sameAs\":[\"https:\/\/www.facebook.com\/invest.medic\"]}]}<\/script>\n<!-- \/ Yoast SEO plugin. -->","yoast_head_json":{"title":"ECG 06 Pistes Avec Interpr\u00e9tation PRO-ECG06F PROMISE - investmedic-store.com","robots":{"index":"index","follow":"follow","max-snippet":"max-snippet:-1","max-image-preview":"max-image-preview:large","max-video-preview":"max-video-preview:-1"},"canonical":"https:\/\/investmedic-store.com\/?product=ecg-06-pistes-avec-interpretation-pro-ecg06f-promise","og_locale":"fr_FR","og_type":"article","og_title":"ECG 06 Pistes Avec Interpr\u00e9tation PRO-ECG06F PROMISE - investmedic-store.com","og_description":"Appareil permettant de faire une \u00e9lectrocardiographie (Enregistrement de l'activit\u00e9 \u00e9lectrique du c\u0153ur) en rendant visible sur un \u00e9lectrocardioscope l\u2019activit\u00e9 \u00e9lectrique du c\u0153ur ou en l'imprimant sur un \u00e9lectrocardiogramme (Trac\u00e9 obtenu par enregistrement des ph\u00e9nom\u00e8nes \u00e9lectriques du c\u0153ur vivant).","og_url":"https:\/\/investmedic-store.com\/?product=ecg-06-pistes-avec-interpretation-pro-ecg06f-promise","og_site_name":"investmedic-store.com","article_publisher":"https:\/\/www.facebook.com\/invest.medic","article_modified_time":"2023-08-16T14:09:19+00:00","og_image":[{"width":951,"height":892,"url":"http:\/\/investmedic-store.com\/wp-content\/uploads\/2023\/08\/photo_2023-08-16_14-11-55.jpg","type":"image\/jpeg"}],"twitter_card":"summary_large_image","twitter_misc":{"Dur\u00e9e de lecture estim\u00e9e":"1 minute"},"schema":{"@context":"https:\/\/schema.org","@graph":[{"@type":"WebPage","@id":"https:\/\/investmedic-store.com\/?product=ecg-06-pistes-avec-interpretation-pro-ecg06f-promise","url":"https:\/\/investmedic-store.com\/?product=ecg-06-pistes-avec-interpretation-pro-ecg06f-promise","name":"ECG 06 Pistes Avec Interpr\u00e9tation PRO-ECG06F PROMISE - investmedic-store.com","isPartOf":{"@id":"https:\/\/investmedic-store.com\/#website"},"datePublished":"2023-08-16T13:43:42+00:00","dateModified":"2023-08-16T14:09:19+00:00","breadcrumb":{"@id":"https:\/\/investmedic-store.com\/?product=ecg-06-pistes-avec-interpretation-pro-ecg06f-promise#breadcrumb"},"inLanguage":"fr-FR","potentialAction":[{"@type":"ReadAction","target":["https:\/\/investmedic-store.com\/?product=ecg-06-pistes-avec-interpretation-pro-ecg06f-promise"]}]},{"@type":"BreadcrumbList","@id":"https:\/\/investmedic-store.com\/?product=ecg-06-pistes-avec-interpretation-pro-ecg06f-promise#breadcrumb","itemListElement":[{"@type":"ListItem","position":1,"name":"Accueil","item":"https:\/\/investmedic-store.com\/"},{"@type":"ListItem","position":2,"name":"Shop","item":"https:\/\/investmedic-store.com\/?page_id=5"},{"@type":"ListItem","position":3,"name":"ECG 06 Pistes Avec Interpr\u00e9tation PRO-ECG06F PROMISE"}]},{"@type":"WebSite","@id":"https:\/\/investmedic-store.com\/#website","url":"https:\/\/investmedic-store.com\/","name":"invest medic store","description":"Importation &amp; Distribution Du Materiels Medico-Chirurgicales - \u0627\u0633\u062a\u064a\u0631\u0627\u062f \u0648\u062a\u0648\u0632\u064a\u0639 \u0627\u0644\u0645\u0648\u0627\u062f \u0627\u0644\u0637\u0628\u064a\u0629 \u0627\u0644\u062c\u0631\u0627\u062d\u064a\u0629","publisher":{"@id":"https:\/\/investmedic-store.com\/#organization"},"alternateName":"investmedic store","potentialAction":[{"@type":"SearchAction","target":{"@type":"EntryPoint","urlTemplate":"https:\/\/investmedic-store.com\/?s={search_term_string}"},"query-input":"required name=search_term_string"}],"inLanguage":"fr-FR"},{"@type":"Organization","@id":"https:\/\/investmedic-store.com\/#organization","name":"invest.medic store","alternateName":"investmedic store","url":"https:\/\/investmedic-store.com\/","logo":{"@type":"ImageObject","inLanguage":"fr-FR","@id":"https:\/\/investmedic-store.com\/#\/schema\/logo\/image\/","url":"https:\/\/investmedic-store.com\/wp-content\/uploads\/2023\/07\/cropped-LOGO_INVEST-transformed-removebg-preview-transformed-1-e1690120839263.png","contentUrl":"https:\/\/investmedic-store.com\/wp-content\/uploads\/2023\/07\/cropped-LOGO_INVEST-transformed-removebg-preview-transformed-1-e1690120839263.png","width":512,"height":512,"caption":"invest.medic store"},"image":{"@id":"https:\/\/investmedic-store.com\/#\/schema\/logo\/image\/"},"sameAs":["https:\/\/www.facebook.com\/invest.medic"]}]}},"_links":{"self":[{"href":"https:\/\/investmedic-store.com\/index.php?rest_route=\/wp\/v2\/product\/1657"}],"collection":[{"href":"https:\/\/investmedic-store.com\/index.php?rest_route=\/wp\/v2\/product"}],"about":[{"href":"https:\/\/investmedic-store.com\/index.php?rest_route=\/wp\/v2\/types\/product"}],"replies":[{"embeddable":true,"href":"https:\/\/investmedic-store.com\/index.php?rest_route=%2Fwp%2Fv2%2Fcomments&post=1657"}],"wp:featuredmedia":[{"embeddable":true,"href":"https:\/\/investmedic-store.com\/index.php?rest_route=\/wp\/v2\/media\/1659"}],"wp:attachment":[{"href":"https:\/\/investmedic-store.com\/index.php?rest_route=%2Fwp%2Fv2%2Fmedia&parent=1657"}],"wp:term":[{"taxonomy":"product_cat","embeddable":true,"href":"https:\/\/investmedic-store.com\/index.php?rest_route=%2Fwp%2Fv2%2Fproduct_cat&post=1657"},{"taxonomy":"product_tag","embeddable":true,"href":"https:\/\/investmedic-store.com\/index.php?rest_route=%2Fwp%2Fv2%2Fproduct_tag&post=1657"}],"curies":[{"name":"wp","href":"https:\/\/api.w.org\/{rel}","templated":true}]}}