{"id":1628,"date":"2023-08-14T23:21:01","date_gmt":"2023-08-14T22:21:01","guid":{"rendered":"https:\/\/investmedic-store.com\/?post_type=product&#038;p=1628"},"modified":"2023-08-14T23:21:01","modified_gmt":"2023-08-14T22:21:01","slug":"spirometre-efr-professionnel-de-table-multi-parametres-spirox-pro-meditech","status":"publish","type":"product","link":"https:\/\/investmedic-store.com\/?product=spirometre-efr-professionnel-de-table-multi-parametres-spirox-pro-meditech","title":{"rendered":"Spirom\u00e8tre EFR Professionnel De Table Multi Param\u00e8tres SPIROX-PRO MEDITECH"},"content":{"rendered":"<p>L&#8217;instrument portable de mesure de la fonction pulmonaire peut \u00eatre utilis\u00e9 pour mesurer :<br \/>\nCapacit\u00e9 vitale (VC)<br \/>\nCapacit\u00e9 vitale forc\u00e9e (CVF)<br \/>\nVolume maximal du ventilateur (MVV).<br \/>\nL&#8217;algorithme de mesure fait r\u00e9f\u00e9rence aux normes ITS ERS de l&#8217;American Thoracic Society (ATS)<br \/>\nMesure du temps de respiration :<br \/>\nTemps VC 50 secondes<br \/>\nTemps de mesure CVF 25 secondes<br \/>\nTemps MVV 12 secondes en faveur de la coordination entre les patients et l&#8217;appareil<br \/>\nAdoptant un capteur de pression-d\u00e9bit sensible, pr\u00e9cis, facile \u00e0 laver, propre et durable<br \/>\nTous les param\u00e8tres peuvent \u00eatre affich\u00e9s sur grand \u00e9cran (320 x 240)<br \/>\nLa m\u00e9moire int\u00e9gr\u00e9e peut stocker un maximum de 300 cas de r\u00e9sultats de mesure de patients<br \/>\nL&#8217;instrument peut calibrer automatiquement toutes les op\u00e9rations en anglais plus pratiques \u00e0 utiliser<br \/>\nL&#8217;imprimante thermique de 110 mm int\u00e9gr\u00e9e peut imprimer un rapport clinique clair valeur pr\u00e9dite valeur mesur\u00e9e<br \/>\nCompacte et flexible<\/p>\n","protected":false},"excerpt":{"rendered":"<p>L&#8217;instrument de mesure de la fonction pulmonaire portable peut \u00eatre utilis\u00e9 pour mesurer la capacit\u00e9 vitale (VC), la capacit\u00e9 vitale forc\u00e9e (FVC), le volume maximal du ventilateur (MVV). L&#8217;algorithme de mesure fait r\u00e9f\u00e9rence aux normes ITS, ERS de l&#8217;American Thoracic Society (ATS)<\/p>\n<p>Principe de mesure<br \/>\nLorsque vous respirez normalement, le gaz passe \u00e0 travers le capteur de d\u00e9bit. Des deux c\u00f4t\u00e9s de l&#8217;\u00e9cran du capteur produira une pression diff\u00e9rente. La pression est d\u00e9tect\u00e9e par le capteur, qui est converti en signaux \u00e9lectriques. Apr\u00e8s l&#8217;amplification du signal, l&#8217;\u00e9chantillonnage du convertisseur AD, la pression est convertie en signal num\u00e9rique dans le syst\u00e8me informatique.<br \/>\nGr\u00e2ce au traitement num\u00e9rique du signal et \u00e0 la technologie d&#8217;analyse, le syst\u00e8me informatique reproduit les ondes respiratoires affich\u00e9es sur l&#8217;\u00e9cran LCD avec les r\u00e9sultats analys\u00e9s. \u00c0 la fin, l&#8217;imprimante int\u00e9gr\u00e9e imprime les r\u00e9sultats de l&#8217;analyse. Filtre \u00e0 usage unique<br \/>\nSet de bouche \u00e0 usage unique<br \/>\nPince-nez<\/p>\n","protected":false},"featured_media":1629,"comment_status":"open","ping_status":"closed","template":"","meta":{"om_disable_all_campaigns":false,"_joinchat":[]},"product_cat":[135,140],"product_tag":[],"yoast_head":"<!-- This site is optimized with the Yoast SEO plugin v20.12 - https:\/\/yoast.com\/wordpress\/plugins\/seo\/ -->\n<title>Spirom\u00e8tre EFR Professionnel De Table Multi Param\u00e8tres SPIROX-PRO MEDITECH - investmedic-store.com<\/title>\n<meta name=\"robots\" content=\"index, follow, max-snippet:-1, max-image-preview:large, max-video-preview:-1\" \/>\n<link rel=\"canonical\" href=\"https:\/\/investmedic-store.com\/?product=spirometre-efr-professionnel-de-table-multi-parametres-spirox-pro-meditech\" \/>\n<meta property=\"og:locale\" content=\"fr_FR\" \/>\n<meta property=\"og:type\" content=\"article\" \/>\n<meta property=\"og:title\" content=\"Spirom\u00e8tre EFR Professionnel De Table Multi Param\u00e8tres SPIROX-PRO MEDITECH - investmedic-store.com\" \/>\n<meta property=\"og:description\" content=\"L&#039;instrument de mesure de la fonction pulmonaire portable peut \u00eatre utilis\u00e9 pour mesurer la capacit\u00e9 vitale (VC), la capacit\u00e9 vitale forc\u00e9e (FVC), le volume maximal du ventilateur (MVV). L&#039;algorithme de mesure fait r\u00e9f\u00e9rence aux normes ITS, ERS de l&#039;American Thoracic Society (ATS)  Principe de mesure Lorsque vous respirez normalement, le gaz passe \u00e0 travers le capteur de d\u00e9bit. Des deux c\u00f4t\u00e9s de l&#039;\u00e9cran du capteur produira une pression diff\u00e9rente. La pression est d\u00e9tect\u00e9e par le capteur, qui est converti en signaux \u00e9lectriques. Apr\u00e8s l&#039;amplification du signal, l&#039;\u00e9chantillonnage du convertisseur AD, la pression est convertie en signal num\u00e9rique dans le syst\u00e8me informatique. Gr\u00e2ce au traitement num\u00e9rique du signal et \u00e0 la technologie d&#039;analyse, le syst\u00e8me informatique reproduit les ondes respiratoires affich\u00e9es sur l&#039;\u00e9cran LCD avec les r\u00e9sultats analys\u00e9s. \u00c0 la fin, l&#039;imprimante int\u00e9gr\u00e9e imprime les r\u00e9sultats de l&#039;analyse. Filtre \u00e0 usage unique Set de bouche \u00e0 usage unique Pince-nez\" \/>\n<meta property=\"og:url\" content=\"https:\/\/investmedic-store.com\/?product=spirometre-efr-professionnel-de-table-multi-parametres-spirox-pro-meditech\" \/>\n<meta property=\"og:site_name\" content=\"investmedic-store.com\" \/>\n<meta property=\"article:publisher\" content=\"https:\/\/www.facebook.com\/invest.medic\" \/>\n<meta property=\"og:image\" content=\"http:\/\/investmedic-store.com\/wp-content\/uploads\/2023\/08\/SpirOx-Pro.jpg\" \/>\n\t<meta property=\"og:image:width\" content=\"800\" \/>\n\t<meta property=\"og:image:height\" content=\"800\" \/>\n\t<meta property=\"og:image:type\" content=\"image\/jpeg\" \/>\n<meta name=\"twitter:card\" content=\"summary_large_image\" \/>\n<meta name=\"twitter:label1\" content=\"Dur\u00e9e de lecture estim\u00e9e\" \/>\n\t<meta name=\"twitter:data1\" content=\"1 minute\" \/>\n<script type=\"application\/ld+json\" class=\"yoast-schema-graph\">{\"@context\":\"https:\/\/schema.org\",\"@graph\":[{\"@type\":\"WebPage\",\"@id\":\"https:\/\/investmedic-store.com\/?product=spirometre-efr-professionnel-de-table-multi-parametres-spirox-pro-meditech\",\"url\":\"https:\/\/investmedic-store.com\/?product=spirometre-efr-professionnel-de-table-multi-parametres-spirox-pro-meditech\",\"name\":\"Spirom\u00e8tre EFR Professionnel De Table Multi Param\u00e8tres SPIROX-PRO MEDITECH - investmedic-store.com\",\"isPartOf\":{\"@id\":\"https:\/\/investmedic-store.com\/#website\"},\"datePublished\":\"2023-08-14T22:21:01+00:00\",\"dateModified\":\"2023-08-14T22:21:01+00:00\",\"breadcrumb\":{\"@id\":\"https:\/\/investmedic-store.com\/?product=spirometre-efr-professionnel-de-table-multi-parametres-spirox-pro-meditech#breadcrumb\"},\"inLanguage\":\"fr-FR\",\"potentialAction\":[{\"@type\":\"ReadAction\",\"target\":[\"https:\/\/investmedic-store.com\/?product=spirometre-efr-professionnel-de-table-multi-parametres-spirox-pro-meditech\"]}]},{\"@type\":\"BreadcrumbList\",\"@id\":\"https:\/\/investmedic-store.com\/?product=spirometre-efr-professionnel-de-table-multi-parametres-spirox-pro-meditech#breadcrumb\",\"itemListElement\":[{\"@type\":\"ListItem\",\"position\":1,\"name\":\"Accueil\",\"item\":\"https:\/\/investmedic-store.com\/\"},{\"@type\":\"ListItem\",\"position\":2,\"name\":\"Shop\",\"item\":\"https:\/\/investmedic-store.com\/?page_id=5\"},{\"@type\":\"ListItem\",\"position\":3,\"name\":\"Spirom\u00e8tre EFR Professionnel De Table Multi Param\u00e8tres SPIROX-PRO MEDITECH\"}]},{\"@type\":\"WebSite\",\"@id\":\"https:\/\/investmedic-store.com\/#website\",\"url\":\"https:\/\/investmedic-store.com\/\",\"name\":\"invest medic store\",\"description\":\"Importation &amp; Distribution Du Materiels Medico-Chirurgicales - \u0627\u0633\u062a\u064a\u0631\u0627\u062f \u0648\u062a\u0648\u0632\u064a\u0639 \u0627\u0644\u0645\u0648\u0627\u062f \u0627\u0644\u0637\u0628\u064a\u0629 \u0627\u0644\u062c\u0631\u0627\u062d\u064a\u0629\",\"publisher\":{\"@id\":\"https:\/\/investmedic-store.com\/#organization\"},\"alternateName\":\"investmedic store\",\"potentialAction\":[{\"@type\":\"SearchAction\",\"target\":{\"@type\":\"EntryPoint\",\"urlTemplate\":\"https:\/\/investmedic-store.com\/?s={search_term_string}\"},\"query-input\":\"required name=search_term_string\"}],\"inLanguage\":\"fr-FR\"},{\"@type\":\"Organization\",\"@id\":\"https:\/\/investmedic-store.com\/#organization\",\"name\":\"invest.medic store\",\"alternateName\":\"investmedic store\",\"url\":\"https:\/\/investmedic-store.com\/\",\"logo\":{\"@type\":\"ImageObject\",\"inLanguage\":\"fr-FR\",\"@id\":\"https:\/\/investmedic-store.com\/#\/schema\/logo\/image\/\",\"url\":\"https:\/\/investmedic-store.com\/wp-content\/uploads\/2023\/07\/cropped-LOGO_INVEST-transformed-removebg-preview-transformed-1-e1690120839263.png\",\"contentUrl\":\"https:\/\/investmedic-store.com\/wp-content\/uploads\/2023\/07\/cropped-LOGO_INVEST-transformed-removebg-preview-transformed-1-e1690120839263.png\",\"width\":512,\"height\":512,\"caption\":\"invest.medic store\"},\"image\":{\"@id\":\"https:\/\/investmedic-store.com\/#\/schema\/logo\/image\/\"},\"sameAs\":[\"https:\/\/www.facebook.com\/invest.medic\"]}]}<\/script>\n<!-- \/ Yoast SEO plugin. -->","yoast_head_json":{"title":"Spirom\u00e8tre EFR Professionnel De Table Multi Param\u00e8tres SPIROX-PRO MEDITECH - investmedic-store.com","robots":{"index":"index","follow":"follow","max-snippet":"max-snippet:-1","max-image-preview":"max-image-preview:large","max-video-preview":"max-video-preview:-1"},"canonical":"https:\/\/investmedic-store.com\/?product=spirometre-efr-professionnel-de-table-multi-parametres-spirox-pro-meditech","og_locale":"fr_FR","og_type":"article","og_title":"Spirom\u00e8tre EFR Professionnel De Table Multi Param\u00e8tres SPIROX-PRO MEDITECH - investmedic-store.com","og_description":"L'instrument de mesure de la fonction pulmonaire portable peut \u00eatre utilis\u00e9 pour mesurer la capacit\u00e9 vitale (VC), la capacit\u00e9 vitale forc\u00e9e (FVC), le volume maximal du ventilateur (MVV). L'algorithme de mesure fait r\u00e9f\u00e9rence aux normes ITS, ERS de l'American Thoracic Society (ATS)  Principe de mesure Lorsque vous respirez normalement, le gaz passe \u00e0 travers le capteur de d\u00e9bit. Des deux c\u00f4t\u00e9s de l'\u00e9cran du capteur produira une pression diff\u00e9rente. La pression est d\u00e9tect\u00e9e par le capteur, qui est converti en signaux \u00e9lectriques. Apr\u00e8s l'amplification du signal, l'\u00e9chantillonnage du convertisseur AD, la pression est convertie en signal num\u00e9rique dans le syst\u00e8me informatique. Gr\u00e2ce au traitement num\u00e9rique du signal et \u00e0 la technologie d'analyse, le syst\u00e8me informatique reproduit les ondes respiratoires affich\u00e9es sur l'\u00e9cran LCD avec les r\u00e9sultats analys\u00e9s. \u00c0 la fin, l'imprimante int\u00e9gr\u00e9e imprime les r\u00e9sultats de l'analyse. Filtre \u00e0 usage unique Set de bouche \u00e0 usage unique Pince-nez","og_url":"https:\/\/investmedic-store.com\/?product=spirometre-efr-professionnel-de-table-multi-parametres-spirox-pro-meditech","og_site_name":"investmedic-store.com","article_publisher":"https:\/\/www.facebook.com\/invest.medic","og_image":[{"width":800,"height":800,"url":"http:\/\/investmedic-store.com\/wp-content\/uploads\/2023\/08\/SpirOx-Pro.jpg","type":"image\/jpeg"}],"twitter_card":"summary_large_image","twitter_misc":{"Dur\u00e9e de lecture estim\u00e9e":"1 minute"},"schema":{"@context":"https:\/\/schema.org","@graph":[{"@type":"WebPage","@id":"https:\/\/investmedic-store.com\/?product=spirometre-efr-professionnel-de-table-multi-parametres-spirox-pro-meditech","url":"https:\/\/investmedic-store.com\/?product=spirometre-efr-professionnel-de-table-multi-parametres-spirox-pro-meditech","name":"Spirom\u00e8tre EFR Professionnel De Table Multi Param\u00e8tres SPIROX-PRO MEDITECH - investmedic-store.com","isPartOf":{"@id":"https:\/\/investmedic-store.com\/#website"},"datePublished":"2023-08-14T22:21:01+00:00","dateModified":"2023-08-14T22:21:01+00:00","breadcrumb":{"@id":"https:\/\/investmedic-store.com\/?product=spirometre-efr-professionnel-de-table-multi-parametres-spirox-pro-meditech#breadcrumb"},"inLanguage":"fr-FR","potentialAction":[{"@type":"ReadAction","target":["https:\/\/investmedic-store.com\/?product=spirometre-efr-professionnel-de-table-multi-parametres-spirox-pro-meditech"]}]},{"@type":"BreadcrumbList","@id":"https:\/\/investmedic-store.com\/?product=spirometre-efr-professionnel-de-table-multi-parametres-spirox-pro-meditech#breadcrumb","itemListElement":[{"@type":"ListItem","position":1,"name":"Accueil","item":"https:\/\/investmedic-store.com\/"},{"@type":"ListItem","position":2,"name":"Shop","item":"https:\/\/investmedic-store.com\/?page_id=5"},{"@type":"ListItem","position":3,"name":"Spirom\u00e8tre EFR Professionnel De Table Multi Param\u00e8tres SPIROX-PRO MEDITECH"}]},{"@type":"WebSite","@id":"https:\/\/investmedic-store.com\/#website","url":"https:\/\/investmedic-store.com\/","name":"invest medic store","description":"Importation &amp; Distribution Du Materiels Medico-Chirurgicales - \u0627\u0633\u062a\u064a\u0631\u0627\u062f \u0648\u062a\u0648\u0632\u064a\u0639 \u0627\u0644\u0645\u0648\u0627\u062f \u0627\u0644\u0637\u0628\u064a\u0629 \u0627\u0644\u062c\u0631\u0627\u062d\u064a\u0629","publisher":{"@id":"https:\/\/investmedic-store.com\/#organization"},"alternateName":"investmedic store","potentialAction":[{"@type":"SearchAction","target":{"@type":"EntryPoint","urlTemplate":"https:\/\/investmedic-store.com\/?s={search_term_string}"},"query-input":"required name=search_term_string"}],"inLanguage":"fr-FR"},{"@type":"Organization","@id":"https:\/\/investmedic-store.com\/#organization","name":"invest.medic store","alternateName":"investmedic store","url":"https:\/\/investmedic-store.com\/","logo":{"@type":"ImageObject","inLanguage":"fr-FR","@id":"https:\/\/investmedic-store.com\/#\/schema\/logo\/image\/","url":"https:\/\/investmedic-store.com\/wp-content\/uploads\/2023\/07\/cropped-LOGO_INVEST-transformed-removebg-preview-transformed-1-e1690120839263.png","contentUrl":"https:\/\/investmedic-store.com\/wp-content\/uploads\/2023\/07\/cropped-LOGO_INVEST-transformed-removebg-preview-transformed-1-e1690120839263.png","width":512,"height":512,"caption":"invest.medic store"},"image":{"@id":"https:\/\/investmedic-store.com\/#\/schema\/logo\/image\/"},"sameAs":["https:\/\/www.facebook.com\/invest.medic"]}]}},"_links":{"self":[{"href":"https:\/\/investmedic-store.com\/index.php?rest_route=\/wp\/v2\/product\/1628"}],"collection":[{"href":"https:\/\/investmedic-store.com\/index.php?rest_route=\/wp\/v2\/product"}],"about":[{"href":"https:\/\/investmedic-store.com\/index.php?rest_route=\/wp\/v2\/types\/product"}],"replies":[{"embeddable":true,"href":"https:\/\/investmedic-store.com\/index.php?rest_route=%2Fwp%2Fv2%2Fcomments&post=1628"}],"wp:featuredmedia":[{"embeddable":true,"href":"https:\/\/investmedic-store.com\/index.php?rest_route=\/wp\/v2\/media\/1629"}],"wp:attachment":[{"href":"https:\/\/investmedic-store.com\/index.php?rest_route=%2Fwp%2Fv2%2Fmedia&parent=1628"}],"wp:term":[{"taxonomy":"product_cat","embeddable":true,"href":"https:\/\/investmedic-store.com\/index.php?rest_route=%2Fwp%2Fv2%2Fproduct_cat&post=1628"},{"taxonomy":"product_tag","embeddable":true,"href":"https:\/\/investmedic-store.com\/index.php?rest_route=%2Fwp%2Fv2%2Fproduct_tag&post=1628"}],"curies":[{"name":"wp","href":"https:\/\/api.w.org\/{rel}","templated":true}]}}