{"id":1509,"date":"2023-08-10T16:23:21","date_gmt":"2023-08-10T15:23:21","guid":{"rendered":"https:\/\/investmedic-store.com\/?post_type=product&#038;p=1509"},"modified":"2023-10-31T18:45:26","modified_gmt":"2023-10-31T17:45:26","slug":"ceinture-chauffante-orthopedique-de-voiture","status":"publish","type":"product","link":"https:\/\/investmedic-store.com\/?product=ceinture-chauffante-orthopedique-de-voiture","title":{"rendered":"HC 1013 Ceinture Chauffante Orthop\u00e9dique De Voiture"},"content":{"rendered":"<p>R\u00e9gulateur compact (dispose de deux niveaux de chaleur pr\u00e9r\u00e9gl\u00e9s avec un r\u00e9glage de temp\u00e9rature maximum de 75 \u00b0C) avec thermostat double pour la pr\u00e9vention de la surchauffe. \u00c9l\u00e9ments chauffants sp\u00e9cialement alli\u00e9s qui fonctionnent \u00e0 basse tension (c&#8217;est-\u00e0-dire 12 V D.C. puissance 16 et 30 W) recouverts d&#8217;un tissu de fourrure de corail ultra-doux. Prise allume-cigare avec protection par fusible int\u00e9gr\u00e9e et long c\u00e2ble pour un acc\u00e8s facile partout dans la voiture. Flexible et peut \u00eatre utilis\u00e9 sur n&#8217;importe quelle zone du corps affect\u00e9e.<\/p>\n","protected":false},"excerpt":{"rendered":"<p>R\u00e9gulateur compact (dispose de deux niveaux de chaleur pr\u00e9r\u00e9gl\u00e9s avec un r\u00e9glage de temp\u00e9rature maximum de 75 \u00b0C) avec thermostat double pour la pr\u00e9vention de la surchauffe. \u00c9l\u00e9ments chauffants sp\u00e9cialement alli\u00e9s qui fonctionnent \u00e0 basse tension (c&#8217;est-\u00e0-dire 12 V D.C. puissance 16 et 30 W) recouverts d&#8217;un tissu de fourrure de corail ultra-doux. Prise allume-cigare avec protection par fusible int\u00e9gr\u00e9e et long c\u00e2ble pour un acc\u00e8s facile partout dans la voiture. Flexible et peut \u00eatre utilis\u00e9 sur n&#8217;importe quelle zone du corps affect\u00e9e.<\/p>\n","protected":false},"featured_media":1510,"comment_status":"open","ping_status":"closed","template":"","meta":{"om_disable_all_campaigns":false,"_joinchat":[]},"product_cat":[60,84],"product_tag":[],"yoast_head":"<!-- This site is optimized with the Yoast SEO plugin v20.12 - https:\/\/yoast.com\/wordpress\/plugins\/seo\/ -->\n<title>HC 1013 Ceinture Chauffante Orthop\u00e9dique De Voiture - investmedic-store.com<\/title>\n<meta name=\"robots\" content=\"index, follow, max-snippet:-1, max-image-preview:large, max-video-preview:-1\" \/>\n<link rel=\"canonical\" href=\"https:\/\/investmedic-store.com\/?product=ceinture-chauffante-orthopedique-de-voiture\" \/>\n<meta property=\"og:locale\" content=\"fr_FR\" \/>\n<meta property=\"og:type\" content=\"article\" \/>\n<meta property=\"og:title\" content=\"HC 1013 Ceinture Chauffante Orthop\u00e9dique De Voiture - investmedic-store.com\" \/>\n<meta property=\"og:description\" content=\"R\u00e9gulateur compact (dispose de deux niveaux de chaleur pr\u00e9r\u00e9gl\u00e9s avec un r\u00e9glage de temp\u00e9rature maximum de 75 \u00b0C) avec thermostat double pour la pr\u00e9vention de la surchauffe. \u00c9l\u00e9ments chauffants sp\u00e9cialement alli\u00e9s qui fonctionnent \u00e0 basse tension (c&#039;est-\u00e0-dire 12 V D.C. puissance 16 et 30 W) recouverts d&#039;un tissu de fourrure de corail ultra-doux. Prise allume-cigare avec protection par fusible int\u00e9gr\u00e9e et long c\u00e2ble pour un acc\u00e8s facile partout dans la voiture. Flexible et peut \u00eatre utilis\u00e9 sur n&#039;importe quelle zone du corps affect\u00e9e.\" \/>\n<meta property=\"og:url\" content=\"https:\/\/investmedic-store.com\/?product=ceinture-chauffante-orthopedique-de-voiture\" \/>\n<meta property=\"og:site_name\" content=\"investmedic-store.com\" \/>\n<meta property=\"article:publisher\" content=\"https:\/\/www.facebook.com\/invest.medic\" \/>\n<meta property=\"article:modified_time\" content=\"2023-10-31T17:45:26+00:00\" \/>\n<meta property=\"og:image\" content=\"http:\/\/investmedic-store.com\/wp-content\/uploads\/2023\/08\/photo_2023-08-10_16-21-35.jpg\" \/>\n\t<meta property=\"og:image:width\" content=\"600\" \/>\n\t<meta property=\"og:image:height\" content=\"600\" \/>\n\t<meta property=\"og:image:type\" content=\"image\/jpeg\" \/>\n<meta name=\"twitter:card\" content=\"summary_large_image\" \/>\n<meta name=\"twitter:label1\" content=\"Dur\u00e9e de lecture estim\u00e9e\" \/>\n\t<meta name=\"twitter:data1\" content=\"1 minute\" \/>\n<script type=\"application\/ld+json\" class=\"yoast-schema-graph\">{\"@context\":\"https:\/\/schema.org\",\"@graph\":[{\"@type\":\"WebPage\",\"@id\":\"https:\/\/investmedic-store.com\/?product=ceinture-chauffante-orthopedique-de-voiture\",\"url\":\"https:\/\/investmedic-store.com\/?product=ceinture-chauffante-orthopedique-de-voiture\",\"name\":\"HC 1013 Ceinture Chauffante Orthop\u00e9dique De Voiture - investmedic-store.com\",\"isPartOf\":{\"@id\":\"https:\/\/investmedic-store.com\/#website\"},\"datePublished\":\"2023-08-10T15:23:21+00:00\",\"dateModified\":\"2023-10-31T17:45:26+00:00\",\"breadcrumb\":{\"@id\":\"https:\/\/investmedic-store.com\/?product=ceinture-chauffante-orthopedique-de-voiture#breadcrumb\"},\"inLanguage\":\"fr-FR\",\"potentialAction\":[{\"@type\":\"ReadAction\",\"target\":[\"https:\/\/investmedic-store.com\/?product=ceinture-chauffante-orthopedique-de-voiture\"]}]},{\"@type\":\"BreadcrumbList\",\"@id\":\"https:\/\/investmedic-store.com\/?product=ceinture-chauffante-orthopedique-de-voiture#breadcrumb\",\"itemListElement\":[{\"@type\":\"ListItem\",\"position\":1,\"name\":\"Accueil\",\"item\":\"https:\/\/investmedic-store.com\/\"},{\"@type\":\"ListItem\",\"position\":2,\"name\":\"Shop\",\"item\":\"https:\/\/investmedic-store.com\/?page_id=5\"},{\"@type\":\"ListItem\",\"position\":3,\"name\":\"HC 1013 Ceinture Chauffante Orthop\u00e9dique De Voiture\"}]},{\"@type\":\"WebSite\",\"@id\":\"https:\/\/investmedic-store.com\/#website\",\"url\":\"https:\/\/investmedic-store.com\/\",\"name\":\"invest medic store\",\"description\":\"Importation &amp; Distribution Du Materiels Medico-Chirurgicales - \u0627\u0633\u062a\u064a\u0631\u0627\u062f \u0648\u062a\u0648\u0632\u064a\u0639 \u0627\u0644\u0645\u0648\u0627\u062f \u0627\u0644\u0637\u0628\u064a\u0629 \u0627\u0644\u062c\u0631\u0627\u062d\u064a\u0629\",\"publisher\":{\"@id\":\"https:\/\/investmedic-store.com\/#organization\"},\"alternateName\":\"investmedic store\",\"potentialAction\":[{\"@type\":\"SearchAction\",\"target\":{\"@type\":\"EntryPoint\",\"urlTemplate\":\"https:\/\/investmedic-store.com\/?s={search_term_string}\"},\"query-input\":\"required name=search_term_string\"}],\"inLanguage\":\"fr-FR\"},{\"@type\":\"Organization\",\"@id\":\"https:\/\/investmedic-store.com\/#organization\",\"name\":\"invest.medic store\",\"alternateName\":\"investmedic store\",\"url\":\"https:\/\/investmedic-store.com\/\",\"logo\":{\"@type\":\"ImageObject\",\"inLanguage\":\"fr-FR\",\"@id\":\"https:\/\/investmedic-store.com\/#\/schema\/logo\/image\/\",\"url\":\"https:\/\/investmedic-store.com\/wp-content\/uploads\/2023\/07\/cropped-LOGO_INVEST-transformed-removebg-preview-transformed-1-e1690120839263.png\",\"contentUrl\":\"https:\/\/investmedic-store.com\/wp-content\/uploads\/2023\/07\/cropped-LOGO_INVEST-transformed-removebg-preview-transformed-1-e1690120839263.png\",\"width\":512,\"height\":512,\"caption\":\"invest.medic store\"},\"image\":{\"@id\":\"https:\/\/investmedic-store.com\/#\/schema\/logo\/image\/\"},\"sameAs\":[\"https:\/\/www.facebook.com\/invest.medic\"]}]}<\/script>\n<!-- \/ Yoast SEO plugin. -->","yoast_head_json":{"title":"HC 1013 Ceinture Chauffante Orthop\u00e9dique De Voiture - investmedic-store.com","robots":{"index":"index","follow":"follow","max-snippet":"max-snippet:-1","max-image-preview":"max-image-preview:large","max-video-preview":"max-video-preview:-1"},"canonical":"https:\/\/investmedic-store.com\/?product=ceinture-chauffante-orthopedique-de-voiture","og_locale":"fr_FR","og_type":"article","og_title":"HC 1013 Ceinture Chauffante Orthop\u00e9dique De Voiture - investmedic-store.com","og_description":"R\u00e9gulateur compact (dispose de deux niveaux de chaleur pr\u00e9r\u00e9gl\u00e9s avec un r\u00e9glage de temp\u00e9rature maximum de 75 \u00b0C) avec thermostat double pour la pr\u00e9vention de la surchauffe. \u00c9l\u00e9ments chauffants sp\u00e9cialement alli\u00e9s qui fonctionnent \u00e0 basse tension (c'est-\u00e0-dire 12 V D.C. puissance 16 et 30 W) recouverts d'un tissu de fourrure de corail ultra-doux. Prise allume-cigare avec protection par fusible int\u00e9gr\u00e9e et long c\u00e2ble pour un acc\u00e8s facile partout dans la voiture. Flexible et peut \u00eatre utilis\u00e9 sur n'importe quelle zone du corps affect\u00e9e.","og_url":"https:\/\/investmedic-store.com\/?product=ceinture-chauffante-orthopedique-de-voiture","og_site_name":"investmedic-store.com","article_publisher":"https:\/\/www.facebook.com\/invest.medic","article_modified_time":"2023-10-31T17:45:26+00:00","og_image":[{"width":600,"height":600,"url":"http:\/\/investmedic-store.com\/wp-content\/uploads\/2023\/08\/photo_2023-08-10_16-21-35.jpg","type":"image\/jpeg"}],"twitter_card":"summary_large_image","twitter_misc":{"Dur\u00e9e de lecture estim\u00e9e":"1 minute"},"schema":{"@context":"https:\/\/schema.org","@graph":[{"@type":"WebPage","@id":"https:\/\/investmedic-store.com\/?product=ceinture-chauffante-orthopedique-de-voiture","url":"https:\/\/investmedic-store.com\/?product=ceinture-chauffante-orthopedique-de-voiture","name":"HC 1013 Ceinture Chauffante Orthop\u00e9dique De Voiture - investmedic-store.com","isPartOf":{"@id":"https:\/\/investmedic-store.com\/#website"},"datePublished":"2023-08-10T15:23:21+00:00","dateModified":"2023-10-31T17:45:26+00:00","breadcrumb":{"@id":"https:\/\/investmedic-store.com\/?product=ceinture-chauffante-orthopedique-de-voiture#breadcrumb"},"inLanguage":"fr-FR","potentialAction":[{"@type":"ReadAction","target":["https:\/\/investmedic-store.com\/?product=ceinture-chauffante-orthopedique-de-voiture"]}]},{"@type":"BreadcrumbList","@id":"https:\/\/investmedic-store.com\/?product=ceinture-chauffante-orthopedique-de-voiture#breadcrumb","itemListElement":[{"@type":"ListItem","position":1,"name":"Accueil","item":"https:\/\/investmedic-store.com\/"},{"@type":"ListItem","position":2,"name":"Shop","item":"https:\/\/investmedic-store.com\/?page_id=5"},{"@type":"ListItem","position":3,"name":"HC 1013 Ceinture Chauffante Orthop\u00e9dique De Voiture"}]},{"@type":"WebSite","@id":"https:\/\/investmedic-store.com\/#website","url":"https:\/\/investmedic-store.com\/","name":"invest medic store","description":"Importation &amp; Distribution Du Materiels Medico-Chirurgicales - \u0627\u0633\u062a\u064a\u0631\u0627\u062f \u0648\u062a\u0648\u0632\u064a\u0639 \u0627\u0644\u0645\u0648\u0627\u062f \u0627\u0644\u0637\u0628\u064a\u0629 \u0627\u0644\u062c\u0631\u0627\u062d\u064a\u0629","publisher":{"@id":"https:\/\/investmedic-store.com\/#organization"},"alternateName":"investmedic store","potentialAction":[{"@type":"SearchAction","target":{"@type":"EntryPoint","urlTemplate":"https:\/\/investmedic-store.com\/?s={search_term_string}"},"query-input":"required name=search_term_string"}],"inLanguage":"fr-FR"},{"@type":"Organization","@id":"https:\/\/investmedic-store.com\/#organization","name":"invest.medic store","alternateName":"investmedic store","url":"https:\/\/investmedic-store.com\/","logo":{"@type":"ImageObject","inLanguage":"fr-FR","@id":"https:\/\/investmedic-store.com\/#\/schema\/logo\/image\/","url":"https:\/\/investmedic-store.com\/wp-content\/uploads\/2023\/07\/cropped-LOGO_INVEST-transformed-removebg-preview-transformed-1-e1690120839263.png","contentUrl":"https:\/\/investmedic-store.com\/wp-content\/uploads\/2023\/07\/cropped-LOGO_INVEST-transformed-removebg-preview-transformed-1-e1690120839263.png","width":512,"height":512,"caption":"invest.medic store"},"image":{"@id":"https:\/\/investmedic-store.com\/#\/schema\/logo\/image\/"},"sameAs":["https:\/\/www.facebook.com\/invest.medic"]}]}},"_links":{"self":[{"href":"https:\/\/investmedic-store.com\/index.php?rest_route=\/wp\/v2\/product\/1509"}],"collection":[{"href":"https:\/\/investmedic-store.com\/index.php?rest_route=\/wp\/v2\/product"}],"about":[{"href":"https:\/\/investmedic-store.com\/index.php?rest_route=\/wp\/v2\/types\/product"}],"replies":[{"embeddable":true,"href":"https:\/\/investmedic-store.com\/index.php?rest_route=%2Fwp%2Fv2%2Fcomments&post=1509"}],"wp:featuredmedia":[{"embeddable":true,"href":"https:\/\/investmedic-store.com\/index.php?rest_route=\/wp\/v2\/media\/1510"}],"wp:attachment":[{"href":"https:\/\/investmedic-store.com\/index.php?rest_route=%2Fwp%2Fv2%2Fmedia&parent=1509"}],"wp:term":[{"taxonomy":"product_cat","embeddable":true,"href":"https:\/\/investmedic-store.com\/index.php?rest_route=%2Fwp%2Fv2%2Fproduct_cat&post=1509"},{"taxonomy":"product_tag","embeddable":true,"href":"https:\/\/investmedic-store.com\/index.php?rest_route=%2Fwp%2Fv2%2Fproduct_tag&post=1509"}],"curies":[{"name":"wp","href":"https:\/\/api.w.org\/{rel}","templated":true}]}}