{"id":1460,"date":"2023-08-09T23:03:20","date_gmt":"2023-08-09T22:03:20","guid":{"rendered":"https:\/\/investmedic-store.com\/?post_type=product&#038;p=1460"},"modified":"2025-08-19T09:28:24","modified_gmt":"2025-08-19T08:28:24","slug":"ceinture-sauna-fahrenheit","status":"publish","type":"product","link":"https:\/\/investmedic-store.com\/?product=ceinture-sauna-fahrenheit","title":{"rendered":"HC 1009 Ceinture Sauna Fahrenheit"},"content":{"rendered":"<h2>Ceinture Fahrenheat Sauna<\/h2>\n<p>Perte de poids et de mesure instantan\u00e9e!\u00a0M\u00e9thode simple et \u00e9conomique pour r\u00e9duire le poids excessif.\u00a0Fourni avec un contr\u00f4le automatique de la temp\u00e9rature (trois niveaux de chaleur stables).\u00a0Vous aide \u00e0 \u00e9liminer les kilos en trop, \u00e0 \u00e9liminer les toxines.\u00a0Revitaliser les douleurs musculaires, en vous laissant d\u00e9tendu et rajeuni.\u00a0La ceinture de sauna peut \u00eatre appliqu\u00e9e sur le dos, la taille, les hanches ou le ventre.<\/p>\n<p>Taille unique ajustable avec fermeture velcro.\u00a0Contr\u00f4le automatique de la temp\u00e9rature\u00a0Trois niveaux de chaleur stables.<\/p>\n","protected":false},"excerpt":{"rendered":"<h2>Ceinture Fahrenheat Sauna<\/h2>\n<p>Perte de poids et de mesure instantan\u00e9e!\u00a0M\u00e9thode simple et \u00e9conomique pour r\u00e9duire le poids excessif.\u00a0Fourni avec un contr\u00f4le automatique de la temp\u00e9rature (trois niveaux de chaleur stables).\u00a0Vous aide \u00e0 \u00e9liminer les kilos en trop, \u00e0 \u00e9liminer les toxines.\u00a0Revitaliser les douleurs musculaires, en vous laissant d\u00e9tendu et rajeuni.\u00a0La ceinture de sauna peut \u00eatre appliqu\u00e9e sur le dos, la taille, les hanches ou le ventre.<\/p>\n<p>Taille unique ajustable avec fermeture velcro.\u00a0Contr\u00f4le automatique de la temp\u00e9rature\u00a0Trois niveaux de chaleur stables.<\/p>\n","protected":false},"featured_media":1461,"comment_status":"open","ping_status":"closed","template":"","meta":{"om_disable_all_campaigns":false,"_joinchat":[]},"product_cat":[60,84],"product_tag":[],"yoast_head":"<!-- This site is optimized with the Yoast SEO plugin v20.12 - https:\/\/yoast.com\/wordpress\/plugins\/seo\/ -->\n<title>HC 1009 Ceinture Sauna Fahrenheit - investmedic-store.com<\/title>\n<meta name=\"robots\" content=\"index, follow, max-snippet:-1, max-image-preview:large, max-video-preview:-1\" \/>\n<link rel=\"canonical\" href=\"https:\/\/investmedic-store.com\/?product=ceinture-sauna-fahrenheit\" \/>\n<meta property=\"og:locale\" content=\"fr_FR\" \/>\n<meta property=\"og:type\" content=\"article\" \/>\n<meta property=\"og:title\" content=\"HC 1009 Ceinture Sauna Fahrenheit - investmedic-store.com\" \/>\n<meta property=\"og:description\" content=\"Ceinture Fahrenheat Sauna Perte de poids et de mesure instantan\u00e9e!\u00a0M\u00e9thode simple et \u00e9conomique pour r\u00e9duire le poids excessif.\u00a0Fourni avec un contr\u00f4le automatique de la temp\u00e9rature (trois niveaux de chaleur stables).\u00a0Vous aide \u00e0 \u00e9liminer les kilos en trop, \u00e0 \u00e9liminer les toxines.\u00a0Revitaliser les douleurs musculaires, en vous laissant d\u00e9tendu et rajeuni.\u00a0La ceinture de sauna peut \u00eatre appliqu\u00e9e sur le dos, la taille, les hanches ou le ventre.  Taille unique ajustable avec fermeture velcro.\u00a0Contr\u00f4le automatique de la temp\u00e9rature\u00a0Trois niveaux de chaleur stables.\" \/>\n<meta property=\"og:url\" content=\"https:\/\/investmedic-store.com\/?product=ceinture-sauna-fahrenheit\" \/>\n<meta property=\"og:site_name\" content=\"investmedic-store.com\" \/>\n<meta property=\"article:publisher\" content=\"https:\/\/www.facebook.com\/invest.medic\" \/>\n<meta property=\"article:modified_time\" content=\"2025-08-19T08:28:24+00:00\" \/>\n<meta property=\"og:image\" content=\"http:\/\/investmedic-store.com\/wp-content\/uploads\/2023\/08\/Fahrenheat-Sauna-Belt.png\" \/>\n\t<meta property=\"og:image:width\" content=\"919\" \/>\n\t<meta property=\"og:image:height\" content=\"890\" \/>\n\t<meta property=\"og:image:type\" content=\"image\/png\" \/>\n<meta name=\"twitter:card\" content=\"summary_large_image\" \/>\n<meta name=\"twitter:label1\" content=\"Dur\u00e9e de lecture estim\u00e9e\" \/>\n\t<meta name=\"twitter:data1\" content=\"1 minute\" \/>\n<script type=\"application\/ld+json\" class=\"yoast-schema-graph\">{\"@context\":\"https:\/\/schema.org\",\"@graph\":[{\"@type\":\"WebPage\",\"@id\":\"https:\/\/investmedic-store.com\/?product=ceinture-sauna-fahrenheit\",\"url\":\"https:\/\/investmedic-store.com\/?product=ceinture-sauna-fahrenheit\",\"name\":\"HC 1009 Ceinture Sauna Fahrenheit - investmedic-store.com\",\"isPartOf\":{\"@id\":\"https:\/\/investmedic-store.com\/#website\"},\"datePublished\":\"2023-08-09T22:03:20+00:00\",\"dateModified\":\"2025-08-19T08:28:24+00:00\",\"breadcrumb\":{\"@id\":\"https:\/\/investmedic-store.com\/?product=ceinture-sauna-fahrenheit#breadcrumb\"},\"inLanguage\":\"fr-FR\",\"potentialAction\":[{\"@type\":\"ReadAction\",\"target\":[\"https:\/\/investmedic-store.com\/?product=ceinture-sauna-fahrenheit\"]}]},{\"@type\":\"BreadcrumbList\",\"@id\":\"https:\/\/investmedic-store.com\/?product=ceinture-sauna-fahrenheit#breadcrumb\",\"itemListElement\":[{\"@type\":\"ListItem\",\"position\":1,\"name\":\"Accueil\",\"item\":\"https:\/\/investmedic-store.com\/\"},{\"@type\":\"ListItem\",\"position\":2,\"name\":\"Shop\",\"item\":\"https:\/\/investmedic-store.com\/?page_id=5\"},{\"@type\":\"ListItem\",\"position\":3,\"name\":\"HC 1009 Ceinture Sauna Fahrenheit\"}]},{\"@type\":\"WebSite\",\"@id\":\"https:\/\/investmedic-store.com\/#website\",\"url\":\"https:\/\/investmedic-store.com\/\",\"name\":\"invest medic store\",\"description\":\"Importation &amp; Distribution Du Materiels Medico-Chirurgicales - \u0627\u0633\u062a\u064a\u0631\u0627\u062f \u0648\u062a\u0648\u0632\u064a\u0639 \u0627\u0644\u0645\u0648\u0627\u062f \u0627\u0644\u0637\u0628\u064a\u0629 \u0627\u0644\u062c\u0631\u0627\u062d\u064a\u0629\",\"publisher\":{\"@id\":\"https:\/\/investmedic-store.com\/#organization\"},\"alternateName\":\"investmedic store\",\"potentialAction\":[{\"@type\":\"SearchAction\",\"target\":{\"@type\":\"EntryPoint\",\"urlTemplate\":\"https:\/\/investmedic-store.com\/?s={search_term_string}\"},\"query-input\":\"required name=search_term_string\"}],\"inLanguage\":\"fr-FR\"},{\"@type\":\"Organization\",\"@id\":\"https:\/\/investmedic-store.com\/#organization\",\"name\":\"invest.medic store\",\"alternateName\":\"investmedic store\",\"url\":\"https:\/\/investmedic-store.com\/\",\"logo\":{\"@type\":\"ImageObject\",\"inLanguage\":\"fr-FR\",\"@id\":\"https:\/\/investmedic-store.com\/#\/schema\/logo\/image\/\",\"url\":\"https:\/\/investmedic-store.com\/wp-content\/uploads\/2023\/07\/cropped-LOGO_INVEST-transformed-removebg-preview-transformed-1-e1690120839263.png\",\"contentUrl\":\"https:\/\/investmedic-store.com\/wp-content\/uploads\/2023\/07\/cropped-LOGO_INVEST-transformed-removebg-preview-transformed-1-e1690120839263.png\",\"width\":512,\"height\":512,\"caption\":\"invest.medic store\"},\"image\":{\"@id\":\"https:\/\/investmedic-store.com\/#\/schema\/logo\/image\/\"},\"sameAs\":[\"https:\/\/www.facebook.com\/invest.medic\"]}]}<\/script>\n<!-- \/ Yoast SEO plugin. -->","yoast_head_json":{"title":"HC 1009 Ceinture Sauna Fahrenheit - investmedic-store.com","robots":{"index":"index","follow":"follow","max-snippet":"max-snippet:-1","max-image-preview":"max-image-preview:large","max-video-preview":"max-video-preview:-1"},"canonical":"https:\/\/investmedic-store.com\/?product=ceinture-sauna-fahrenheit","og_locale":"fr_FR","og_type":"article","og_title":"HC 1009 Ceinture Sauna Fahrenheit - investmedic-store.com","og_description":"Ceinture Fahrenheat Sauna Perte de poids et de mesure instantan\u00e9e!\u00a0M\u00e9thode simple et \u00e9conomique pour r\u00e9duire le poids excessif.\u00a0Fourni avec un contr\u00f4le automatique de la temp\u00e9rature (trois niveaux de chaleur stables).\u00a0Vous aide \u00e0 \u00e9liminer les kilos en trop, \u00e0 \u00e9liminer les toxines.\u00a0Revitaliser les douleurs musculaires, en vous laissant d\u00e9tendu et rajeuni.\u00a0La ceinture de sauna peut \u00eatre appliqu\u00e9e sur le dos, la taille, les hanches ou le ventre.  Taille unique ajustable avec fermeture velcro.\u00a0Contr\u00f4le automatique de la temp\u00e9rature\u00a0Trois niveaux de chaleur stables.","og_url":"https:\/\/investmedic-store.com\/?product=ceinture-sauna-fahrenheit","og_site_name":"investmedic-store.com","article_publisher":"https:\/\/www.facebook.com\/invest.medic","article_modified_time":"2025-08-19T08:28:24+00:00","og_image":[{"width":919,"height":890,"url":"http:\/\/investmedic-store.com\/wp-content\/uploads\/2023\/08\/Fahrenheat-Sauna-Belt.png","type":"image\/png"}],"twitter_card":"summary_large_image","twitter_misc":{"Dur\u00e9e de lecture estim\u00e9e":"1 minute"},"schema":{"@context":"https:\/\/schema.org","@graph":[{"@type":"WebPage","@id":"https:\/\/investmedic-store.com\/?product=ceinture-sauna-fahrenheit","url":"https:\/\/investmedic-store.com\/?product=ceinture-sauna-fahrenheit","name":"HC 1009 Ceinture Sauna Fahrenheit - investmedic-store.com","isPartOf":{"@id":"https:\/\/investmedic-store.com\/#website"},"datePublished":"2023-08-09T22:03:20+00:00","dateModified":"2025-08-19T08:28:24+00:00","breadcrumb":{"@id":"https:\/\/investmedic-store.com\/?product=ceinture-sauna-fahrenheit#breadcrumb"},"inLanguage":"fr-FR","potentialAction":[{"@type":"ReadAction","target":["https:\/\/investmedic-store.com\/?product=ceinture-sauna-fahrenheit"]}]},{"@type":"BreadcrumbList","@id":"https:\/\/investmedic-store.com\/?product=ceinture-sauna-fahrenheit#breadcrumb","itemListElement":[{"@type":"ListItem","position":1,"name":"Accueil","item":"https:\/\/investmedic-store.com\/"},{"@type":"ListItem","position":2,"name":"Shop","item":"https:\/\/investmedic-store.com\/?page_id=5"},{"@type":"ListItem","position":3,"name":"HC 1009 Ceinture Sauna Fahrenheit"}]},{"@type":"WebSite","@id":"https:\/\/investmedic-store.com\/#website","url":"https:\/\/investmedic-store.com\/","name":"invest medic store","description":"Importation &amp; Distribution Du Materiels Medico-Chirurgicales - \u0627\u0633\u062a\u064a\u0631\u0627\u062f \u0648\u062a\u0648\u0632\u064a\u0639 \u0627\u0644\u0645\u0648\u0627\u062f \u0627\u0644\u0637\u0628\u064a\u0629 \u0627\u0644\u062c\u0631\u0627\u062d\u064a\u0629","publisher":{"@id":"https:\/\/investmedic-store.com\/#organization"},"alternateName":"investmedic store","potentialAction":[{"@type":"SearchAction","target":{"@type":"EntryPoint","urlTemplate":"https:\/\/investmedic-store.com\/?s={search_term_string}"},"query-input":"required name=search_term_string"}],"inLanguage":"fr-FR"},{"@type":"Organization","@id":"https:\/\/investmedic-store.com\/#organization","name":"invest.medic store","alternateName":"investmedic store","url":"https:\/\/investmedic-store.com\/","logo":{"@type":"ImageObject","inLanguage":"fr-FR","@id":"https:\/\/investmedic-store.com\/#\/schema\/logo\/image\/","url":"https:\/\/investmedic-store.com\/wp-content\/uploads\/2023\/07\/cropped-LOGO_INVEST-transformed-removebg-preview-transformed-1-e1690120839263.png","contentUrl":"https:\/\/investmedic-store.com\/wp-content\/uploads\/2023\/07\/cropped-LOGO_INVEST-transformed-removebg-preview-transformed-1-e1690120839263.png","width":512,"height":512,"caption":"invest.medic store"},"image":{"@id":"https:\/\/investmedic-store.com\/#\/schema\/logo\/image\/"},"sameAs":["https:\/\/www.facebook.com\/invest.medic"]}]}},"_links":{"self":[{"href":"https:\/\/investmedic-store.com\/index.php?rest_route=\/wp\/v2\/product\/1460"}],"collection":[{"href":"https:\/\/investmedic-store.com\/index.php?rest_route=\/wp\/v2\/product"}],"about":[{"href":"https:\/\/investmedic-store.com\/index.php?rest_route=\/wp\/v2\/types\/product"}],"replies":[{"embeddable":true,"href":"https:\/\/investmedic-store.com\/index.php?rest_route=%2Fwp%2Fv2%2Fcomments&post=1460"}],"wp:featuredmedia":[{"embeddable":true,"href":"https:\/\/investmedic-store.com\/index.php?rest_route=\/wp\/v2\/media\/1461"}],"wp:attachment":[{"href":"https:\/\/investmedic-store.com\/index.php?rest_route=%2Fwp%2Fv2%2Fmedia&parent=1460"}],"wp:term":[{"taxonomy":"product_cat","embeddable":true,"href":"https:\/\/investmedic-store.com\/index.php?rest_route=%2Fwp%2Fv2%2Fproduct_cat&post=1460"},{"taxonomy":"product_tag","embeddable":true,"href":"https:\/\/investmedic-store.com\/index.php?rest_route=%2Fwp%2Fv2%2Fproduct_tag&post=1460"}],"curies":[{"name":"wp","href":"https:\/\/api.w.org\/{rel}","templated":true}]}}